57.141.2.17 - - [10/Mar/2026:18:55:58 +0600] "GET /?i=nacnic-pack-de-laminas-vintage-de-patentes-de-astronautas-11714155 HTTP/1.1" 200 145154 "-" "meta-externalagent/1.1 (+https://developers.facebook.com/docs/sharing/webmasters/crawler)"
216.73.216.81 - - [10/Mar/2026:18:55:57 +0600] "GET /228360380.htm HTTP/1.1" 404 35756 "-" "Mozilla/5.0 AppleWebKit/537.36 (KHTML, like Gecko; compatible; ClaudeBot/1.0; +claudebot@anthropic.com)"
57.141.2.37 - - [10/Mar/2026:18:55:59 +0600] "GET /?i=sklum-imala-couchtisch-aus-zement-in-travertinoptik-16371855 HTTP/1.1" 200 142120 "-" "meta-externalagent/1.1 (+https://developers.facebook.com/docs/sharing/webmasters/crawler)"
216.73.216.81 - - [10/Mar/2026:18:55:58 +0600] "GET /380313080.htm HTTP/1.1" 404 35756 "-" "Mozilla/5.0 AppleWebKit/537.36 (KHTML, like Gecko; compatible; ClaudeBot/1.0; +claudebot@anthropic.com)"
57.141.2.58 - - [10/Mar/2026:18:55:59 +0600] "GET /?i=givenchy-tie-in-silk-with-chandelier-bead-embroidery-34361155 HTTP/1.1" 200 140860 "-" "meta-externalagent/1.1 (+https://developers.facebook.com/docs/sharing/webmasters/crawler)"
57.141.2.19 - - [10/Mar/2026:18:56:00 +0600] "GET /?i=sklum-po-ka-z-szczotkowanej-stali-taifa-16397655 HTTP/1.1" 200 141609 "-" "meta-externalagent/1.1 (+https://developers.facebook.com/docs/sharing/webmasters/crawler)"
216.73.216.81 - - [10/Mar/2026:18:55:59 +0600] "GET /162757808.htm HTTP/1.1" 404 35756 "-" "Mozilla/5.0 AppleWebKit/537.36 (KHTML, like Gecko; compatible; ClaudeBot/1.0; +claudebot@anthropic.com)"
57.141.2.52 - - [10/Mar/2026:18:56:00 +0600] "GET /?i=bricomart-union-aluminio-encimera-acabado-negro-29942055 HTTP/1.1" 200 144453 "-" "meta-externalagent/1.1 (+https://developers.facebook.com/docs/sharing/webmasters/crawler)"
57.141.2.65 - - [10/Mar/2026:18:56:01 +0600] "GET /?i=goods-146332054 HTTP/1.1" 200 141915 "-" "meta-externalagent/1.1 (+https://developers.facebook.com/docs/sharing/webmasters/crawler)"
216.73.216.81 - - [10/Mar/2026:18:56:00 +0600] "GET /147411692.htm HTTP/1.1" 404 35756 "-" "Mozilla/5.0 AppleWebKit/537.36 (KHTML, like Gecko; compatible; ClaudeBot/1.0; +claudebot@anthropic.com)"
216.73.216.81 - - [10/Mar/2026:18:56:00 +0600] "GET /316153868.htm HTTP/1.1" 404 35756 "-" "Mozilla/5.0 AppleWebKit/537.36 (KHTML, like Gecko; compatible; ClaudeBot/1.0; +claudebot@anthropic.com)"
216.73.216.81 - - [10/Mar/2026:18:56:00 +0600] "GET /507679556.htm HTTP/1.1" 404 35756 "-" "Mozilla/5.0 AppleWebKit/537.36 (KHTML, like Gecko; compatible; ClaudeBot/1.0; +claudebot@anthropic.com)"
57.141.2.8 - - [10/Mar/2026:18:56:01 +0600] "GET /?i=goods-10653454 HTTP/1.1" 200 144419 "-" "meta-externalagent/1.1 (+https://developers.facebook.com/docs/sharing/webmasters/crawler)"
216.73.216.81 - - [10/Mar/2026:18:56:01 +0600] "GET /253864328.htm HTTP/1.1" 404 35756 "-" "Mozilla/5.0 AppleWebKit/537.36 (KHTML, like Gecko; compatible; ClaudeBot/1.0; +claudebot@anthropic.com)"
57.141.2.71 - - [10/Mar/2026:18:56:02 +0600] "GET /?i=goods-7437354 HTTP/1.1" 200 141216 "-" "meta-externalagent/1.1 (+https://developers.facebook.com/docs/sharing/webmasters/crawler)"
216.73.216.81 - - [10/Mar/2026:18:56:01 +0600] "GET /348515078.htm HTTP/1.1" 404 35756 "-" "Mozilla/5.0 AppleWebKit/537.36 (KHTML, like Gecko; compatible; ClaudeBot/1.0; +claudebot@anthropic.com)"
57.141.2.49 - - [10/Mar/2026:18:56:02 +0600] "GET /?i=goods-149701654 HTTP/1.1" 200 143197 "-" "meta-externalagent/1.1 (+https://developers.facebook.com/docs/sharing/webmasters/crawler)"
57.141.2.49 - - [10/Mar/2026:18:56:03 +0600] "GET /?i=alcampo-carabineros-calibre-6-7-24320855 HTTP/1.1" 200 141787 "-" "meta-externalagent/1.1 (+https://developers.facebook.com/docs/sharing/webmasters/crawler)"
216.73.216.81 - - [10/Mar/2026:18:56:02 +0600] "GET /177891512.htm HTTP/1.1" 404 35756 "-" "Mozilla/5.0 AppleWebKit/537.36 (KHTML, like Gecko; compatible; ClaudeBot/1.0; +claudebot@anthropic.com)"
57.141.2.65 - - [10/Mar/2026:18:56:03 +0600] "GET /?i=goods-41669858 HTTP/1.1" 200 141001 "-" "meta-externalagent/1.1 (+https://developers.facebook.com/docs/sharing/webmasters/crawler)"
216.73.216.81 - - [10/Mar/2026:18:56:03 +0600] "GET /412726184.htm HTTP/1.1" 404 35756 "-" "Mozilla/5.0 AppleWebKit/537.36 (KHTML, like Gecko; compatible; ClaudeBot/1.0; +claudebot@anthropic.com)"
57.141.2.14 - - [10/Mar/2026:18:56:04 +0600] "GET /?i=goods-7163554 HTTP/1.1" 200 141245 "-" "meta-externalagent/1.1 (+https://developers.facebook.com/docs/sharing/webmasters/crawler)"
216.73.216.81 - - [10/Mar/2026:18:56:03 +0600] "GET /120735572.htm HTTP/1.1" 404 35756 "-" "Mozilla/5.0 AppleWebKit/537.36 (KHTML, like Gecko; compatible; ClaudeBot/1.0; +claudebot@anthropic.com)"
57.141.2.67 - - [10/Mar/2026:18:56:04 +0600] "GET /?i=goods-91232254 HTTP/1.1" 200 149269 "-" "meta-externalagent/1.1 (+https://developers.facebook.com/docs/sharing/webmasters/crawler)"
216.73.216.81 - - [10/Mar/2026:18:56:03 +0600] "GET /126400016.htm HTTP/1.1" 404 35756 "-" "Mozilla/5.0 AppleWebKit/537.36 (KHTML, like Gecko; compatible; ClaudeBot/1.0; +claudebot@anthropic.com)"
216.73.216.81 - - [10/Mar/2026:18:56:04 +0600] "GET /246053630.htm HTTP/1.1" 404 35756 "-" "Mozilla/5.0 AppleWebKit/537.36 (KHTML, like Gecko; compatible; ClaudeBot/1.0; +claudebot@anthropic.com)"
216.73.216.81 - - [10/Mar/2026:18:56:04 +0600] "GET /519184214.htm HTTP/1.1" 404 35756 "-" "Mozilla/5.0 AppleWebKit/537.36 (KHTML, like Gecko; compatible; ClaudeBot/1.0; +claudebot@anthropic.com)"
57.141.2.32 - - [10/Mar/2026:18:56:05 +0600] "GET /?i=goods-486354 HTTP/1.1" 200 145912 "-" "meta-externalagent/1.1 (+https://developers.facebook.com/docs/sharing/webmasters/crawler)"
216.73.216.81 - - [10/Mar/2026:18:56:05 +0600] "GET /328170026.htm HTTP/1.1" 404 35756 "-" "Mozilla/5.0 AppleWebKit/537.36 (KHTML, like Gecko; compatible; ClaudeBot/1.0; +claudebot@anthropic.com)"
57.141.2.54 - - [10/Mar/2026:18:56:05 +0600] "GET /?i=goods-47420254 HTTP/1.1" 200 141209 "-" "meta-externalagent/1.1 (+https://developers.facebook.com/docs/sharing/webmasters/crawler)"
57.141.2.52 - - [10/Mar/2026:18:56:06 +0600] "GET /?i=goods-66016554 HTTP/1.1" 200 141099 "-" "meta-externalagent/1.1 (+https://developers.facebook.com/docs/sharing/webmasters/crawler)"
216.73.216.81 - - [10/Mar/2026:18:56:05 +0600] "GET /83912222.htm HTTP/1.1" 404 35756 "-" "Mozilla/5.0 AppleWebKit/537.36 (KHTML, like Gecko; compatible; ClaudeBot/1.0; +claudebot@anthropic.com)"
57.141.2.21 - - [10/Mar/2026:18:56:06 +0600] "GET /?i=goods-24458354 HTTP/1.1" 200 143035 "-" "meta-externalagent/1.1 (+https://developers.facebook.com/docs/sharing/webmasters/crawler)"
57.141.2.67 - - [10/Mar/2026:18:56:07 +0600] "GET /?i=goods-82410054 HTTP/1.1" 200 140880 "-" "meta-externalagent/1.1 (+https://developers.facebook.com/docs/sharing/webmasters/crawler)"
216.73.216.81 - - [10/Mar/2026:18:56:06 +0600] "GET /555117554.htm HTTP/1.1" 404 35756 "-" "Mozilla/5.0 AppleWebKit/537.36 (KHTML, like Gecko; compatible; ClaudeBot/1.0; +claudebot@anthropic.com)"
57.141.2.57 - - [10/Mar/2026:18:56:07 +0600] "GET /?i=goods-122603354 HTTP/1.1" 200 142554 "-" "meta-externalagent/1.1 (+https://developers.facebook.com/docs/sharing/webmasters/crawler)"
216.73.216.81 - - [10/Mar/2026:18:56:07 +0600] "GET /297361916.htm HTTP/1.1" 404 35756 "-" "Mozilla/5.0 AppleWebKit/537.36 (KHTML, like Gecko; compatible; ClaudeBot/1.0; +claudebot@anthropic.com)"
216.73.216.81 - - [10/Mar/2026:18:56:07 +0600] "GET /62601086.htm HTTP/1.1" 404 35756 "-" "Mozilla/5.0 AppleWebKit/537.36 (KHTML, like Gecko; compatible; ClaudeBot/1.0; +claudebot@anthropic.com)"
216.73.216.81 - - [10/Mar/2026:18:56:07 +0600] "GET /28125800.htm HTTP/1.1" 404 35756 "-" "Mozilla/5.0 AppleWebKit/537.36 (KHTML, like Gecko; compatible; ClaudeBot/1.0; +claudebot@anthropic.com)"
57.141.2.32 - - [10/Mar/2026:18:56:08 +0600] "GET /?i=goods-35576054 HTTP/1.1" 200 141865 "-" "meta-externalagent/1.1 (+https://developers.facebook.com/docs/sharing/webmasters/crawler)"
216.73.216.81 - - [10/Mar/2026:18:56:07 +0600] "GET /175892942.htm HTTP/1.1" 404 35756 "-" "Mozilla/5.0 AppleWebKit/537.36 (KHTML, like Gecko; compatible; ClaudeBot/1.0; +claudebot@anthropic.com)"
57.141.2.47 - - [10/Mar/2026:18:56:08 +0600] "GET /?i=goods-105355454 HTTP/1.1" 200 142353 "-" "meta-externalagent/1.1 (+https://developers.facebook.com/docs/sharing/webmasters/crawler)"
216.73.216.81 - - [10/Mar/2026:18:56:08 +0600] "GET /173054954.htm HTTP/1.1" 404 35756 "-" "Mozilla/5.0 AppleWebKit/537.36 (KHTML, like Gecko; compatible; ClaudeBot/1.0; +claudebot@anthropic.com)"
57.141.2.42 - - [10/Mar/2026:18:56:09 +0600] "GET /?i=goods-83442554 HTTP/1.1" 200 141418 "-" "meta-externalagent/1.1 (+https://developers.facebook.com/docs/sharing/webmasters/crawler)"
57.141.2.23 - - [10/Mar/2026:18:56:09 +0600] "GET /?i=goods-6667654 HTTP/1.1" 200 141014 "-" "meta-externalagent/1.1 (+https://developers.facebook.com/docs/sharing/webmasters/crawler)"
216.73.216.81 - - [10/Mar/2026:18:56:09 +0600] "GET /298121726.htm HTTP/1.1" 404 35756 "-" "Mozilla/5.0 AppleWebKit/537.36 (KHTML, like Gecko; compatible; ClaudeBot/1.0; +claudebot@anthropic.com)"
57.141.2.40 - - [10/Mar/2026:18:56:10 +0600] "GET /?i=goods-168481758 HTTP/1.1" 200 140154 "-" "meta-externalagent/1.1 (+https://developers.facebook.com/docs/sharing/webmasters/crawler)"
216.73.216.81 - - [10/Mar/2026:18:56:09 +0600] "GET /251400014.htm HTTP/1.1" 404 35756 "-" "Mozilla/5.0 AppleWebKit/537.36 (KHTML, like Gecko; compatible; ClaudeBot/1.0; +claudebot@anthropic.com)"
57.141.2.49 - - [10/Mar/2026:18:56:10 +0600] "GET /?i=goods-31277158 HTTP/1.1" 200 141550 "-" "meta-externalagent/1.1 (+https://developers.facebook.com/docs/sharing/webmasters/crawler)"
216.73.216.81 - - [10/Mar/2026:18:56:09 +0600] "GET /261732314.htm HTTP/1.1" 404 35756 "-" "Mozilla/5.0 AppleWebKit/537.36 (KHTML, like Gecko; compatible; ClaudeBot/1.0; +claudebot@anthropic.com)"
216.73.216.81 - - [10/Mar/2026:18:56:10 +0600] "GET /153639902.htm HTTP/1.1" 404 35756 "-" "Mozilla/5.0 AppleWebKit/537.36 (KHTML, like Gecko; compatible; ClaudeBot/1.0; +claudebot@anthropic.com)"
57.141.2.67 - - [10/Mar/2026:18:56:11 +0600] "GET /?i=luis-canas-vino-tinto-tempranillo-750-ml-27461555 HTTP/1.1" 200 144735 "-" "meta-externalagent/1.1 (+https://developers.facebook.com/docs/sharing/webmasters/crawler)"
216.73.216.81 - - [10/Mar/2026:18:56:10 +0600] "GET /502363490.htm HTTP/1.1" 404 35756 "-" "Mozilla/5.0 AppleWebKit/537.36 (KHTML, like Gecko; compatible; ClaudeBot/1.0; +claudebot@anthropic.com)"
57.141.2.35 - - [10/Mar/2026:18:56:12 +0600] "GET /?i=lekue-recipiente-hermetico-100-de-vidrio-320-ml-cuadrado-10559655 HTTP/1.1" 200 141773 "-" "meta-externalagent/1.1 (+https://developers.facebook.com/docs/sharing/webmasters/crawler)"
57.141.2.23 - - [10/Mar/2026:18:56:12 +0600] "GET /?i=goods-84452554 HTTP/1.1" 200 139931 "-" "meta-externalagent/1.1 (+https://developers.facebook.com/docs/sharing/webmasters/crawler)"
216.73.216.81 - - [10/Mar/2026:18:56:11 +0600] "GET /255434912.htm HTTP/1.1" 404 35756 "-" "Mozilla/5.0 AppleWebKit/537.36 (KHTML, like Gecko; compatible; ClaudeBot/1.0; +claudebot@anthropic.com)"
216.73.216.81 - - [10/Mar/2026:18:56:11 +0600] "GET /83925986.htm HTTP/1.1" 404 35756 "-" "Mozilla/5.0 AppleWebKit/537.36 (KHTML, like Gecko; compatible; ClaudeBot/1.0; +claudebot@anthropic.com)"
57.141.2.66 - - [10/Mar/2026:18:56:12 +0600] "GET /?i=goods-8874054 HTTP/1.1" 200 139756 "-" "meta-externalagent/1.1 (+https://developers.facebook.com/docs/sharing/webmasters/crawler)"
216.73.216.81 - - [10/Mar/2026:18:56:12 +0600] "GET /122460350.htm HTTP/1.1" 404 35756 "-" "Mozilla/5.0 AppleWebKit/537.36 (KHTML, like Gecko; compatible; ClaudeBot/1.0; +claudebot@anthropic.com)"
216.73.216.81 - - [10/Mar/2026:18:56:12 +0600] "GET /171797222.htm HTTP/1.1" 404 35756 "-" "Mozilla/5.0 AppleWebKit/537.36 (KHTML, like Gecko; compatible; ClaudeBot/1.0; +claudebot@anthropic.com)"
57.141.2.67 - - [10/Mar/2026:18:56:13 +0600] "GET /?i=pepe-jeans-camiseta-logo-estampado-35982255 HTTP/1.1" 200 141436 "-" "meta-externalagent/1.1 (+https://developers.facebook.com/docs/sharing/webmasters/crawler)"
57.141.2.11 - - [10/Mar/2026:18:56:14 +0600] "GET /?i=goods-105757354 HTTP/1.1" 200 141792 "-" "meta-externalagent/1.1 (+https://developers.facebook.com/docs/sharing/webmasters/crawler)"
57.141.2.53 - - [10/Mar/2026:18:56:14 +0600] "GET /?i=goods-150806654 HTTP/1.1" 200 141417 "-" "meta-externalagent/1.1 (+https://developers.facebook.com/docs/sharing/webmasters/crawler)"
216.73.216.81 - - [10/Mar/2026:18:56:13 +0600] "GET /564624572.htm HTTP/1.1" 404 35756 "-" "Mozilla/5.0 AppleWebKit/537.36 (KHTML, like Gecko; compatible; ClaudeBot/1.0; +claudebot@anthropic.com)"
216.73.216.81 - - [10/Mar/2026:18:56:13 +0600] "GET /552682814.htm HTTP/1.1" 404 35756 "-" "Mozilla/5.0 AppleWebKit/537.36 (KHTML, like Gecko; compatible; ClaudeBot/1.0; +claudebot@anthropic.com)"
74.7.242.57 - - [10/Mar/2026:18:56:13 +0600] "GET /405952808.htm HTTP/1.1" 404 35756 "https://inprosysltd.com/sitemap-2.xml" "Mozilla/5.0 AppleWebKit/537.36 (KHTML, like Gecko; compatible; GPTBot/1.3; +https://openai.com/gptbot)"
57.141.2.20 - - [10/Mar/2026:18:56:15 +0600] "GET /?i=cuple-sandalia-tarifa-ultrasuede-negro-4430655 HTTP/1.1" 200 139948 "-" "meta-externalagent/1.1 (+https://developers.facebook.com/docs/sharing/webmasters/crawler)"
57.141.2.31 - - [10/Mar/2026:18:56:15 +0600] "GET /?i=goods-48401154 HTTP/1.1" 200 140710 "-" "meta-externalagent/1.1 (+https://developers.facebook.com/docs/sharing/webmasters/crawler)"
57.141.2.48 - - [10/Mar/2026:18:56:16 +0600] "GET /?i=goods-127894854 HTTP/1.1" 200 143578 "-" "meta-externalagent/1.1 (+https://developers.facebook.com/docs/sharing/webmasters/crawler)"
216.73.216.81 - - [10/Mar/2026:18:56:14 +0600] "GET /103950932.htm HTTP/1.1" 404 35756 "-" "Mozilla/5.0 AppleWebKit/537.36 (KHTML, like Gecko; compatible; ClaudeBot/1.0; +claudebot@anthropic.com)"
216.73.216.81 - - [10/Mar/2026:18:56:14 +0600] "GET /432165974.htm HTTP/1.1" 404 35756 "-" "Mozilla/5.0 AppleWebKit/537.36 (KHTML, like Gecko; compatible; ClaudeBot/1.0; +claudebot@anthropic.com)"
57.141.2.65 - - [10/Mar/2026:18:56:16 +0600] "GET /?i=goods-45315954 HTTP/1.1" 200 140243 "-" "meta-externalagent/1.1 (+https://developers.facebook.com/docs/sharing/webmasters/crawler)"
216.73.216.81 - - [10/Mar/2026:18:56:15 +0600] "GET /128823224.htm HTTP/1.1" 404 35756 "-" "Mozilla/5.0 AppleWebKit/537.36 (KHTML, like Gecko; compatible; ClaudeBot/1.0; +claudebot@anthropic.com)"
216.73.216.81 - - [10/Mar/2026:18:56:15 +0600] "GET /473161118.htm HTTP/1.1" 404 35756 "-" "Mozilla/5.0 AppleWebKit/537.36 (KHTML, like Gecko; compatible; ClaudeBot/1.0; +claudebot@anthropic.com)"
57.141.2.5 - - [10/Mar/2026:18:56:17 +0600] "GET /?i=goods-122265554 HTTP/1.1" 200 143285 "-" "meta-externalagent/1.1 (+https://developers.facebook.com/docs/sharing/webmasters/crawler)"
57.141.2.20 - - [10/Mar/2026:18:56:17 +0600] "GET /?i=bricomart-grifo-de-cocina-extraible-grohe-starloop-29950855 HTTP/1.1" 200 144206 "-" "meta-externalagent/1.1 (+https://developers.facebook.com/docs/sharing/webmasters/crawler)"
57.141.2.54 - - [10/Mar/2026:18:56:17 +0600] "GET /?i=goods-35618054 HTTP/1.1" 200 141999 "-" "meta-externalagent/1.1 (+https://developers.facebook.com/docs/sharing/webmasters/crawler)"
216.73.216.81 - - [10/Mar/2026:18:56:16 +0600] "GET /121614608.htm HTTP/1.1" 404 35756 "-" "Mozilla/5.0 AppleWebKit/537.36 (KHTML, like Gecko; compatible; ClaudeBot/1.0; +claudebot@anthropic.com)"
216.73.216.81 - - [10/Mar/2026:18:56:17 +0600] "GET /129437768.htm HTTP/1.1" 404 35756 "-" "Mozilla/5.0 AppleWebKit/537.36 (KHTML, like Gecko; compatible; ClaudeBot/1.0; +claudebot@anthropic.com)"
57.141.2.44 - - [10/Mar/2026:18:56:18 +0600] "GET /?i=goods-19046354 HTTP/1.1" 200 143792 "-" "meta-externalagent/1.1 (+https://developers.facebook.com/docs/sharing/webmasters/crawler)"
57.141.2.59 - - [10/Mar/2026:18:56:18 +0600] "GET /?i=conforama-sandal-funda-nordica-estampada-cama-90-algodon-extrasuave-29168055 HTTP/1.1" 200 145054 "-" "meta-externalagent/1.1 (+https://developers.facebook.com/docs/sharing/webmasters/crawler)"
216.73.216.81 - - [10/Mar/2026:18:56:18 +0600] "GET /253005194.htm HTTP/1.1" 404 35756 "-" "Mozilla/5.0 AppleWebKit/537.36 (KHTML, like Gecko; compatible; ClaudeBot/1.0; +claudebot@anthropic.com)"
57.141.2.12 - - [10/Mar/2026:18:56:19 +0600] "GET /?i=goods-11705958 HTTP/1.1" 200 139816 "-" "meta-externalagent/1.1 (+https://developers.facebook.com/docs/sharing/webmasters/crawler)"
57.141.2.29 - - [10/Mar/2026:18:56:19 +0600] "GET /?i=goods-68474554 HTTP/1.1" 200 3 "-" "meta-externalagent/1.1 (+https://developers.facebook.com/docs/sharing/webmasters/crawler)"
216.73.216.81 - - [10/Mar/2026:18:56:18 +0600] "GET /553651130.htm HTTP/1.1" 404 35756 "-" "Mozilla/5.0 AppleWebKit/537.36 (KHTML, like Gecko; compatible; ClaudeBot/1.0; +claudebot@anthropic.com)"
216.73.216.81 - - [10/Mar/2026:18:56:18 +0600] "GET /51041558.htm HTTP/1.1" 404 35756 "-" "Mozilla/5.0 AppleWebKit/537.36 (KHTML, like Gecko; compatible; ClaudeBot/1.0; +claudebot@anthropic.com)"
57.141.2.58 - - [10/Mar/2026:18:56:20 +0600] "GET /?i=goods-120627054 HTTP/1.1" 200 145315 "-" "meta-externalagent/1.1 (+https://developers.facebook.com/docs/sharing/webmasters/crawler)"
216.73.216.81 - - [10/Mar/2026:18:56:19 +0600] "GET /312423080.htm HTTP/1.1" 404 35756 "-" "Mozilla/5.0 AppleWebKit/537.36 (KHTML, like Gecko; compatible; ClaudeBot/1.0; +claudebot@anthropic.com)"
57.141.2.1 - - [10/Mar/2026:18:56:20 +0600] "GET /?i=goods-77957054 HTTP/1.1" 200 140705 "-" "meta-externalagent/1.1 (+https://developers.facebook.com/docs/sharing/webmasters/crawler)"
216.73.216.81 - - [10/Mar/2026:18:56:19 +0600] "GET /262652642.htm HTTP/1.1" 404 35756 "-" "Mozilla/5.0 AppleWebKit/537.36 (KHTML, like Gecko; compatible; ClaudeBot/1.0; +claudebot@anthropic.com)"
57.141.2.18 - - [10/Mar/2026:18:56:21 +0600] "GET /?i=goods-8983454 HTTP/1.1" 200 140385 "-" "meta-externalagent/1.1 (+https://developers.facebook.com/docs/sharing/webmasters/crawler)"
216.73.216.81 - - [10/Mar/2026:18:56:19 +0600] "GET /156728990.htm HTTP/1.1" 404 35756 "-" "Mozilla/5.0 AppleWebKit/537.36 (KHTML, like Gecko; compatible; ClaudeBot/1.0; +claudebot@anthropic.com)"
57.141.2.19 - - [10/Mar/2026:18:56:21 +0600] "GET /?i=fisura-abanico-air-conditioning-7476555 HTTP/1.1" 200 140394 "-" "meta-externalagent/1.1 (+https://developers.facebook.com/docs/sharing/webmasters/crawler)"
216.73.216.81 - - [10/Mar/2026:18:56:20 +0600] "GET /136364408.htm HTTP/1.1" 404 35756 "-" "Mozilla/5.0 AppleWebKit/537.36 (KHTML, like Gecko; compatible; ClaudeBot/1.0; +claudebot@anthropic.com)"
57.141.2.52 - - [10/Mar/2026:18:56:22 +0600] "GET /?i=bricomart-ladrillo-hueco-sencillo-40x20x4-cm-29774155 HTTP/1.1" 200 143687 "-" "meta-externalagent/1.1 (+https://developers.facebook.com/docs/sharing/webmasters/crawler)"
216.73.216.81 - - [10/Mar/2026:18:56:21 +0600] "GET /267799820.htm HTTP/1.1" 404 35756 "-" "Mozilla/5.0 AppleWebKit/537.36 (KHTML, like Gecko; compatible; ClaudeBot/1.0; +claudebot@anthropic.com)"
216.73.216.81 - - [10/Mar/2026:18:56:21 +0600] "GET /252438080.htm HTTP/1.1" 404 35756 "-" "Mozilla/5.0 AppleWebKit/537.36 (KHTML, like Gecko; compatible; ClaudeBot/1.0; +claudebot@anthropic.com)"
57.141.2.28 - - [10/Mar/2026:18:56:22 +0600] "GET /?i=goods-152189254 HTTP/1.1" 200 141934 "-" "meta-externalagent/1.1 (+https://developers.facebook.com/docs/sharing/webmasters/crawler)"
57.141.2.12 - - [10/Mar/2026:18:56:23 +0600] "GET /?i=goods-16650454 HTTP/1.1" 200 141618 "-" "meta-externalagent/1.1 (+https://developers.facebook.com/docs/sharing/webmasters/crawler)"
57.141.2.40 - - [10/Mar/2026:18:56:23 +0600] "GET /?i=goods-113908154 HTTP/1.1" 200 142235 "-" "meta-externalagent/1.1 (+https://developers.facebook.com/docs/sharing/webmasters/crawler)"
216.73.216.81 - - [10/Mar/2026:18:56:22 +0600] "GET /296953088.htm HTTP/1.1" 404 35756 "-" "Mozilla/5.0 AppleWebKit/537.36 (KHTML, like Gecko; compatible; ClaudeBot/1.0; +claudebot@anthropic.com)"
216.73.216.81 - - [10/Mar/2026:18:56:22 +0600] "GET /203613452.htm HTTP/1.1" 404 35756 "-" "Mozilla/5.0 AppleWebKit/537.36 (KHTML, like Gecko; compatible; ClaudeBot/1.0; +claudebot@anthropic.com)"
57.141.2.8 - - [10/Mar/2026:18:56:24 +0600] "GET /?i=oakley-oakley-mod7-small-replacement-shields-39882955 HTTP/1.1" 200 141890 "-" "meta-externalagent/1.1 (+https://developers.facebook.com/docs/sharing/webmasters/crawler)"
216.73.216.81 - - [10/Mar/2026:18:56:23 +0600] "GET /123664886.htm HTTP/1.1" 404 35756 "-" "Mozilla/5.0 AppleWebKit/537.36 (KHTML, like Gecko; compatible; ClaudeBot/1.0; +claudebot@anthropic.com)"
57.141.2.56 - - [10/Mar/2026:18:56:24 +0600] "GET /?i=goods-150570754 HTTP/1.1" 200 140029 "-" "meta-externalagent/1.1 (+https://developers.facebook.com/docs/sharing/webmasters/crawler)"
57.141.2.7 - - [10/Mar/2026:18:56:25 +0600] "GET /?i=goods-55298854 HTTP/1.1" 200 142744 "-" "meta-externalagent/1.1 (+https://developers.facebook.com/docs/sharing/webmasters/crawler)"
57.141.2.29 - - [10/Mar/2026:18:56:25 +0600] "GET /?i=goods-22865354 HTTP/1.1" 200 143304 "-" "meta-externalagent/1.1 (+https://developers.facebook.com/docs/sharing/webmasters/crawler)"
216.73.216.81 - - [10/Mar/2026:18:56:24 +0600] "GET /547174052.htm HTTP/1.1" 404 35756 "-" "Mozilla/5.0 AppleWebKit/537.36 (KHTML, like Gecko; compatible; ClaudeBot/1.0; +claudebot@anthropic.com)"
57.141.2.50 - - [10/Mar/2026:18:56:26 +0600] "GET /?i=wala-camisetas-manga-corta-trangoworld-camiseta-ohrid-20626355 HTTP/1.1" 200 142153 "-" "meta-externalagent/1.1 (+https://developers.facebook.com/docs/sharing/webmasters/crawler)"
57.141.2.54 - - [10/Mar/2026:18:56:26 +0600] "GET /?i=goods-141101854 HTTP/1.1" 200 146870 "-" "meta-externalagent/1.1 (+https://developers.facebook.com/docs/sharing/webmasters/crawler)"
216.73.216.81 - - [10/Mar/2026:18:56:24 +0600] "GET /181347206.htm HTTP/1.1" 404 35756 "-" "Mozilla/5.0 AppleWebKit/537.36 (KHTML, like Gecko; compatible; ClaudeBot/1.0; +claudebot@anthropic.com)"
57.141.2.49 - - [10/Mar/2026:18:56:27 +0600] "GET /?i=goods-37492754 HTTP/1.1" 200 3 "-" "meta-externalagent/1.1 (+https://developers.facebook.com/docs/sharing/webmasters/crawler)"
216.73.216.81 - - [10/Mar/2026:18:56:24 +0600] "GET /371902904.htm HTTP/1.1" 404 35756 "-" "Mozilla/5.0 AppleWebKit/537.36 (KHTML, like Gecko; compatible; ClaudeBot/1.0; +claudebot@anthropic.com)"
57.141.2.8 - - [10/Mar/2026:18:56:27 +0600] "GET /?i=new-rock-metallic-m-newmili083-s38-13014055 HTTP/1.1" 200 140108 "-" "meta-externalagent/1.1 (+https://developers.facebook.com/docs/sharing/webmasters/crawler)"
57.141.2.67 - - [10/Mar/2026:18:56:28 +0600] "GET /?i=goods-12618554 HTTP/1.1" 200 139724 "-" "meta-externalagent/1.1 (+https://developers.facebook.com/docs/sharing/webmasters/crawler)"
57.141.2.21 - - [10/Mar/2026:18:56:28 +0600] "GET /?i=alcampo-alpro-especialidad-de-soja-con-fermentos-del-yogurt-y-sabor-24068355 HTTP/1.1" 200 143636 "-" "meta-externalagent/1.1 (+https://developers.facebook.com/docs/sharing/webmasters/crawler)"
57.141.2.19 - - [10/Mar/2026:18:56:29 +0600] "GET /?i=ecco-zapatillas-de-piel-ecco-soft-7-para-mujer-39598755 HTTP/1.1" 200 161576 "-" "meta-externalagent/1.1 (+https://developers.facebook.com/docs/sharing/webmasters/crawler)"
57.141.2.67 - - [10/Mar/2026:18:56:29 +0600] "GET /?i=goods-146500454 HTTP/1.1" 200 141425 "-" "meta-externalagent/1.1 (+https://developers.facebook.com/docs/sharing/webmasters/crawler)"
57.141.2.65 - - [10/Mar/2026:18:56:30 +0600] "GET /?i=goods-12725454 HTTP/1.1" 200 139808 "-" "meta-externalagent/1.1 (+https://developers.facebook.com/docs/sharing/webmasters/crawler)"
57.141.2.59 - - [10/Mar/2026:18:56:30 +0600] "GET /?i=goods-60222654 HTTP/1.1" 200 142430 "-" "meta-externalagent/1.1 (+https://developers.facebook.com/docs/sharing/webmasters/crawler)"
57.141.2.36 - - [10/Mar/2026:18:56:31 +0600] "GET /?i=unisa-bailarina-con-correa-19204155 HTTP/1.1" 200 139619 "-" "meta-externalagent/1.1 (+https://developers.facebook.com/docs/sharing/webmasters/crawler)"
74.7.227.10 - - [10/Mar/2026:18:56:28 +0600] "GET /23229902.phtml HTTP/1.1" 404 36192 "https://www.inprosysltd.com/sitemap-18.xml" "Mozilla/5.0 AppleWebKit/537.36 (KHTML, like Gecko; compatible; GPTBot/1.3; +https://openai.com/gptbot)"
57.141.2.67 - - [10/Mar/2026:18:56:31 +0600] "GET /?i=deco-wood-armario-de-madera-maciza-y-tejido-de-lino-en-tono-roble-os-4869355 HTTP/1.1" 200 143491 "-" "meta-externalagent/1.1 (+https://developers.facebook.com/docs/sharing/webmasters/crawler)"
57.141.2.59 - - [10/Mar/2026:18:56:32 +0600] "GET /?i=goods-127285554 HTTP/1.1" 200 143616 "-" "meta-externalagent/1.1 (+https://developers.facebook.com/docs/sharing/webmasters/crawler)"
57.141.2.67 - - [10/Mar/2026:18:56:32 +0600] "GET /?i=garcia-de-pou-bolsas-pan-con-ventana-eco-feel-green-32-g-m2-26-10x38-8056855 HTTP/1.1" 200 144094 "-" "meta-externalagent/1.1 (+https://developers.facebook.com/docs/sharing/webmasters/crawler)"
57.141.2.50 - - [10/Mar/2026:18:56:33 +0600] "GET /?i=batela-guirnalda-ballenas-d2244-batela-1132355 HTTP/1.1" 200 140223 "-" "meta-externalagent/1.1 (+https://developers.facebook.com/docs/sharing/webmasters/crawler)"
57.141.2.67 - - [10/Mar/2026:18:56:33 +0600] "GET /?i=goods-19434354 HTTP/1.1" 200 143953 "-" "meta-externalagent/1.1 (+https://developers.facebook.com/docs/sharing/webmasters/crawler)"
57.141.2.2 - - [10/Mar/2026:18:56:34 +0600] "GET /?i=goods-10050654 HTTP/1.1" 200 142477 "-" "meta-externalagent/1.1 (+https://developers.facebook.com/docs/sharing/webmasters/crawler)"
57.141.2.44 - - [10/Mar/2026:18:56:34 +0600] "GET /?i=westwing-espejo-de-pared-bryan-32063655 HTTP/1.1" 200 141362 "-" "meta-externalagent/1.1 (+https://developers.facebook.com/docs/sharing/webmasters/crawler)"
57.141.2.49 - - [10/Mar/2026:18:56:35 +0600] "GET /?i=goods-121272354 HTTP/1.1" 200 141959 "-" "meta-externalagent/1.1 (+https://developers.facebook.com/docs/sharing/webmasters/crawler)"
57.141.2.22 - - [10/Mar/2026:18:56:35 +0600] "GET /?i=goods-147775854 HTTP/1.1" 200 144261 "-" "meta-externalagent/1.1 (+https://developers.facebook.com/docs/sharing/webmasters/crawler)"
57.141.2.18 - - [10/Mar/2026:18:56:36 +0600] "GET /?i=goods-85539458 HTTP/1.1" 200 143069 "-" "meta-externalagent/1.1 (+https://developers.facebook.com/docs/sharing/webmasters/crawler)"
57.141.2.71 - - [10/Mar/2026:18:56:36 +0600] "GET /?i=conforama-alfombra-mefe-moderna-2783-marmol-structural-dos-niveles-d-28059255 HTTP/1.1" 200 144947 "-" "meta-externalagent/1.1 (+https://developers.facebook.com/docs/sharing/webmasters/crawler)"
57.141.2.8 - - [10/Mar/2026:18:56:37 +0600] "GET /?i=goods-63845154 HTTP/1.1" 200 140634 "-" "meta-externalagent/1.1 (+https://developers.facebook.com/docs/sharing/webmasters/crawler)"
57.141.2.63 - - [10/Mar/2026:18:56:37 +0600] "GET /?i=scarosso-ashley-black-schwarz-60332254 HTTP/1.1" 200 142040 "-" "meta-externalagent/1.1 (+https://developers.facebook.com/docs/sharing/webmasters/crawler)"
57.141.2.60 - - [10/Mar/2026:18:56:38 +0600] "GET /?i=goods-61897554 HTTP/1.1" 200 143709 "-" "meta-externalagent/1.1 (+https://developers.facebook.com/docs/sharing/webmasters/crawler)"
57.141.2.26 - - [10/Mar/2026:18:56:38 +0600] "GET /?i=goods-114968254 HTTP/1.1" 200 142220 "-" "meta-externalagent/1.1 (+https://developers.facebook.com/docs/sharing/webmasters/crawler)"
57.141.2.24 - - [10/Mar/2026:18:56:39 +0600] "GET /?i=goods-22620454 HTTP/1.1" 200 142303 "-" "meta-externalagent/1.1 (+https://developers.facebook.com/docs/sharing/webmasters/crawler)"
57.141.2.56 - - [10/Mar/2026:18:56:39 +0600] "GET /?i=the-time-of-bocha-polo-team-camisa-lino-cuello-mao-hombre-the-time-o-18158955 HTTP/1.1" 200 142933 "-" "meta-externalagent/1.1 (+https://developers.facebook.com/docs/sharing/webmasters/crawler)"
57.141.2.67 - - [10/Mar/2026:18:56:40 +0600] "GET /?i=juncal-aguirre-cunas-deneb-plata-9501655 HTTP/1.1" 200 141158 "-" "meta-externalagent/1.1 (+https://developers.facebook.com/docs/sharing/webmasters/crawler)"
57.141.2.37 - - [10/Mar/2026:18:56:40 +0600] "GET /?i=creaciones-meng-mueble-mesitas-noche-mesita-de-madera-acabado-artesa-4194155 HTTP/1.1" 200 144278 "-" "meta-externalagent/1.1 (+https://developers.facebook.com/docs/sharing/webmasters/crawler)"
57.141.2.1 - - [10/Mar/2026:18:56:41 +0600] "GET /?i=garcia-de-pou-recipientes-pollos-grandes-25x19-5x9-cm-aluminio-500-u-8027555 HTTP/1.1" 200 144222 "-" "meta-externalagent/1.1 (+https://developers.facebook.com/docs/sharing/webmasters/crawler)"
57.141.2.15 - - [10/Mar/2026:18:56:42 +0600] "GET /?i=goods-73242654 HTTP/1.1" 200 144918 "-" "meta-externalagent/1.1 (+https://developers.facebook.com/docs/sharing/webmasters/crawler)"
57.141.2.69 - - [10/Mar/2026:18:56:42 +0600] "GET /?i=wala-camisetas-manga-corta-tommy-hilfiger-ima-hilfiger-sequins-flag-20323455 HTTP/1.1" 200 142804 "-" "meta-externalagent/1.1 (+https://developers.facebook.com/docs/sharing/webmasters/crawler)"
57.141.2.2 - - [10/Mar/2026:18:56:42 +0600] "GET /?i=cortefiel-leggings-4d-strech-largo-3-4-estampado-verde-3530755 HTTP/1.1" 200 142194 "-" "meta-externalagent/1.1 (+https://developers.facebook.com/docs/sharing/webmasters/crawler)"
57.141.2.61 - - [10/Mar/2026:18:56:43 +0600] "GET /?i=goods-88901254 HTTP/1.1" 200 149645 "-" "meta-externalagent/1.1 (+https://developers.facebook.com/docs/sharing/webmasters/crawler)"
57.141.2.30 - - [10/Mar/2026:18:56:43 +0600] "GET /?i=goods-37668354 HTTP/1.1" 200 140541 "-" "meta-externalagent/1.1 (+https://developers.facebook.com/docs/sharing/webmasters/crawler)"
57.141.2.35 - - [10/Mar/2026:18:56:44 +0600] "GET /?i=salon-de-jardin-truman-de-aluminio-con-cojin-para-jardin-y-terraza-23803955 HTTP/1.1" 200 144089 "-" "meta-externalagent/1.1 (+https://developers.facebook.com/docs/sharing/webmasters/crawler)"
57.141.2.67 - - [10/Mar/2026:18:56:45 +0600] "GET /?i=goods-59268454 HTTP/1.1" 200 140537 "-" "meta-externalagent/1.1 (+https://developers.facebook.com/docs/sharing/webmasters/crawler)"
57.141.2.45 - - [10/Mar/2026:18:56:45 +0600] "GET /?i=goods-104785954 HTTP/1.1" 200 141539 "-" "meta-externalagent/1.1 (+https://developers.facebook.com/docs/sharing/webmasters/crawler)"
57.141.2.67 - - [10/Mar/2026:18:56:46 +0600] "GET /?i=goods-124504158 HTTP/1.1" 200 141060 "-" "meta-externalagent/1.1 (+https://developers.facebook.com/docs/sharing/webmasters/crawler)"
57.141.2.13 - - [10/Mar/2026:18:56:46 +0600] "GET /?i=goods-102182354 HTTP/1.1" 200 144730 "-" "meta-externalagent/1.1 (+https://developers.facebook.com/docs/sharing/webmasters/crawler)"
57.141.2.46 - - [10/Mar/2026:18:56:47 +0600] "GET /?i=alcampo-mustela-bio-crema-hidratante-para-toda-la-familia-con-99-ing-25723355 HTTP/1.1" 200 144147 "-" "meta-externalagent/1.1 (+https://developers.facebook.com/docs/sharing/webmasters/crawler)"
57.141.2.9 - - [10/Mar/2026:18:56:47 +0600] "GET /?i=eseoese-jersey-asimetrico-famara-6216955 HTTP/1.1" 200 139343 "-" "meta-externalagent/1.1 (+https://developers.facebook.com/docs/sharing/webmasters/crawler)"
57.141.2.33 - - [10/Mar/2026:18:56:48 +0600] "GET /?i=goods-114191854 HTTP/1.1" 200 142826 "-" "meta-externalagent/1.1 (+https://developers.facebook.com/docs/sharing/webmasters/crawler)"
57.141.2.19 - - [10/Mar/2026:18:56:48 +0600] "GET /?i=eroski-semillas-de-chia-molidas-bio-linwoods-bolsa-200-g-26849955 HTTP/1.1" 200 140183 "-" "meta-externalagent/1.1 (+https://developers.facebook.com/docs/sharing/webmasters/crawler)"
57.141.2.51 - - [10/Mar/2026:18:56:48 +0600] "GET /?i=goods-152677854 HTTP/1.1" 200 141412 "-" "meta-externalagent/1.1 (+https://developers.facebook.com/docs/sharing/webmasters/crawler)"
57.141.2.64 - - [10/Mar/2026:18:56:49 +0600] "GET /?i=tiamia-bolso-trenzado-bebe-18352255 HTTP/1.1" 200 139177 "-" "meta-externalagent/1.1 (+https://developers.facebook.com/docs/sharing/webmasters/crawler)"
57.141.2.8 - - [10/Mar/2026:18:56:49 +0600] "GET /?i=goods-113904454 HTTP/1.1" 200 141303 "-" "meta-externalagent/1.1 (+https://developers.facebook.com/docs/sharing/webmasters/crawler)"
57.141.2.46 - - [10/Mar/2026:18:56:50 +0600] "GET /?i=goods-31342054 HTTP/1.1" 200 140558 "-" "meta-externalagent/1.1 (+https://developers.facebook.com/docs/sharing/webmasters/crawler)"
57.141.2.10 - - [10/Mar/2026:18:56:50 +0600] "GET /?i=fussion-pbs-12012-bafle-amplificado-boom-12-40-000w-p-m-p-o-7597755 HTTP/1.1" 200 141010 "-" "meta-externalagent/1.1 (+https://developers.facebook.com/docs/sharing/webmasters/crawler)"
57.141.2.45 - - [10/Mar/2026:18:56:51 +0600] "GET /?i=gant-minifalda-vaquera-38289555 HTTP/1.1" 200 140724 "-" "meta-externalagent/1.1 (+https://developers.facebook.com/docs/sharing/webmasters/crawler)"
57.141.2.61 - - [10/Mar/2026:18:56:51 +0600] "GET /?i=segarra-melia-negro-15329555 HTTP/1.1" 200 138761 "-" "meta-externalagent/1.1 (+https://developers.facebook.com/docs/sharing/webmasters/crawler)"
57.141.2.59 - - [10/Mar/2026:18:56:52 +0600] "GET /?i=goods-1211354 HTTP/1.1" 200 145141 "-" "meta-externalagent/1.1 (+https://developers.facebook.com/docs/sharing/webmasters/crawler)"
57.141.2.38 - - [10/Mar/2026:18:56:52 +0600] "GET /?i=goods-147009954 HTTP/1.1" 200 143346 "-" "meta-externalagent/1.1 (+https://developers.facebook.com/docs/sharing/webmasters/crawler)"
57.141.2.67 - - [10/Mar/2026:18:56:53 +0600] "GET /?i=goods-107666754 HTTP/1.1" 200 143209 "-" "meta-externalagent/1.1 (+https://developers.facebook.com/docs/sharing/webmasters/crawler)"
57.141.2.31 - - [10/Mar/2026:18:56:53 +0600] "GET /?i=goods-140974454 HTTP/1.1" 200 147566 "-" "meta-externalagent/1.1 (+https://developers.facebook.com/docs/sharing/webmasters/crawler)"
57.141.2.52 - - [10/Mar/2026:18:56:54 +0600] "GET /?i=cortefiel-camiseta-basica-cuello-pico-3810155 HTTP/1.1" 200 141401 "-" "meta-externalagent/1.1 (+https://developers.facebook.com/docs/sharing/webmasters/crawler)"
57.141.2.64 - - [10/Mar/2026:18:56:54 +0600] "GET /?i=lolahome-figura-de-lagarto-de-metal-plateada-de-11x14-cm-10998055 HTTP/1.1" 200 141789 "-" "meta-externalagent/1.1 (+https://developers.facebook.com/docs/sharing/webmasters/crawler)"
57.141.2.14 - - [10/Mar/2026:18:56:55 +0600] "GET /?i=goods-144081654 HTTP/1.1" 200 142123 "-" "meta-externalagent/1.1 (+https://developers.facebook.com/docs/sharing/webmasters/crawler)"
57.141.2.37 - - [10/Mar/2026:18:56:55 +0600] "GET /?i=vinello-spatburgunder-rose-fume-trocken-katrin-wind-135455154 HTTP/1.1" 200 143450 "-" "meta-externalagent/1.1 (+https://developers.facebook.com/docs/sharing/webmasters/crawler)"
57.141.2.67 - - [10/Mar/2026:18:56:56 +0600] "GET /?i=goods-28273554 HTTP/1.1" 200 140411 "-" "meta-externalagent/1.1 (+https://developers.facebook.com/docs/sharing/webmasters/crawler)"
57.141.2.66 - - [10/Mar/2026:18:56:56 +0600] "GET /?i=goods-99769554 HTTP/1.1" 200 139922 "-" "meta-externalagent/1.1 (+https://developers.facebook.com/docs/sharing/webmasters/crawler)"
57.141.2.36 - - [10/Mar/2026:18:56:57 +0600] "GET /?i=goods-77960854 HTTP/1.1" 200 139607 "-" "meta-externalagent/1.1 (+https://developers.facebook.com/docs/sharing/webmasters/crawler)"
57.141.2.49 - - [10/Mar/2026:18:56:57 +0600] "GET /?i=goods-135643654 HTTP/1.1" 200 142432 "-" "meta-externalagent/1.1 (+https://developers.facebook.com/docs/sharing/webmasters/crawler)"
57.141.2.41 - - [10/Mar/2026:18:56:58 +0600] "GET /?i=goods-107132854 HTTP/1.1" 200 144589 "-" "meta-externalagent/1.1 (+https://developers.facebook.com/docs/sharing/webmasters/crawler)"
57.141.2.11 - - [10/Mar/2026:18:56:58 +0600] "GET /?i=alcampo-helios-fruta-para-untar-de-fresa-de-huelva-helios-purafruta-25017755 HTTP/1.1" 200 142985 "-" "meta-externalagent/1.1 (+https://developers.facebook.com/docs/sharing/webmasters/crawler)"
57.141.2.13 - - [10/Mar/2026:18:56:59 +0600] "GET /?i=goods-84170754 HTTP/1.1" 200 140582 "-" "meta-externalagent/1.1 (+https://developers.facebook.com/docs/sharing/webmasters/crawler)"
57.141.2.38 - - [10/Mar/2026:18:56:59 +0600] "GET /?i=balvi-enfriador-vino-meow-negro-27480-1051955 HTTP/1.1" 200 141354 "-" "meta-externalagent/1.1 (+https://developers.facebook.com/docs/sharing/webmasters/crawler)"
57.141.2.26 - - [10/Mar/2026:18:57:00 +0600] "GET /?i=goods-44815454 HTTP/1.1" 200 140011 "-" "meta-externalagent/1.1 (+https://developers.facebook.com/docs/sharing/webmasters/crawler)"
57.141.2.65 - - [10/Mar/2026:18:57:00 +0600] "GET /?i=goods-51825554 HTTP/1.1" 200 140349 "-" "meta-externalagent/1.1 (+https://developers.facebook.com/docs/sharing/webmasters/crawler)"
57.141.2.30 - - [10/Mar/2026:18:57:01 +0600] "GET /?i=tony-mora-1703-juana90-irene-madison-kaki-18815455 HTTP/1.1" 200 140256 "-" "meta-externalagent/1.1 (+https://developers.facebook.com/docs/sharing/webmasters/crawler)"
57.141.2.60 - - [10/Mar/2026:18:57:01 +0600] "GET /?i=goods-87475754 HTTP/1.1" 200 142105 "-" "meta-externalagent/1.1 (+https://developers.facebook.com/docs/sharing/webmasters/crawler)"
57.141.2.45 - - [10/Mar/2026:18:57:02 +0600] "GET /?i=goods-117231254 HTTP/1.1" 200 142871 "-" "meta-externalagent/1.1 (+https://developers.facebook.com/docs/sharing/webmasters/crawler)"
66.249.71.206 - - [10/Mar/2026:18:57:02 +0600] "GET /?i=smyths-peppa-pig-advent-calendar-482130624 HTTP/1.1" 200 150031 "-" "Mozilla/5.0 (Linux; Android 6.0.1; Nexus 5X Build/MMB29P) AppleWebKit/537.36 (KHTML, like Gecko) Chrome/145.0.7632.116 Mobile Safari/537.36 (compatible; Googlebot/2.1; +http://www.google.com/bot.html)"
57.141.2.36 - - [10/Mar/2026:18:57:02 +0600] "GET /?i=goods-192774758 HTTP/1.1" 200 140764 "-" "meta-externalagent/1.1 (+https://developers.facebook.com/docs/sharing/webmasters/crawler)"
57.141.2.10 - - [10/Mar/2026:18:57:03 +0600] "GET /?i=goods-73518954 HTTP/1.1" 200 144496 "-" "meta-externalagent/1.1 (+https://developers.facebook.com/docs/sharing/webmasters/crawler)"
57.141.2.59 - - [10/Mar/2026:18:57:03 +0600] "GET /?i=goods-139145554 HTTP/1.1" 200 143119 "-" "meta-externalagent/1.1 (+https://developers.facebook.com/docs/sharing/webmasters/crawler)"
57.141.2.53 - - [10/Mar/2026:18:57:04 +0600] "GET /?i=goods-79944854 HTTP/1.1" 200 143179 "-" "meta-externalagent/1.1 (+https://developers.facebook.com/docs/sharing/webmasters/crawler)"
57.141.2.58 - - [10/Mar/2026:18:57:04 +0600] "GET /?i=goods-73740354 HTTP/1.1" 200 144167 "-" "meta-externalagent/1.1 (+https://developers.facebook.com/docs/sharing/webmasters/crawler)"
57.141.2.1 - - [10/Mar/2026:18:57:05 +0600] "GET /?i=goods-59679958 HTTP/1.1" 200 141176 "-" "meta-externalagent/1.1 (+https://developers.facebook.com/docs/sharing/webmasters/crawler)"
57.141.2.65 - - [10/Mar/2026:18:57:05 +0600] "GET /?i=armani-collar-con-piedras-semipreciosas-33631355 HTTP/1.1" 200 140940 "-" "meta-externalagent/1.1 (+https://developers.facebook.com/docs/sharing/webmasters/crawler)"
57.141.2.3 - - [10/Mar/2026:18:57:06 +0600] "GET /?i=alcampo-producto-alcampo-pipas-de-girasol-tostadas-sin-sal-anadida-2-24670755 HTTP/1.1" 200 142914 "-" "meta-externalagent/1.1 (+https://developers.facebook.com/docs/sharing/webmasters/crawler)"
57.141.2.71 - - [10/Mar/2026:18:57:06 +0600] "GET /?i=goods-52658554 HTTP/1.1" 200 140739 "-" "meta-externalagent/1.1 (+https://developers.facebook.com/docs/sharing/webmasters/crawler)"
57.141.2.50 - - [10/Mar/2026:18:57:07 +0600] "GET /?i=alcampo-marcadores-para-cd-s-azul-y-negro-2uds-alcampo-26240755 HTTP/1.1" 200 142761 "-" "meta-externalagent/1.1 (+https://developers.facebook.com/docs/sharing/webmasters/crawler)"
57.141.2.1 - - [10/Mar/2026:18:57:07 +0600] "GET /?i=goods-18117754 HTTP/1.1" 200 142786 "-" "meta-externalagent/1.1 (+https://developers.facebook.com/docs/sharing/webmasters/crawler)"
57.141.2.29 - - [10/Mar/2026:18:57:08 +0600] "GET /?i=goods-37025354 HTTP/1.1" 200 144852 "-" "meta-externalagent/1.1 (+https://developers.facebook.com/docs/sharing/webmasters/crawler)"
74.7.242.57 - - [10/Mar/2026:18:57:07 +0600] "GET /157673870.htm HTTP/1.1" 404 35756 "https://inprosysltd.com/sitemap-8.xml" "Mozilla/5.0 AppleWebKit/537.36 (KHTML, like Gecko; compatible; GPTBot/1.3; +https://openai.com/gptbot)"
57.141.2.67 - - [10/Mar/2026:18:57:08 +0600] "GET /?i=goods-109963454 HTTP/1.1" 200 142316 "-" "meta-externalagent/1.1 (+https://developers.facebook.com/docs/sharing/webmasters/crawler)"
57.141.2.55 - - [10/Mar/2026:18:57:09 +0600] "GET /?i=ferragamo-aretes-con-cristales-gancini-mujer-27350655 HTTP/1.1" 200 143138 "-" "meta-externalagent/1.1 (+https://developers.facebook.com/docs/sharing/webmasters/crawler)"
57.141.2.69 - - [10/Mar/2026:18:57:09 +0600] "GET /?i=goods-21835958 HTTP/1.1" 200 142227 "-" "meta-externalagent/1.1 (+https://developers.facebook.com/docs/sharing/webmasters/crawler)"
57.141.2.49 - - [10/Mar/2026:18:57:10 +0600] "GET /?i=goods-21730754 HTTP/1.1" 200 141441 "-" "meta-externalagent/1.1 (+https://developers.facebook.com/docs/sharing/webmasters/crawler)"
57.141.2.30 - - [10/Mar/2026:18:57:10 +0600] "GET /?i=goods-132434654 HTTP/1.1" 200 143349 "-" "meta-externalagent/1.1 (+https://developers.facebook.com/docs/sharing/webmasters/crawler)"
57.141.2.34 - - [10/Mar/2026:18:57:11 +0600] "GET /?i=leds-c4-tubs-modular-pendant-10493355 HTTP/1.1" 200 139607 "-" "meta-externalagent/1.1 (+https://developers.facebook.com/docs/sharing/webmasters/crawler)"
57.141.2.45 - - [10/Mar/2026:18:57:11 +0600] "GET /?i=conforama-aparador-alexandra-house-living-blanco-dorado-madera-mdf-4-28316955 HTTP/1.1" 200 143117 "-" "meta-externalagent/1.1 (+https://developers.facebook.com/docs/sharing/webmasters/crawler)"
57.141.2.67 - - [10/Mar/2026:18:57:12 +0600] "GET /?i=conforama-vidaxl-banco-de-jardin-madera-maciza-douglas-159-5x48x91-5-27786855 HTTP/1.1" 200 143998 "-" "meta-externalagent/1.1 (+https://developers.facebook.com/docs/sharing/webmasters/crawler)"
57.141.2.13 - - [10/Mar/2026:18:57:12 +0600] "GET /?i=cecotec-pared-ready-warm-7000-quartz-bath-radiador-de-pared-de-cuarz-2370455 HTTP/1.1" 200 145390 "-" "meta-externalagent/1.1 (+https://developers.facebook.com/docs/sharing/webmasters/crawler)"
57.141.2.67 - - [10/Mar/2026:18:57:13 +0600] "GET /?i=goods-16176454 HTTP/1.1" 200 145142 "-" "meta-externalagent/1.1 (+https://developers.facebook.com/docs/sharing/webmasters/crawler)"
57.141.2.53 - - [10/Mar/2026:18:57:14 +0600] "GET /?i=fisura-tapa-vasos-antidroga-mi-madre-no-me-deja-3-unidades-7578055 HTTP/1.1" 200 140411 "-" "meta-externalagent/1.1 (+https://developers.facebook.com/docs/sharing/webmasters/crawler)"
57.141.2.67 - - [10/Mar/2026:18:57:14 +0600] "GET /?i=el-naturalista-5261-almazara-5902855 HTTP/1.1" 200 139958 "-" "meta-externalagent/1.1 (+https://developers.facebook.com/docs/sharing/webmasters/crawler)"
57.141.2.29 - - [10/Mar/2026:18:57:13 +0600] "GET /?i=goods-194818058 HTTP/1.1" 200 144381 "-" "meta-externalagent/1.1 (+https://developers.facebook.com/docs/sharing/webmasters/crawler)"
57.141.2.20 - - [10/Mar/2026:18:57:15 +0600] "GET /?i=bricomart-racor-precintable-3-4-18-mm-30242855 HTTP/1.1" 200 143244 "-" "meta-externalagent/1.1 (+https://developers.facebook.com/docs/sharing/webmasters/crawler)"
57.141.2.67 - - [10/Mar/2026:18:57:16 +0600] "GET /?i=conforama-mueble-tv-tori-2-puertas-4-huecos-color-roble-160-cm-28003555 HTTP/1.1" 200 143412 "-" "meta-externalagent/1.1 (+https://developers.facebook.com/docs/sharing/webmasters/crawler)"
57.141.2.26 - - [10/Mar/2026:18:57:16 +0600] "GET /?i=time-force-tornado-18545555 HTTP/1.1" 200 139960 "-" "meta-externalagent/1.1 (+https://developers.facebook.com/docs/sharing/webmasters/crawler)"
57.141.2.3 - - [10/Mar/2026:18:57:17 +0600] "GET /?i=maisons-du-monde-buldos-cama-com-arcon-de-180-x-200-con-somier-de-la-31143755 HTTP/1.1" 200 143377 "-" "meta-externalagent/1.1 (+https://developers.facebook.com/docs/sharing/webmasters/crawler)"
57.141.2.2 - - [10/Mar/2026:18:57:18 +0600] "GET /?i=goods-7308158 HTTP/1.1" 200 140525 "-" "meta-externalagent/1.1 (+https://developers.facebook.com/docs/sharing/webmasters/crawler)"
57.141.2.46 - - [10/Mar/2026:18:57:18 +0600] "GET /?i=camper-pelotas-athens-sneakers-sin-costuras-multicolor-para-mujer-1962855 HTTP/1.1" 200 141120 "-" "meta-externalagent/1.1 (+https://developers.facebook.com/docs/sharing/webmasters/crawler)"
57.141.2.28 - - [10/Mar/2026:18:57:19 +0600] "GET /?i=goods-125093654 HTTP/1.1" 200 143026 "-" "meta-externalagent/1.1 (+https://developers.facebook.com/docs/sharing/webmasters/crawler)"
57.141.2.62 - - [10/Mar/2026:18:57:19 +0600] "GET /?i=goods-152308354 HTTP/1.1" 200 141929 "-" "meta-externalagent/1.1 (+https://developers.facebook.com/docs/sharing/webmasters/crawler)"
57.141.2.10 - - [10/Mar/2026:18:57:19 +0600] "GET /?i=goods-183689858 HTTP/1.1" 200 144040 "-" "meta-externalagent/1.1 (+https://developers.facebook.com/docs/sharing/webmasters/crawler)"
57.141.2.67 - - [10/Mar/2026:18:57:20 +0600] "GET /?i=goods-24972354 HTTP/1.1" 200 142399 "-" "meta-externalagent/1.1 (+https://developers.facebook.com/docs/sharing/webmasters/crawler)"
57.141.2.15 - - [10/Mar/2026:18:57:20 +0600] "GET /?i=goods-133963954 HTTP/1.1" 200 141045 "-" "meta-externalagent/1.1 (+https://developers.facebook.com/docs/sharing/webmasters/crawler)"
57.141.2.40 - - [10/Mar/2026:18:57:17 +0600] "GET /?i=goods-35732554 HTTP/1.1" 200 142511 "-" "meta-externalagent/1.1 (+https://developers.facebook.com/docs/sharing/webmasters/crawler)"
57.141.2.49 - - [10/Mar/2026:18:57:21 +0600] "GET /?i=goods-41169254 HTTP/1.1" 200 139882 "-" "meta-externalagent/1.1 (+https://developers.facebook.com/docs/sharing/webmasters/crawler)"
57.141.2.37 - - [10/Mar/2026:18:57:21 +0600] "GET /?i=goods-62145754 HTTP/1.1" 200 142744 "-" "meta-externalagent/1.1 (+https://developers.facebook.com/docs/sharing/webmasters/crawler)"
57.141.2.29 - - [10/Mar/2026:18:57:22 +0600] "GET /?i=goods-24749154 HTTP/1.1" 200 143212 "-" "meta-externalagent/1.1 (+https://developers.facebook.com/docs/sharing/webmasters/crawler)"
74.7.227.10 - - [10/Mar/2026:18:57:21 +0600] "GET /20272090.phtml HTTP/1.1" 404 36192 "https://www.inprosysltd.com/sitemap-18.xml" "Mozilla/5.0 AppleWebKit/537.36 (KHTML, like Gecko; compatible; GPTBot/1.3; +https://openai.com/gptbot)"
57.141.2.57 - - [10/Mar/2026:18:57:22 +0600] "GET /?i=goods-17499654 HTTP/1.1" 200 144232 "-" "meta-externalagent/1.1 (+https://developers.facebook.com/docs/sharing/webmasters/crawler)"
57.141.2.67 - - [10/Mar/2026:18:57:23 +0600] "GET /?i=goods-144410454 HTTP/1.1" 200 141572 "-" "meta-externalagent/1.1 (+https://developers.facebook.com/docs/sharing/webmasters/crawler)"
57.141.2.10 - - [10/Mar/2026:18:57:23 +0600] "GET /?i=goods-109934954 HTTP/1.1" 200 143021 "-" "meta-externalagent/1.1 (+https://developers.facebook.com/docs/sharing/webmasters/crawler)"
57.141.2.36 - - [10/Mar/2026:18:57:24 +0600] "GET /?i=goods-103883454 HTTP/1.1" 200 140397 "-" "meta-externalagent/1.1 (+https://developers.facebook.com/docs/sharing/webmasters/crawler)"
57.141.2.67 - - [10/Mar/2026:18:57:24 +0600] "GET /?i=goods-130611354 HTTP/1.1" 200 145169 "-" "meta-externalagent/1.1 (+https://developers.facebook.com/docs/sharing/webmasters/crawler)"
57.141.2.20 - - [10/Mar/2026:18:57:25 +0600] "GET /?i=in-side-camiseta-crop-verde-de-tiras-9200255 HTTP/1.1" 200 140178 "-" "meta-externalagent/1.1 (+https://developers.facebook.com/docs/sharing/webmasters/crawler)"
57.141.2.67 - - [10/Mar/2026:18:57:25 +0600] "GET /?i=goods-124514254 HTTP/1.1" 200 147203 "-" "meta-externalagent/1.1 (+https://developers.facebook.com/docs/sharing/webmasters/crawler)"
216.73.216.81 - - [10/Mar/2026:18:57:26 +0600] "GET /52235306.htm HTTP/1.1" 404 35756 "-" "Mozilla/5.0 AppleWebKit/537.36 (KHTML, like Gecko; compatible; ClaudeBot/1.0; +claudebot@anthropic.com)"
57.141.2.67 - - [10/Mar/2026:18:57:26 +0600] "GET /?i=goods-17366154 HTTP/1.1" 200 144491 "-" "meta-externalagent/1.1 (+https://developers.facebook.com/docs/sharing/webmasters/crawler)"
216.73.216.81 - - [10/Mar/2026:18:57:26 +0600] "GET /62025974.htm HTTP/1.1" 404 35756 "-" "Mozilla/5.0 AppleWebKit/537.36 (KHTML, like Gecko; compatible; ClaudeBot/1.0; +claudebot@anthropic.com)"
216.73.216.81 - - [10/Mar/2026:18:57:26 +0600] "GET /313007306.htm HTTP/1.1" 404 35756 "-" "Mozilla/5.0 AppleWebKit/537.36 (KHTML, like Gecko; compatible; ClaudeBot/1.0; +claudebot@anthropic.com)"
57.141.2.21 - - [10/Mar/2026:18:57:27 +0600] "GET /?i=pedro-del-hierro-camisa-de-pique-100-algodon-14134355 HTTP/1.1" 200 142069 "-" "meta-externalagent/1.1 (+https://developers.facebook.com/docs/sharing/webmasters/crawler)"
57.141.2.46 - - [10/Mar/2026:18:57:27 +0600] "GET /?i=goods-49356554 HTTP/1.1" 200 141196 "-" "meta-externalagent/1.1 (+https://developers.facebook.com/docs/sharing/webmasters/crawler)"
57.141.2.34 - - [10/Mar/2026:18:57:27 +0600] "GET /?i=goods-116198754 HTTP/1.1" 200 141495 "-" "meta-externalagent/1.1 (+https://developers.facebook.com/docs/sharing/webmasters/crawler)"
57.141.2.33 - - [10/Mar/2026:18:57:28 +0600] "GET /?i=loewe-rectangular-slim-sunglasses-4-colours-34435655 HTTP/1.1" 200 143027 "-" "meta-externalagent/1.1 (+https://developers.facebook.com/docs/sharing/webmasters/crawler)"
216.73.216.81 - - [10/Mar/2026:18:57:27 +0600] "GET /242590496.htm HTTP/1.1" 404 35756 "-" "Mozilla/5.0 AppleWebKit/537.36 (KHTML, like Gecko; compatible; ClaudeBot/1.0; +claudebot@anthropic.com)"
216.73.216.81 - - [10/Mar/2026:18:57:27 +0600] "GET /9536216.htm HTTP/1.1" 404 35756 "-" "Mozilla/5.0 AppleWebKit/537.36 (KHTML, like Gecko; compatible; ClaudeBot/1.0; +claudebot@anthropic.com)"
57.141.2.67 - - [10/Mar/2026:18:57:28 +0600] "GET /?i=goods-57506454 HTTP/1.1" 200 143299 "-" "meta-externalagent/1.1 (+https://developers.facebook.com/docs/sharing/webmasters/crawler)"
216.73.216.81 - - [10/Mar/2026:18:57:28 +0600] "GET /61661600.htm HTTP/1.1" 404 35756 "-" "Mozilla/5.0 AppleWebKit/537.36 (KHTML, like Gecko; compatible; ClaudeBot/1.0; +claudebot@anthropic.com)"
57.141.2.42 - - [10/Mar/2026:18:57:29 +0600] "GET /?i=goods-105719854 HTTP/1.1" 200 141305 "-" "meta-externalagent/1.1 (+https://developers.facebook.com/docs/sharing/webmasters/crawler)"
57.141.2.57 - - [10/Mar/2026:18:57:29 +0600] "GET /?i=goods-84608354 HTTP/1.1" 200 146059 "-" "meta-externalagent/1.1 (+https://developers.facebook.com/docs/sharing/webmasters/crawler)"
