57.141.2.39 - - [10/Mar/2026:18:06:44 +0600] "GET /?i=wala-jerseys-only-onlfie-ls-o-neck-glitter-knt-21708955 HTTP/1.1" 200 143551 "-" "meta-externalagent/1.1 (+https://developers.facebook.com/docs/sharing/webmasters/crawler)"
57.141.2.50 - - [10/Mar/2026:18:06:44 +0600] "GET /?i=alcampo-rioverde-banderillas-dulces-frasco-de-150-g-24704555 HTTP/1.1" 200 142072 "-" "meta-externalagent/1.1 (+https://developers.facebook.com/docs/sharing/webmasters/crawler)"
57.141.2.58 - - [10/Mar/2026:18:06:45 +0600] "GET /?i=conforama-lampara-de-mesa-home-esprit-blanco-cristal-50-w-220-v-25-x-29452755 HTTP/1.1" 200 142760 "-" "meta-externalagent/1.1 (+https://developers.facebook.com/docs/sharing/webmasters/crawler)"
57.141.2.2 - - [10/Mar/2026:18:06:45 +0600] "GET /?i=ikea-heat-salvamanteles-corcho-19-cm-23915855 HTTP/1.1" 200 140970 "-" "meta-externalagent/1.1 (+https://developers.facebook.com/docs/sharing/webmasters/crawler)"
57.141.2.42 - - [10/Mar/2026:18:06:46 +0600] "GET /?i=tejidos-jvr-conforter-nordico-modelo-jonico-17946155 HTTP/1.1" 200 141248 "-" "meta-externalagent/1.1 (+https://developers.facebook.com/docs/sharing/webmasters/crawler)"
57.141.2.63 - - [10/Mar/2026:18:06:46 +0600] "GET /?i=goods-109050654 HTTP/1.1" 200 143408 "-" "meta-externalagent/1.1 (+https://developers.facebook.com/docs/sharing/webmasters/crawler)"
57.141.2.29 - - [10/Mar/2026:18:06:47 +0600] "GET /?i=gabol-maleta-cabina-brooklyn-7621055 HTTP/1.1" 200 139419 "-" "meta-externalagent/1.1 (+https://developers.facebook.com/docs/sharing/webmasters/crawler)"
57.141.2.49 - - [10/Mar/2026:18:06:47 +0600] "GET /?i=goods-18286354 HTTP/1.1" 200 141812 "-" "meta-externalagent/1.1 (+https://developers.facebook.com/docs/sharing/webmasters/crawler)"
57.141.2.69 - - [10/Mar/2026:18:06:48 +0600] "GET /?i=goods-24326458 HTTP/1.1" 200 142121 "-" "meta-externalagent/1.1 (+https://developers.facebook.com/docs/sharing/webmasters/crawler)"
57.141.2.46 - - [10/Mar/2026:18:06:49 +0600] "GET /?i=goods-6240658 HTTP/1.1" 200 142364 "-" "meta-externalagent/1.1 (+https://developers.facebook.com/docs/sharing/webmasters/crawler)"
57.141.2.40 - - [10/Mar/2026:18:06:49 +0600] "GET /?i=alcampo-silla-gaming-drift-dr90-pro-v8-negro-azul-26043155 HTTP/1.1" 200 143802 "-" "meta-externalagent/1.1 (+https://developers.facebook.com/docs/sharing/webmasters/crawler)"
57.141.2.56 - - [10/Mar/2026:18:06:48 +0600] "GET /?i=goods-35942158 HTTP/1.1" 200 141645 "-" "meta-externalagent/1.1 (+https://developers.facebook.com/docs/sharing/webmasters/crawler)"
57.141.2.12 - - [10/Mar/2026:18:06:50 +0600] "GET /?i=goods-174310558 HTTP/1.1" 200 141280 "-" "meta-externalagent/1.1 (+https://developers.facebook.com/docs/sharing/webmasters/crawler)"
57.141.2.58 - - [10/Mar/2026:18:06:50 +0600] "GET /?i=goods-19589058 HTTP/1.1" 200 142105 "-" "meta-externalagent/1.1 (+https://developers.facebook.com/docs/sharing/webmasters/crawler)"
57.141.2.52 - - [10/Mar/2026:18:06:51 +0600] "GET /?i=goods-168304258 HTTP/1.1" 200 140978 "-" "meta-externalagent/1.1 (+https://developers.facebook.com/docs/sharing/webmasters/crawler)"
57.141.2.19 - - [10/Mar/2026:18:06:51 +0600] "GET /?i=goods-144897658 HTTP/1.1" 200 140820 "-" "meta-externalagent/1.1 (+https://developers.facebook.com/docs/sharing/webmasters/crawler)"
57.141.2.54 - - [10/Mar/2026:18:06:52 +0600] "GET /?i=goods-115742758 HTTP/1.1" 200 142885 "-" "meta-externalagent/1.1 (+https://developers.facebook.com/docs/sharing/webmasters/crawler)"
57.141.2.14 - - [10/Mar/2026:18:06:52 +0600] "GET /?i=goods-172812358 HTTP/1.1" 200 140720 "-" "meta-externalagent/1.1 (+https://developers.facebook.com/docs/sharing/webmasters/crawler)"
57.141.2.70 - - [10/Mar/2026:18:06:53 +0600] "GET /?i=goods-53697858 HTTP/1.1" 200 138870 "-" "meta-externalagent/1.1 (+https://developers.facebook.com/docs/sharing/webmasters/crawler)"
57.141.2.17 - - [10/Mar/2026:18:06:53 +0600] "GET /?i=wala-zapatillas-mustang-60461-20898955 HTTP/1.1" 200 141461 "-" "meta-externalagent/1.1 (+https://developers.facebook.com/docs/sharing/webmasters/crawler)"
57.141.2.18 - - [10/Mar/2026:18:06:54 +0600] "GET /?i=wala-zapatillas-reebok-royal-cl-jog-3-0-20188355 HTTP/1.1" 200 141775 "-" "meta-externalagent/1.1 (+https://developers.facebook.com/docs/sharing/webmasters/crawler)"
57.141.2.46 - - [10/Mar/2026:18:06:54 +0600] "GET /?i=goods-11678958 HTTP/1.1" 200 139916 "-" "meta-externalagent/1.1 (+https://developers.facebook.com/docs/sharing/webmasters/crawler)"
57.141.2.1 - - [10/Mar/2026:18:06:55 +0600] "GET /?i=goods-86125258 HTTP/1.1" 200 142772 "-" "meta-externalagent/1.1 (+https://developers.facebook.com/docs/sharing/webmasters/crawler)"
57.141.2.17 - - [10/Mar/2026:18:06:55 +0600] "GET /?i=wonders-deportivas-elian-negras-23063755 HTTP/1.1" 200 140063 "-" "meta-externalagent/1.1 (+https://developers.facebook.com/docs/sharing/webmasters/crawler)"
57.141.2.42 - - [10/Mar/2026:18:06:56 +0600] "GET /?i=superdry-chanclas-de-piscina-code-core-37391555 HTTP/1.1" 200 140602 "-" "meta-externalagent/1.1 (+https://developers.facebook.com/docs/sharing/webmasters/crawler)"
57.141.2.70 - - [10/Mar/2026:18:06:56 +0600] "GET /?i=vical-home-figura-decorativa-hubble-19473355 HTTP/1.1" 200 140118 "-" "meta-externalagent/1.1 (+https://developers.facebook.com/docs/sharing/webmasters/crawler)"
57.141.2.25 - - [10/Mar/2026:18:06:57 +0600] "GET /?i=defeet-aireator-3-survival-of-the-fittest-5084255 HTTP/1.1" 200 141007 "-" "meta-externalagent/1.1 (+https://developers.facebook.com/docs/sharing/webmasters/crawler)"
216.73.216.20 - - [10/Mar/2026:18:06:57 +0600] "GET /20849852.htm HTTP/1.1" 404 35756 "-" "Mozilla/5.0 AppleWebKit/537.36 (KHTML, like Gecko; compatible; ClaudeBot/1.0; +claudebot@anthropic.com)"
57.141.2.63 - - [10/Mar/2026:18:06:57 +0600] "GET /?i=calzedonia-pantis-transparentes-20-deniers-sin-costuras-de-lunares-36358455 HTTP/1.1" 200 141907 "-" "meta-externalagent/1.1 (+https://developers.facebook.com/docs/sharing/webmasters/crawler)"
216.73.216.20 - - [10/Mar/2026:18:06:57 +0600] "GET /36160256.htm HTTP/1.1" 404 35756 "-" "Mozilla/5.0 AppleWebKit/537.36 (KHTML, like Gecko; compatible; ClaudeBot/1.0; +claudebot@anthropic.com)"
57.141.2.57 - - [10/Mar/2026:18:06:58 +0600] "GET /?i=alcampo-gutarra-guisantes-ecologicos-gutarra-180-g-24590755 HTTP/1.1" 200 142139 "-" "meta-externalagent/1.1 (+https://developers.facebook.com/docs/sharing/webmasters/crawler)"
216.73.216.20 - - [10/Mar/2026:18:06:57 +0600] "GET /429290228.htm HTTP/1.1" 404 35756 "-" "Mozilla/5.0 AppleWebKit/537.36 (KHTML, like Gecko; compatible; ClaudeBot/1.0; +claudebot@anthropic.com)"
216.73.216.20 - - [10/Mar/2026:18:06:57 +0600] "GET /498295484.htm HTTP/1.1" 404 35756 "-" "Mozilla/5.0 AppleWebKit/537.36 (KHTML, like Gecko; compatible; ClaudeBot/1.0; +claudebot@anthropic.com)"
74.7.242.57 - - [10/Mar/2026:18:06:57 +0600] "GET /298851590.htm HTTP/1.1" 404 35756 "https://inprosysltd.com/sitemap-3.xml" "Mozilla/5.0 AppleWebKit/537.36 (KHTML, like Gecko; compatible; GPTBot/1.3; +https://openai.com/gptbot)"
216.73.216.20 - - [10/Mar/2026:18:06:57 +0600] "GET /14922962.htm HTTP/1.1" 404 35756 "-" "Mozilla/5.0 AppleWebKit/537.36 (KHTML, like Gecko; compatible; ClaudeBot/1.0; +claudebot@anthropic.com)"
216.73.216.20 - - [10/Mar/2026:18:06:57 +0600] "GET /56753246.htm HTTP/1.1" 404 35756 "-" "Mozilla/5.0 AppleWebKit/537.36 (KHTML, like Gecko; compatible; ClaudeBot/1.0; +claudebot@anthropic.com)"
57.141.2.8 - - [10/Mar/2026:18:06:58 +0600] "GET /?i=goods-193793358 HTTP/1.1" 200 140660 "-" "meta-externalagent/1.1 (+https://developers.facebook.com/docs/sharing/webmasters/crawler)"
216.73.216.20 - - [10/Mar/2026:18:06:58 +0600] "GET /41304272.htm HTTP/1.1" 404 35756 "-" "Mozilla/5.0 AppleWebKit/537.36 (KHTML, like Gecko; compatible; ClaudeBot/1.0; +claudebot@anthropic.com)"
57.141.2.25 - - [10/Mar/2026:18:06:59 +0600] "GET /?i=goods-105569058 HTTP/1.1" 200 141760 "-" "meta-externalagent/1.1 (+https://developers.facebook.com/docs/sharing/webmasters/crawler)"
57.141.2.37 - - [10/Mar/2026:18:06:59 +0600] "GET /?i=goods-119215054 HTTP/1.1" 200 140873 "-" "meta-externalagent/1.1 (+https://developers.facebook.com/docs/sharing/webmasters/crawler)"
57.141.2.66 - - [10/Mar/2026:18:07:00 +0600] "GET /?i=goods-16358258 HTTP/1.1" 200 143553 "-" "meta-externalagent/1.1 (+https://developers.facebook.com/docs/sharing/webmasters/crawler)"
216.73.216.20 - - [10/Mar/2026:18:06:59 +0600] "GET /99775604.htm HTTP/1.1" 404 35756 "-" "Mozilla/5.0 AppleWebKit/537.36 (KHTML, like Gecko; compatible; ClaudeBot/1.0; +claudebot@anthropic.com)"
216.73.216.20 - - [10/Mar/2026:18:07:00 +0600] "GET /26698808.htm HTTP/1.1" 404 35756 "-" "Mozilla/5.0 AppleWebKit/537.36 (KHTML, like Gecko; compatible; ClaudeBot/1.0; +claudebot@anthropic.com)"
57.141.2.13 - - [10/Mar/2026:18:07:00 +0600] "GET /?i=goods-80703258 HTTP/1.1" 200 141999 "-" "meta-externalagent/1.1 (+https://developers.facebook.com/docs/sharing/webmasters/crawler)"
57.141.2.60 - - [10/Mar/2026:18:07:01 +0600] "GET /?i=goods-124280858 HTTP/1.1" 200 140338 "-" "meta-externalagent/1.1 (+https://developers.facebook.com/docs/sharing/webmasters/crawler)"
216.73.216.20 - - [10/Mar/2026:18:07:00 +0600] "GET /389473208.htm HTTP/1.1" 404 35756 "-" "Mozilla/5.0 AppleWebKit/537.36 (KHTML, like Gecko; compatible; ClaudeBot/1.0; +claudebot@anthropic.com)"
216.73.216.20 - - [10/Mar/2026:18:07:00 +0600] "GET /269369102.htm HTTP/1.1" 404 35756 "-" "Mozilla/5.0 AppleWebKit/537.36 (KHTML, like Gecko; compatible; ClaudeBot/1.0; +claudebot@anthropic.com)"
216.73.216.20 - - [10/Mar/2026:18:07:00 +0600] "GET /18677186.htm HTTP/1.1" 404 35756 "-" "Mozilla/5.0 AppleWebKit/537.36 (KHTML, like Gecko; compatible; ClaudeBot/1.0; +claudebot@anthropic.com)"
216.73.216.20 - - [10/Mar/2026:18:07:01 +0600] "GET /67569704.htm HTTP/1.1" 404 35756 "-" "Mozilla/5.0 AppleWebKit/537.36 (KHTML, like Gecko; compatible; ClaudeBot/1.0; +claudebot@anthropic.com)"
57.141.2.7 - - [10/Mar/2026:18:07:01 +0600] "GET /?i=tumi-35624055 HTTP/1.1" 200 140280 "-" "meta-externalagent/1.1 (+https://developers.facebook.com/docs/sharing/webmasters/crawler)"
216.73.216.20 - - [10/Mar/2026:18:07:01 +0600] "GET /43024772.htm HTTP/1.1" 404 35756 "-" "Mozilla/5.0 AppleWebKit/537.36 (KHTML, like Gecko; compatible; ClaudeBot/1.0; +claudebot@anthropic.com)"
57.141.2.31 - - [10/Mar/2026:18:07:02 +0600] "GET /?i=goods-153170158 HTTP/1.1" 200 144890 "-" "meta-externalagent/1.1 (+https://developers.facebook.com/docs/sharing/webmasters/crawler)"
216.73.216.20 - - [10/Mar/2026:18:07:01 +0600] "GET /98655140.htm HTTP/1.1" 404 35756 "-" "Mozilla/5.0 AppleWebKit/537.36 (KHTML, like Gecko; compatible; ClaudeBot/1.0; +claudebot@anthropic.com)"
57.141.2.5 - - [10/Mar/2026:18:07:02 +0600] "GET /?i=tezenis-sujetador-triangulo-lisbon-sin-relleno-de-encaje-reciclado-36704755 HTTP/1.1" 200 142522 "-" "meta-externalagent/1.1 (+https://developers.facebook.com/docs/sharing/webmasters/crawler)"
216.73.216.20 - - [10/Mar/2026:18:07:02 +0600] "GET /28301198.htm HTTP/1.1" 404 35756 "-" "Mozilla/5.0 AppleWebKit/537.36 (KHTML, like Gecko; compatible; ClaudeBot/1.0; +claudebot@anthropic.com)"
216.73.216.20 - - [10/Mar/2026:18:07:03 +0600] "GET /228495602.htm HTTP/1.1" 404 35756 "-" "Mozilla/5.0 AppleWebKit/537.36 (KHTML, like Gecko; compatible; ClaudeBot/1.0; +claudebot@anthropic.com)"
216.73.216.20 - - [10/Mar/2026:18:07:03 +0600] "GET /113481758.htm HTTP/1.1" 404 35756 "-" "Mozilla/5.0 AppleWebKit/537.36 (KHTML, like Gecko; compatible; ClaudeBot/1.0; +claudebot@anthropic.com)"
57.141.2.17 - - [10/Mar/2026:18:07:03 +0600] "GET /?i=goods-54490854 HTTP/1.1" 200 142427 "-" "meta-externalagent/1.1 (+https://developers.facebook.com/docs/sharing/webmasters/crawler)"
57.141.2.10 - - [10/Mar/2026:18:07:03 +0600] "GET /?i=sulion-aplique-candy-terrazo-y-doble-difusor-de-vidrio-30x30x18cm-su-17570555 HTTP/1.1" 200 141696 "-" "meta-externalagent/1.1 (+https://developers.facebook.com/docs/sharing/webmasters/crawler)"
57.141.2.17 - - [10/Mar/2026:18:07:04 +0600] "GET /?i=twenty-one-maillot-mujer-factory-gravel-19080855 HTTP/1.1" 200 141963 "-" "meta-externalagent/1.1 (+https://developers.facebook.com/docs/sharing/webmasters/crawler)"
57.141.2.30 - - [10/Mar/2026:18:07:04 +0600] "GET /?i=lolahome-figura-de-cara-de-metal-y-ceramica-dorada-de-12x6x33-cm-10964555 HTTP/1.1" 200 141624 "-" "meta-externalagent/1.1 (+https://developers.facebook.com/docs/sharing/webmasters/crawler)"
57.141.2.65 - - [10/Mar/2026:18:07:05 +0600] "GET /?i=koala-bay-camiseta-manga-corta-transparencias-tumi-9958155 HTTP/1.1" 200 140273 "-" "meta-externalagent/1.1 (+https://developers.facebook.com/docs/sharing/webmasters/crawler)"
57.141.2.31 - - [10/Mar/2026:18:07:05 +0600] "GET /?i=singularu-pendiente-suelto-pebbles-s-plata-bano-oro-15594155 HTTP/1.1" 200 140476 "-" "meta-externalagent/1.1 (+https://developers.facebook.com/docs/sharing/webmasters/crawler)"
57.141.2.33 - - [10/Mar/2026:18:07:06 +0600] "GET /?i=goods-118046358 HTTP/1.1" 200 144908 "-" "meta-externalagent/1.1 (+https://developers.facebook.com/docs/sharing/webmasters/crawler)"
57.141.2.37 - - [10/Mar/2026:18:07:06 +0600] "GET /?i=kenay-home-escritorio-negro-infantil-120-9809555 HTTP/1.1" 200 140023 "-" "meta-externalagent/1.1 (+https://developers.facebook.com/docs/sharing/webmasters/crawler)"
57.141.2.54 - - [10/Mar/2026:18:07:07 +0600] "GET /?i=valentino-zapato-preshoes-de-cabritilla-con-cristales-y-tacon-de-45-34925155 HTTP/1.1" 200 143993 "-" "meta-externalagent/1.1 (+https://developers.facebook.com/docs/sharing/webmasters/crawler)"
57.141.2.64 - - [10/Mar/2026:18:07:07 +0600] "GET /?i=goods-22558 HTTP/1.1" 200 140915 "-" "meta-externalagent/1.1 (+https://developers.facebook.com/docs/sharing/webmasters/crawler)"
57.141.2.10 - - [10/Mar/2026:18:07:08 +0600] "GET /?i=andres-machado-bailarina-charol-rojo-estilo-mary-jane-641655 HTTP/1.1" 200 141804 "-" "meta-externalagent/1.1 (+https://developers.facebook.com/docs/sharing/webmasters/crawler)"
57.141.2.58 - - [10/Mar/2026:18:07:08 +0600] "GET /?i=conforama-maceta-artevasi-antracita-49-9-x-20-x-18-1-cm-29498355 HTTP/1.1" 200 142371 "-" "meta-externalagent/1.1 (+https://developers.facebook.com/docs/sharing/webmasters/crawler)"
57.141.2.58 - - [10/Mar/2026:18:07:09 +0600] "GET /?i=alcampo-dodoni-queso-feta-dop-150-gr-24485555 HTTP/1.1" 200 141831 "-" "meta-externalagent/1.1 (+https://developers.facebook.com/docs/sharing/webmasters/crawler)"
74.7.227.10 - - [10/Mar/2026:18:07:09 +0600] "GET /278506781.phtml HTTP/1.1" 404 36192 "https://www.inprosysltd.com/sitemap-18.xml" "Mozilla/5.0 AppleWebKit/537.36 (KHTML, like Gecko; compatible; GPTBot/1.3; +https://openai.com/gptbot)"
57.141.2.53 - - [10/Mar/2026:18:07:09 +0600] "GET /?i=westwing-puf-reposapies-en-tejido-boucle-alto-31339355 HTTP/1.1" 200 142302 "-" "meta-externalagent/1.1 (+https://developers.facebook.com/docs/sharing/webmasters/crawler)"
57.141.2.10 - - [10/Mar/2026:18:07:10 +0600] "GET /?i=women-secret-braga-de-bikini-logo-calvin-klein-22699355 HTTP/1.1" 200 141660 "-" "meta-externalagent/1.1 (+https://developers.facebook.com/docs/sharing/webmasters/crawler)"
57.141.2.65 - - [10/Mar/2026:18:07:10 +0600] "GET /?i=dolce-gabbana-cojin-de-seda-pequeno-33328655 HTTP/1.1" 200 141349 "-" "meta-externalagent/1.1 (+https://developers.facebook.com/docs/sharing/webmasters/crawler)"
57.141.2.37 - - [10/Mar/2026:18:07:11 +0600] "GET /?i=alcampo-plastilina-150g-color-azul-claro-jovi-26257055 HTTP/1.1" 200 141873 "-" "meta-externalagent/1.1 (+https://developers.facebook.com/docs/sharing/webmasters/crawler)"
57.141.2.62 - - [10/Mar/2026:18:07:11 +0600] "GET /?i=ripshop-mantel-hidrofugo-lino-100-army-green-ripshop-15080855 HTTP/1.1" 200 141883 "-" "meta-externalagent/1.1 (+https://developers.facebook.com/docs/sharing/webmasters/crawler)"
57.141.2.2 - - [10/Mar/2026:18:07:12 +0600] "GET /?i=maisons-du-monde-juego-de-copas-de-champan-x6-de-cristal-transparent-31289255 HTTP/1.1" 200 143955 "-" "meta-externalagent/1.1 (+https://developers.facebook.com/docs/sharing/webmasters/crawler)"
57.141.2.17 - - [10/Mar/2026:18:07:12 +0600] "GET /?i=garcia-de-pou-tapa-para-codigos-164-47-48-66-1x46-2x3-5-cm-transpare-7931955 HTTP/1.1" 200 144185 "-" "meta-externalagent/1.1 (+https://developers.facebook.com/docs/sharing/webmasters/crawler)"
57.141.2.48 - - [10/Mar/2026:18:07:13 +0600] "GET /?i=westwing-armario-de-metal-punctual-31735455 HTTP/1.1" 200 142000 "-" "meta-externalagent/1.1 (+https://developers.facebook.com/docs/sharing/webmasters/crawler)"
57.141.2.33 - - [10/Mar/2026:18:07:13 +0600] "GET /?i=vical-home-paraban-darois-19576655 HTTP/1.1" 200 139865 "-" "meta-externalagent/1.1 (+https://developers.facebook.com/docs/sharing/webmasters/crawler)"
57.141.2.53 - - [10/Mar/2026:18:07:14 +0600] "GET /?i=garcia-de-pou-contenedor-alimentos-8-l-22-5x22-5x23-cm-transparente-7931755 HTTP/1.1" 200 143425 "-" "meta-externalagent/1.1 (+https://developers.facebook.com/docs/sharing/webmasters/crawler)"
57.141.2.16 - - [10/Mar/2026:18:07:14 +0600] "GET /?i=hugo-boss-blusa-con-cuello-fruncido-en-crepe-de-china-de-seda-elasti-38117855 HTTP/1.1" 200 3 "-" "meta-externalagent/1.1 (+https://developers.facebook.com/docs/sharing/webmasters/crawler)"
57.141.2.55 - - [10/Mar/2026:18:07:15 +0600] "GET /?i=sklum-jolie-esszimmerstuhl-aus-chenille-stoff-17026355 HTTP/1.1" 200 142407 "-" "meta-externalagent/1.1 (+https://developers.facebook.com/docs/sharing/webmasters/crawler)"
57.141.2.25 - - [10/Mar/2026:18:07:15 +0600] "GET /?i=sport-hg-c-fury-camiseta-masculina-de-manga-larga-con-fibra-de-carbo-17475555 HTTP/1.1" 200 142081 "-" "meta-externalagent/1.1 (+https://developers.facebook.com/docs/sharing/webmasters/crawler)"
57.141.2.23 - - [10/Mar/2026:18:07:16 +0600] "GET /?i=in-side-bolso-shopper-nailon-9001755 HTTP/1.1" 200 139578 "-" "meta-externalagent/1.1 (+https://developers.facebook.com/docs/sharing/webmasters/crawler)"
57.141.2.11 - - [10/Mar/2026:18:07:16 +0600] "GET /?i=goods-38840058 HTTP/1.1" 200 143867 "-" "meta-externalagent/1.1 (+https://developers.facebook.com/docs/sharing/webmasters/crawler)"
57.141.2.66 - - [10/Mar/2026:18:07:17 +0600] "GET /?i=dcasa-perchero-negro-de-metal-de-150x55x45-cm-4654655 HTTP/1.1" 200 143912 "-" "meta-externalagent/1.1 (+https://developers.facebook.com/docs/sharing/webmasters/crawler)"
57.141.2.67 - - [10/Mar/2026:18:07:17 +0600] "GET /?i=cortefiel-body-tanga-de-compresion-tul-y-saten-shaping-satin-3533355 HTTP/1.1" 200 142169 "-" "meta-externalagent/1.1 (+https://developers.facebook.com/docs/sharing/webmasters/crawler)"
57.141.2.69 - - [10/Mar/2026:18:07:18 +0600] "GET /?i=fama-fabre-tinte-pestanas-n-3-1-m-claro-15ml-refectocil-7080555 HTTP/1.1" 200 141274 "-" "meta-externalagent/1.1 (+https://developers.facebook.com/docs/sharing/webmasters/crawler)"
216.73.216.20 - - [10/Mar/2026:18:07:17 +0600] "GET /513371900.htm HTTP/1.1" 404 35756 "-" "Mozilla/5.0 AppleWebKit/537.36 (KHTML, like Gecko; compatible; ClaudeBot/1.0; +claudebot@anthropic.com)"
216.73.216.20 - - [10/Mar/2026:18:07:17 +0600] "GET /53747858.htm HTTP/1.1" 404 35756 "-" "Mozilla/5.0 AppleWebKit/537.36 (KHTML, like Gecko; compatible; ClaudeBot/1.0; +claudebot@anthropic.com)"
57.141.2.40 - - [10/Mar/2026:18:07:18 +0600] "GET /?i=sinned-x-about-you-organizador-de-joyas-glanzstucke-munchen-en-gris-15752955 HTTP/1.1" 200 140950 "-" "meta-externalagent/1.1 (+https://developers.facebook.com/docs/sharing/webmasters/crawler)"
216.73.216.20 - - [10/Mar/2026:18:07:18 +0600] "GET /67917338.htm HTTP/1.1" 404 35756 "-" "Mozilla/5.0 AppleWebKit/537.36 (KHTML, like Gecko; compatible; ClaudeBot/1.0; +claudebot@anthropic.com)"
216.73.216.20 - - [10/Mar/2026:18:07:18 +0600] "GET /567280652.htm HTTP/1.1" 404 35756 "-" "Mozilla/5.0 AppleWebKit/537.36 (KHTML, like Gecko; compatible; ClaudeBot/1.0; +claudebot@anthropic.com)"
216.73.216.20 - - [10/Mar/2026:18:07:18 +0600] "GET /11577194.htm HTTP/1.1" 404 35756 "-" "Mozilla/5.0 AppleWebKit/537.36 (KHTML, like Gecko; compatible; ClaudeBot/1.0; +claudebot@anthropic.com)"
216.73.216.20 - - [10/Mar/2026:18:07:18 +0600] "GET /486297182.htm HTTP/1.1" 404 35756 "-" "Mozilla/5.0 AppleWebKit/537.36 (KHTML, like Gecko; compatible; ClaudeBot/1.0; +claudebot@anthropic.com)"
57.141.2.69 - - [10/Mar/2026:18:07:19 +0600] "GET /?i=conforama-bandeja-madera-natural-100x20x10-cm-29084755 HTTP/1.1" 200 142301 "-" "meta-externalagent/1.1 (+https://developers.facebook.com/docs/sharing/webmasters/crawler)"
57.141.2.2 - - [10/Mar/2026:18:07:19 +0600] "GET /?i=conforama-estanteria-alexandra-house-living-blanco-madera-de-abeto-3-29204255 HTTP/1.1" 200 142872 "-" "meta-externalagent/1.1 (+https://developers.facebook.com/docs/sharing/webmasters/crawler)"
57.141.2.22 - - [10/Mar/2026:18:07:20 +0600] "GET /?i=triana-by-c-pendientes-artigas-19021355 HTTP/1.1" 200 139484 "-" "meta-externalagent/1.1 (+https://developers.facebook.com/docs/sharing/webmasters/crawler)"
216.73.216.20 - - [10/Mar/2026:18:07:19 +0600] "GET /476358644.htm HTTP/1.1" 404 35756 "-" "Mozilla/5.0 AppleWebKit/537.36 (KHTML, like Gecko; compatible; ClaudeBot/1.0; +claudebot@anthropic.com)"
216.73.216.20 - - [10/Mar/2026:18:07:19 +0600] "GET /412984166.htm HTTP/1.1" 404 35756 "-" "Mozilla/5.0 AppleWebKit/537.36 (KHTML, like Gecko; compatible; ClaudeBot/1.0; +claudebot@anthropic.com)"
57.141.2.50 - - [10/Mar/2026:18:07:20 +0600] "GET /?i=goods-162283058 HTTP/1.1" 200 142013 "-" "meta-externalagent/1.1 (+https://developers.facebook.com/docs/sharing/webmasters/crawler)"
216.73.216.20 - - [10/Mar/2026:18:07:20 +0600] "GET /94023182.htm HTTP/1.1" 404 35756 "-" "Mozilla/5.0 AppleWebKit/537.36 (KHTML, like Gecko; compatible; ClaudeBot/1.0; +claudebot@anthropic.com)"
57.141.2.6 - - [10/Mar/2026:18:07:21 +0600] "GET /?i=conforama-cama-box-spring-con-colchon-tela-gris-claro-160x200-cm-blo-28637455 HTTP/1.1" 200 144996 "-" "meta-externalagent/1.1 (+https://developers.facebook.com/docs/sharing/webmasters/crawler)"
57.141.2.3 - - [10/Mar/2026:18:07:21 +0600] "GET /?i=dolce-gabbana-conjunto-2-platos-llanos-de-porcelana-33327855 HTTP/1.1" 200 141902 "-" "meta-externalagent/1.1 (+https://developers.facebook.com/docs/sharing/webmasters/crawler)"
216.73.216.20 - - [10/Mar/2026:18:07:21 +0600] "GET /337477652.htm HTTP/1.1" 404 35756 "-" "Mozilla/5.0 AppleWebKit/537.36 (KHTML, like Gecko; compatible; ClaudeBot/1.0; +claudebot@anthropic.com)"
216.73.216.20 - - [10/Mar/2026:18:07:20 +0600] "GET /201965864.htm HTTP/1.1" 404 35756 "-" "Mozilla/5.0 AppleWebKit/537.36 (KHTML, like Gecko; compatible; ClaudeBot/1.0; +claudebot@anthropic.com)"
216.73.216.20 - - [10/Mar/2026:18:07:21 +0600] "GET /471146366.htm HTTP/1.1" 404 35756 "-" "Mozilla/5.0 AppleWebKit/537.36 (KHTML, like Gecko; compatible; ClaudeBot/1.0; +claudebot@anthropic.com)"
57.141.2.64 - - [10/Mar/2026:18:07:22 +0600] "GET /?i=goods-77064358 HTTP/1.1" 200 141358 "-" "meta-externalagent/1.1 (+https://developers.facebook.com/docs/sharing/webmasters/crawler)"
216.73.216.20 - - [10/Mar/2026:18:07:22 +0600] "GET /18587720.htm HTTP/1.1" 404 35756 "-" "Mozilla/5.0 AppleWebKit/537.36 (KHTML, like Gecko; compatible; ClaudeBot/1.0; +claudebot@anthropic.com)"
216.73.216.20 - - [10/Mar/2026:18:07:22 +0600] "GET /36598286.htm HTTP/1.1" 404 35756 "-" "Mozilla/5.0 AppleWebKit/537.36 (KHTML, like Gecko; compatible; ClaudeBot/1.0; +claudebot@anthropic.com)"
57.141.2.63 - - [10/Mar/2026:18:07:22 +0600] "GET /?i=bricomart-te-mixta-20mmx1-2-macho-pe-30393455 HTTP/1.1" 200 143943 "-" "meta-externalagent/1.1 (+https://developers.facebook.com/docs/sharing/webmasters/crawler)"
57.141.2.31 - - [10/Mar/2026:18:07:23 +0600] "GET /?i=conforama-cama-con-somier-de-poliester-beige-claro-negro-160-x-200-c-29444055 HTTP/1.1" 200 143968 "-" "meta-externalagent/1.1 (+https://developers.facebook.com/docs/sharing/webmasters/crawler)"
216.73.216.20 - - [10/Mar/2026:18:07:22 +0600] "GET /166406198.htm HTTP/1.1" 404 35756 "-" "Mozilla/5.0 AppleWebKit/537.36 (KHTML, like Gecko; compatible; ClaudeBot/1.0; +claudebot@anthropic.com)"
216.73.216.20 - - [10/Mar/2026:18:07:23 +0600] "GET /334690442.htm HTTP/1.1" 404 35756 "-" "Mozilla/5.0 AppleWebKit/537.36 (KHTML, like Gecko; compatible; ClaudeBot/1.0; +claudebot@anthropic.com)"
57.141.2.62 - - [10/Mar/2026:18:07:23 +0600] "GET /?i=lolahome-set-de-3-mesas-de-centro-nido-triangulares-11002355 HTTP/1.1" 200 141626 "-" "meta-externalagent/1.1 (+https://developers.facebook.com/docs/sharing/webmasters/crawler)"
216.73.216.20 - - [10/Mar/2026:18:07:23 +0600] "GET /325545752.htm HTTP/1.1" 404 35756 "-" "Mozilla/5.0 AppleWebKit/537.36 (KHTML, like Gecko; compatible; ClaudeBot/1.0; +claudebot@anthropic.com)"
216.73.216.20 - - [10/Mar/2026:18:07:23 +0600] "GET /392909372.htm HTTP/1.1" 404 35756 "-" "Mozilla/5.0 AppleWebKit/537.36 (KHTML, like Gecko; compatible; ClaudeBot/1.0; +claudebot@anthropic.com)"
57.141.2.43 - - [10/Mar/2026:18:07:24 +0600] "GET /?i=wala-camisetas-manga-corta-losan-pk5-ss-tshirt-jersey-21424255 HTTP/1.1" 200 142792 "-" "meta-externalagent/1.1 (+https://developers.facebook.com/docs/sharing/webmasters/crawler)"
57.141.2.27 - - [10/Mar/2026:18:07:24 +0600] "GET /?i=goods-56786558 HTTP/1.1" 200 143351 "-" "meta-externalagent/1.1 (+https://developers.facebook.com/docs/sharing/webmasters/crawler)"
57.141.2.2 - - [10/Mar/2026:18:07:25 +0600] "GET /?i=eurostil-bolsa-6-rulos-malla-lila-36-mm-6409755 HTTP/1.1" 200 139604 "-" "meta-externalagent/1.1 (+https://developers.facebook.com/docs/sharing/webmasters/crawler)"
57.141.2.2 - - [10/Mar/2026:18:07:25 +0600] "GET /?i=alcampo-grant-s-whisky-blended-escoces-botella-1l-25259155 HTTP/1.1" 200 142137 "-" "meta-externalagent/1.1 (+https://developers.facebook.com/docs/sharing/webmasters/crawler)"
57.141.2.13 - - [10/Mar/2026:18:07:26 +0600] "GET /?i=eurostil-relleno-mono-circular-6-5cm-castano-6815755 HTTP/1.1" 200 139825 "-" "meta-externalagent/1.1 (+https://developers.facebook.com/docs/sharing/webmasters/crawler)"
57.141.2.48 - - [10/Mar/2026:18:07:27 +0600] "GET /?i=cecotec-toastin-time-850-inox-long-lite-tostador-vertical-de-acero-c-2517055 HTTP/1.1" 200 145283 "-" "meta-externalagent/1.1 (+https://developers.facebook.com/docs/sharing/webmasters/crawler)"
57.141.2.62 - - [10/Mar/2026:18:07:26 +0600] "GET /?i=cult-creed-cananga-porcelain-candle-220g-50867158 HTTP/1.1" 200 140870 "-" "meta-externalagent/1.1 (+https://developers.facebook.com/docs/sharing/webmasters/crawler)"
57.141.2.12 - - [10/Mar/2026:18:07:27 +0600] "GET /?i=balenciaga-zapatillas-runner-para-mujer-en-beige-34127155 HTTP/1.1" 200 140563 "-" "meta-externalagent/1.1 (+https://developers.facebook.com/docs/sharing/webmasters/crawler)"
57.141.2.67 - - [10/Mar/2026:18:07:28 +0600] "GET /?i=ecoalf-white-marangu-coat-5600055 HTTP/1.1" 200 140097 "-" "meta-externalagent/1.1 (+https://developers.facebook.com/docs/sharing/webmasters/crawler)"
57.141.2.31 - - [10/Mar/2026:18:07:28 +0600] "GET /?i=antonio-miro-polo-estructura-delantero-detalles-contraste-778955 HTTP/1.1" 200 140128 "-" "meta-externalagent/1.1 (+https://developers.facebook.com/docs/sharing/webmasters/crawler)"
57.141.2.58 - - [10/Mar/2026:18:07:29 +0600] "GET /?i=bricomart-puerta-para-mueble-de-cocina-mallorca-blanco-brillo-mdf-70-30394655 HTTP/1.1" 200 145869 "-" "meta-externalagent/1.1 (+https://developers.facebook.com/docs/sharing/webmasters/crawler)"
57.141.2.61 - - [10/Mar/2026:18:07:30 +0600] "GET /?i=bullpadel-gymsack-bullpadel-bpb-22221-g-sack-hortensia-1595555 HTTP/1.1" 200 141449 "-" "meta-externalagent/1.1 (+https://developers.facebook.com/docs/sharing/webmasters/crawler)"
57.141.2.67 - - [10/Mar/2026:18:07:30 +0600] "GET /?i=fendi-polo-33959755 HTTP/1.1" 200 140042 "-" "meta-externalagent/1.1 (+https://developers.facebook.com/docs/sharing/webmasters/crawler)"
57.141.2.46 - - [10/Mar/2026:18:07:31 +0600] "GET /?i=conforama-figura-manzana-resina-14x14x13-cm-29325355 HTTP/1.1" 200 141808 "-" "meta-externalagent/1.1 (+https://developers.facebook.com/docs/sharing/webmasters/crawler)"
57.141.2.38 - - [10/Mar/2026:18:07:29 +0600] "GET /?i=goods-109953658 HTTP/1.1" 200 140676 "-" "meta-externalagent/1.1 (+https://developers.facebook.com/docs/sharing/webmasters/crawler)"
57.141.2.6 - - [10/Mar/2026:18:07:32 +0600] "GET /?i=h-m-toalla-de-bano-en-tejido-rizado-salvia-home-40069955 HTTP/1.1" 200 141353 "-" "meta-externalagent/1.1 (+https://developers.facebook.com/docs/sharing/webmasters/crawler)"
57.141.2.55 - - [10/Mar/2026:18:07:31 +0600] "GET /?i=sklum-toalheiro-de-parede-para-banheiro-com-prateleira-em-aco-inoxid-16056155 HTTP/1.1" 200 143220 "-" "meta-externalagent/1.1 (+https://developers.facebook.com/docs/sharing/webmasters/crawler)"
57.141.2.49 - - [10/Mar/2026:18:07:32 +0600] "GET /?i=new-rock-metallic-m-1473-rc4-13022955 HTTP/1.1" 200 139493 "-" "meta-externalagent/1.1 (+https://developers.facebook.com/docs/sharing/webmasters/crawler)"
57.141.2.30 - - [10/Mar/2026:18:07:33 +0600] "GET /?i=triana-by-c-pendientes-amberes-19022355 HTTP/1.1" 200 139423 "-" "meta-externalagent/1.1 (+https://developers.facebook.com/docs/sharing/webmasters/crawler)"
57.141.2.37 - - [10/Mar/2026:18:07:33 +0600] "GET /?i=batela-defensa-de-cuerda-d1255-1112755 HTTP/1.1" 200 140142 "-" "meta-externalagent/1.1 (+https://developers.facebook.com/docs/sharing/webmasters/crawler)"
57.141.2.49 - - [10/Mar/2026:18:07:34 +0600] "GET /?i=the-time-of-bocha-polo-team-cinturon-piel-hombre-the-time-of-bocha-q-18133155 HTTP/1.1" 200 142841 "-" "meta-externalagent/1.1 (+https://developers.facebook.com/docs/sharing/webmasters/crawler)"
57.141.2.23 - - [10/Mar/2026:18:07:34 +0600] "GET /?i=cecotec-toastin-time-850-red-long-lite-tostador-vertical-de-acero-co-2517455 HTTP/1.1" 200 144951 "-" "meta-externalagent/1.1 (+https://developers.facebook.com/docs/sharing/webmasters/crawler)"
57.141.2.69 - - [10/Mar/2026:18:07:35 +0600] "GET /?i=bricomart-rejilla-para-plato-de-ducha-inox-30070855 HTTP/1.1" 200 144205 "-" "meta-externalagent/1.1 (+https://developers.facebook.com/docs/sharing/webmasters/crawler)"
57.141.2.2 - - [10/Mar/2026:18:07:35 +0600] "GET /?i=dcasa-puff-pongotodo-plegable-rectangular-gris-76-cm-4691055 HTTP/1.1" 200 143182 "-" "meta-externalagent/1.1 (+https://developers.facebook.com/docs/sharing/webmasters/crawler)"
57.141.2.20 - - [10/Mar/2026:18:07:36 +0600] "GET /?i=alcampo-colgador-para-bano-o-aseo-tatay-25956855 HTTP/1.1" 200 142010 "-" "meta-externalagent/1.1 (+https://developers.facebook.com/docs/sharing/webmasters/crawler)"
57.141.2.41 - - [10/Mar/2026:18:07:37 +0600] "GET /?i=conforama-perchero-mural-3-ganchos-liora-madera-29199855 HTTP/1.1" 200 141683 "-" "meta-externalagent/1.1 (+https://developers.facebook.com/docs/sharing/webmasters/crawler)"
57.141.2.40 - - [10/Mar/2026:18:07:36 +0600] "GET /?i=cortefiel-vestido-punto-corto-ajustado-3960155 HTTP/1.1" 200 141689 "-" "meta-externalagent/1.1 (+https://developers.facebook.com/docs/sharing/webmasters/crawler)"
57.141.2.63 - - [10/Mar/2026:18:07:37 +0600] "GET /?i=garvalin-colegial-deportivo-241015-b089-8308655 HTTP/1.1" 200 140562 "-" "meta-externalagent/1.1 (+https://developers.facebook.com/docs/sharing/webmasters/crawler)"
57.141.2.67 - - [10/Mar/2026:18:07:38 +0600] "GET /?i=eurostil-roll-on-cera-azul-110gr-6756955 HTTP/1.1" 200 139453 "-" "meta-externalagent/1.1 (+https://developers.facebook.com/docs/sharing/webmasters/crawler)"
57.141.2.11 - - [10/Mar/2026:18:07:38 +0600] "GET /?i=goods-45541554 HTTP/1.1" 200 139898 "-" "meta-externalagent/1.1 (+https://developers.facebook.com/docs/sharing/webmasters/crawler)"
57.141.2.21 - - [10/Mar/2026:18:07:39 +0600] "GET /?i=the-time-of-bocha-polo-team-gorra-algodon-bicolor-ajustable-hombre-t-18132755 HTTP/1.1" 200 143652 "-" "meta-externalagent/1.1 (+https://developers.facebook.com/docs/sharing/webmasters/crawler)"
57.141.2.1 - - [10/Mar/2026:18:07:39 +0600] "GET /?i=conforama-taburete-de-madera-29204555 HTTP/1.1" 200 141477 "-" "meta-externalagent/1.1 (+https://developers.facebook.com/docs/sharing/webmasters/crawler)"
57.141.2.63 - - [10/Mar/2026:18:07:40 +0600] "GET /?i=equipo-drt-piran-220-arena-6109755 HTTP/1.1" 200 139795 "-" "meta-externalagent/1.1 (+https://developers.facebook.com/docs/sharing/webmasters/crawler)"
57.141.2.26 - - [10/Mar/2026:18:07:40 +0600] "GET /?i=hugo-boss-gafas-de-sol-negras-con-detalles-en-rojo-de-la-marca-37889255 HTTP/1.1" 200 142612 "-" "meta-externalagent/1.1 (+https://developers.facebook.com/docs/sharing/webmasters/crawler)"
57.141.2.63 - - [10/Mar/2026:18:07:41 +0600] "GET /?i=nacnic-lamina-de-pointer-turco-en-tonos-pastel-12607755 HTTP/1.1" 200 143409 "-" "meta-externalagent/1.1 (+https://developers.facebook.com/docs/sharing/webmasters/crawler)"
57.141.2.34 - - [10/Mar/2026:18:07:41 +0600] "GET /?i=eurostil-tenacilla-rizadora-d-38mm-barra-156mm-6839055 HTTP/1.1" 200 140307 "-" "meta-externalagent/1.1 (+https://developers.facebook.com/docs/sharing/webmasters/crawler)"
57.141.2.48 - - [10/Mar/2026:18:07:42 +0600] "GET /?i=colour-nude-chaqueta-de-madrina-lombardia-2023-2923955 HTTP/1.1" 200 140436 "-" "meta-externalagent/1.1 (+https://developers.facebook.com/docs/sharing/webmasters/crawler)"
57.141.2.40 - - [10/Mar/2026:18:07:42 +0600] "GET /?i=superdry-chanclas-de-piscina-code-core-37391655 HTTP/1.1" 200 140576 "-" "meta-externalagent/1.1 (+https://developers.facebook.com/docs/sharing/webmasters/crawler)"
57.141.2.51 - - [10/Mar/2026:18:07:43 +0600] "GET /?i=goods-194026358 HTTP/1.1" 200 140662 "-" "meta-externalagent/1.1 (+https://developers.facebook.com/docs/sharing/webmasters/crawler)"
57.141.2.66 - - [10/Mar/2026:18:07:43 +0600] "GET /?i=punto-blanco-chaleco-cuello-pico-lana-merino-14812155 HTTP/1.1" 200 140486 "-" "meta-externalagent/1.1 (+https://developers.facebook.com/docs/sharing/webmasters/crawler)"
57.141.2.60 - - [10/Mar/2026:18:07:44 +0600] "GET /?i=goods-163251058 HTTP/1.1" 200 142464 "-" "meta-externalagent/1.1 (+https://developers.facebook.com/docs/sharing/webmasters/crawler)"
216.73.216.20 - - [10/Mar/2026:18:07:44 +0600] "GET /121998512.htm HTTP/1.1" 404 35756 "-" "Mozilla/5.0 AppleWebKit/537.36 (KHTML, like Gecko; compatible; ClaudeBot/1.0; +claudebot@anthropic.com)"
216.73.216.20 - - [10/Mar/2026:18:07:44 +0600] "GET /246266972.htm HTTP/1.1" 404 35756 "-" "Mozilla/5.0 AppleWebKit/537.36 (KHTML, like Gecko; compatible; ClaudeBot/1.0; +claudebot@anthropic.com)"
57.141.2.35 - - [10/Mar/2026:18:07:44 +0600] "GET /?i=givenchy-terra-chelsea-boots-in-leather-34352255 HTTP/1.1" 200 140900 "-" "meta-externalagent/1.1 (+https://developers.facebook.com/docs/sharing/webmasters/crawler)"
216.73.216.20 - - [10/Mar/2026:18:07:44 +0600] "GET /202055330.htm HTTP/1.1" 404 35756 "-" "Mozilla/5.0 AppleWebKit/537.36 (KHTML, like Gecko; compatible; ClaudeBot/1.0; +claudebot@anthropic.com)"
216.73.216.20 - - [10/Mar/2026:18:07:44 +0600] "GET /101200178.htm HTTP/1.1" 404 35756 "-" "Mozilla/5.0 AppleWebKit/537.36 (KHTML, like Gecko; compatible; ClaudeBot/1.0; +claudebot@anthropic.com)"
216.73.216.20 - - [10/Mar/2026:18:07:44 +0600] "GET /403245206.htm HTTP/1.1" 404 35756 "-" "Mozilla/5.0 AppleWebKit/537.36 (KHTML, like Gecko; compatible; ClaudeBot/1.0; +claudebot@anthropic.com)"
216.73.216.20 - - [10/Mar/2026:18:07:44 +0600] "GET /76028054.htm HTTP/1.1" 404 35756 "-" "Mozilla/5.0 AppleWebKit/537.36 (KHTML, like Gecko; compatible; ClaudeBot/1.0; +claudebot@anthropic.com)"
57.141.2.24 - - [10/Mar/2026:18:07:45 +0600] "GET /?i=valentino-zapato-bepointy-de-cabritilla-con-correa-trasera-y-tacon-d-34926155 HTTP/1.1" 200 143753 "-" "meta-externalagent/1.1 (+https://developers.facebook.com/docs/sharing/webmasters/crawler)"
57.141.2.17 - - [10/Mar/2026:18:07:45 +0600] "GET /?i=superdry-parka-xpd-everest-37399355 HTTP/1.1" 200 141271 "-" "meta-externalagent/1.1 (+https://developers.facebook.com/docs/sharing/webmasters/crawler)"
57.141.2.35 - - [10/Mar/2026:18:07:46 +0600] "GET /?i=hugo-boss-shorts-para-ninos-en-forro-polar-con-logo-estampado-vertic-37811955 HTTP/1.1" 200 142948 "-" "meta-externalagent/1.1 (+https://developers.facebook.com/docs/sharing/webmasters/crawler)"
216.73.216.20 - - [10/Mar/2026:18:07:45 +0600] "GET /215155682.htm HTTP/1.1" 404 35756 "-" "Mozilla/5.0 AppleWebKit/537.36 (KHTML, like Gecko; compatible; ClaudeBot/1.0; +claudebot@anthropic.com)"
216.73.216.20 - - [10/Mar/2026:18:07:46 +0600] "GET /206246282.htm HTTP/1.1" 404 35756 "-" "Mozilla/5.0 AppleWebKit/537.36 (KHTML, like Gecko; compatible; ClaudeBot/1.0; +claudebot@anthropic.com)"
57.141.2.38 - - [10/Mar/2026:18:07:46 +0600] "GET /?i=lola-casademunt-camisa-corta-con-strass-10803555 HTTP/1.1" 200 140112 "-" "meta-externalagent/1.1 (+https://developers.facebook.com/docs/sharing/webmasters/crawler)"
216.73.216.20 - - [10/Mar/2026:18:07:46 +0600] "GET /192036812.htm HTTP/1.1" 404 35756 "-" "Mozilla/5.0 AppleWebKit/537.36 (KHTML, like Gecko; compatible; ClaudeBot/1.0; +claudebot@anthropic.com)"
57.141.2.30 - - [10/Mar/2026:18:07:47 +0600] "GET /?i=alcampo-emcesa-bandeja-de-chorizos-dulces-de-pincho-24294555 HTTP/1.1" 200 142266 "-" "meta-externalagent/1.1 (+https://developers.facebook.com/docs/sharing/webmasters/crawler)"
216.73.216.20 - - [10/Mar/2026:18:07:46 +0600] "GET /320291996.htm HTTP/1.1" 404 35756 "-" "Mozilla/5.0 AppleWebKit/537.36 (KHTML, like Gecko; compatible; ClaudeBot/1.0; +claudebot@anthropic.com)"
216.73.216.20 - - [10/Mar/2026:18:07:46 +0600] "GET /466019462.htm HTTP/1.1" 404 35756 "-" "Mozilla/5.0 AppleWebKit/537.36 (KHTML, like Gecko; compatible; ClaudeBot/1.0; +claudebot@anthropic.com)"
216.73.216.20 - - [10/Mar/2026:18:07:47 +0600] "GET /511863254.htm HTTP/1.1" 404 35756 "-" "Mozilla/5.0 AppleWebKit/537.36 (KHTML, like Gecko; compatible; ClaudeBot/1.0; +claudebot@anthropic.com)"
57.141.2.23 - - [10/Mar/2026:18:07:47 +0600] "GET /?i=goods-38678558 HTTP/1.1" 200 142102 "-" "meta-externalagent/1.1 (+https://developers.facebook.com/docs/sharing/webmasters/crawler)"
216.73.216.20 - - [10/Mar/2026:18:07:47 +0600] "GET /559175702.htm HTTP/1.1" 404 35756 "-" "Mozilla/5.0 AppleWebKit/537.36 (KHTML, like Gecko; compatible; ClaudeBot/1.0; +claudebot@anthropic.com)"
57.141.2.47 - - [10/Mar/2026:18:07:48 +0600] "GET /?i=goods-53532258 HTTP/1.1" 200 141539 "-" "meta-externalagent/1.1 (+https://developers.facebook.com/docs/sharing/webmasters/crawler)"
57.141.2.56 - - [10/Mar/2026:18:07:48 +0600] "GET /?i=sophie-and-lucie-tunica-pareo-punto-carmesi-17240055 HTTP/1.1" 200 140724 "-" "meta-externalagent/1.1 (+https://developers.facebook.com/docs/sharing/webmasters/crawler)"
216.73.216.20 - - [10/Mar/2026:18:07:48 +0600] "GET /248786342.htm HTTP/1.1" 404 35756 "-" "Mozilla/5.0 AppleWebKit/537.36 (KHTML, like Gecko; compatible; ClaudeBot/1.0; +claudebot@anthropic.com)"
216.73.216.20 - - [10/Mar/2026:18:07:48 +0600] "GET /306100382.htm HTTP/1.1" 404 35756 "-" "Mozilla/5.0 AppleWebKit/537.36 (KHTML, like Gecko; compatible; ClaudeBot/1.0; +claudebot@anthropic.com)"
57.141.2.67 - - [10/Mar/2026:18:07:49 +0600] "GET /?i=cortefiel-jersey-manolia-3950455 HTTP/1.1" 200 141144 "-" "meta-externalagent/1.1 (+https://developers.facebook.com/docs/sharing/webmasters/crawler)"
216.73.216.20 - - [10/Mar/2026:18:07:48 +0600] "GET /334397120.htm HTTP/1.1" 404 35756 "-" "Mozilla/5.0 AppleWebKit/537.36 (KHTML, like Gecko; compatible; ClaudeBot/1.0; +claudebot@anthropic.com)"
216.73.216.20 - - [10/Mar/2026:18:07:48 +0600] "GET /511674650.htm HTTP/1.1" 404 35756 "-" "Mozilla/5.0 AppleWebKit/537.36 (KHTML, like Gecko; compatible; ClaudeBot/1.0; +claudebot@anthropic.com)"
216.73.216.20 - - [10/Mar/2026:18:07:49 +0600] "GET /535587740.htm HTTP/1.1" 404 35756 "-" "Mozilla/5.0 AppleWebKit/537.36 (KHTML, like Gecko; compatible; ClaudeBot/1.0; +claudebot@anthropic.com)"
57.141.2.22 - - [10/Mar/2026:18:07:49 +0600] "GET /?i=merrell-mujer-accentor-3-mid-waterproof-39089855 HTTP/1.1" 200 141519 "-" "meta-externalagent/1.1 (+https://developers.facebook.com/docs/sharing/webmasters/crawler)"
57.141.2.40 - - [10/Mar/2026:18:07:50 +0600] "GET /?i=givenchy-4g-sweater-in-cashmere-34304855 HTTP/1.1" 200 140464 "-" "meta-externalagent/1.1 (+https://developers.facebook.com/docs/sharing/webmasters/crawler)"
57.141.2.16 - - [10/Mar/2026:18:07:50 +0600] "GET /?i=alcampo-silla-gaming-drift-dr90-pro-v8-negro-blanco-26042755 HTTP/1.1" 200 144286 "-" "meta-externalagent/1.1 (+https://developers.facebook.com/docs/sharing/webmasters/crawler)"
57.141.2.7 - - [10/Mar/2026:18:07:51 +0600] "GET /?i=wala-chanclas-billabong-tides-fade-20518355 HTTP/1.1" 200 141875 "-" "meta-externalagent/1.1 (+https://developers.facebook.com/docs/sharing/webmasters/crawler)"
57.141.2.66 - - [10/Mar/2026:18:07:51 +0600] "GET /?i=conforama-funda-de-almohada-de-poliester-algodon-45x110cm-28117455 HTTP/1.1" 200 142349 "-" "meta-externalagent/1.1 (+https://developers.facebook.com/docs/sharing/webmasters/crawler)"
57.141.2.46 - - [10/Mar/2026:18:07:52 +0600] "GET /?i=goods-52561358 HTTP/1.1" 200 142751 "-" "meta-externalagent/1.1 (+https://developers.facebook.com/docs/sharing/webmasters/crawler)"
57.141.2.42 - - [10/Mar/2026:18:07:52 +0600] "GET /?i=bricomart-manguera-5m-w21-8l-3-8-l-30910355 HTTP/1.1" 200 143723 "-" "meta-externalagent/1.1 (+https://developers.facebook.com/docs/sharing/webmasters/crawler)"
57.141.2.5 - - [10/Mar/2026:18:07:52 +0600] "GET /?i=vical-home-jarron-heneo-19452355 HTTP/1.1" 200 139989 "-" "meta-externalagent/1.1 (+https://developers.facebook.com/docs/sharing/webmasters/crawler)"
57.141.2.49 - - [10/Mar/2026:18:07:53 +0600] "GET /?i=alcampo-diario-de-greg-1-un-pringao-total-jeff-kinney-genero-juvenil-26357455 HTTP/1.1" 200 143412 "-" "meta-externalagent/1.1 (+https://developers.facebook.com/docs/sharing/webmasters/crawler)"
216.73.216.20 - - [10/Mar/2026:18:07:53 +0600] "GET /201508118.htm HTTP/1.1" 404 35756 "-" "Mozilla/5.0 AppleWebKit/537.36 (KHTML, like Gecko; compatible; ClaudeBot/1.0; +claudebot@anthropic.com)"
57.141.2.34 - - [10/Mar/2026:18:07:54 +0600] "GET /?i=dia-mini-fondue-recette-savoyarde-le-rustique-tarrina-150-g-26497755 HTTP/1.1" 200 140940 "-" "meta-externalagent/1.1 (+https://developers.facebook.com/docs/sharing/webmasters/crawler)"
216.73.216.20 - - [10/Mar/2026:18:07:54 +0600] "GET /231396830.htm HTTP/1.1" 404 35756 "-" "Mozilla/5.0 AppleWebKit/537.36 (KHTML, like Gecko; compatible; ClaudeBot/1.0; +claudebot@anthropic.com)"
57.141.2.34 - - [10/Mar/2026:18:07:54 +0600] "GET /?i=goods-65082758 HTTP/1.1" 200 143908 "-" "meta-externalagent/1.1 (+https://developers.facebook.com/docs/sharing/webmasters/crawler)"
216.73.216.20 - - [10/Mar/2026:18:07:54 +0600] "GET /176246342.htm HTTP/1.1" 404 35756 "-" "Mozilla/5.0 AppleWebKit/537.36 (KHTML, like Gecko; compatible; ClaudeBot/1.0; +claudebot@anthropic.com)"
216.73.216.20 - - [10/Mar/2026:18:07:54 +0600] "GET /390318392.htm HTTP/1.1" 404 35756 "-" "Mozilla/5.0 AppleWebKit/537.36 (KHTML, like Gecko; compatible; ClaudeBot/1.0; +claudebot@anthropic.com)"
216.73.216.20 - - [10/Mar/2026:18:07:54 +0600] "GET /481779986.htm HTTP/1.1" 404 35756 "-" "Mozilla/5.0 AppleWebKit/537.36 (KHTML, like Gecko; compatible; ClaudeBot/1.0; +claudebot@anthropic.com)"
57.141.2.44 - - [10/Mar/2026:18:07:55 +0600] "GET /?i=conforama-armario-bariloche-en-melamina-con-4-puertas-4-estantes-3-b-29553455 HTTP/1.1" 200 145177 "-" "meta-externalagent/1.1 (+https://developers.facebook.com/docs/sharing/webmasters/crawler)"
216.73.216.20 - - [10/Mar/2026:18:07:54 +0600] "GET /77584688.htm HTTP/1.1" 404 35756 "-" "Mozilla/5.0 AppleWebKit/537.36 (KHTML, like Gecko; compatible; ClaudeBot/1.0; +claudebot@anthropic.com)"
216.73.216.20 - - [10/Mar/2026:18:07:55 +0600] "GET /421227872.htm HTTP/1.1" 404 35756 "-" "Mozilla/5.0 AppleWebKit/537.36 (KHTML, like Gecko; compatible; ClaudeBot/1.0; +claudebot@anthropic.com)"
57.141.2.2 - - [10/Mar/2026:18:07:55 +0600] "GET /?i=sklum-tekstylna-lampa-led-sufitowa-zelvon-16225455 HTTP/1.1" 200 141576 "-" "meta-externalagent/1.1 (+https://developers.facebook.com/docs/sharing/webmasters/crawler)"
216.73.216.20 - - [10/Mar/2026:18:07:56 +0600] "GET /83368358.htm HTTP/1.1" 404 35756 "-" "Mozilla/5.0 AppleWebKit/537.36 (KHTML, like Gecko; compatible; ClaudeBot/1.0; +claudebot@anthropic.com)"
57.141.2.67 - - [10/Mar/2026:18:07:56 +0600] "GET /?i=d-orleac-everlac-n-16-5477355 HTTP/1.1" 200 140234 "-" "meta-externalagent/1.1 (+https://developers.facebook.com/docs/sharing/webmasters/crawler)"
216.73.216.20 - - [10/Mar/2026:18:07:56 +0600] "GET /397652372.htm HTTP/1.1" 404 35756 "-" "Mozilla/5.0 AppleWebKit/537.36 (KHTML, like Gecko; compatible; ClaudeBot/1.0; +claudebot@anthropic.com)"
57.141.2.36 - - [10/Mar/2026:18:07:56 +0600] "GET /?i=ripshop-mantel-tacto-tela-christmas-muerdago-1-100-ripshop-15044855 HTTP/1.1" 200 140690 "-" "meta-externalagent/1.1 (+https://developers.facebook.com/docs/sharing/webmasters/crawler)"
216.73.216.20 - - [10/Mar/2026:18:07:56 +0600] "GET /295247654.htm HTTP/1.1" 404 35756 "-" "Mozilla/5.0 AppleWebKit/537.36 (KHTML, like Gecko; compatible; ClaudeBot/1.0; +claudebot@anthropic.com)"
216.73.216.20 - - [10/Mar/2026:18:07:56 +0600] "GET /60406472.htm HTTP/1.1" 404 35756 "-" "Mozilla/5.0 AppleWebKit/537.36 (KHTML, like Gecko; compatible; ClaudeBot/1.0; +claudebot@anthropic.com)"
57.141.2.17 - - [10/Mar/2026:18:07:57 +0600] "GET /?i=uller-phi-phi-brown-tortoise-brown-19156355 HTTP/1.1" 200 140031 "-" "meta-externalagent/1.1 (+https://developers.facebook.com/docs/sharing/webmasters/crawler)"
57.141.2.35 - - [10/Mar/2026:18:07:57 +0600] "GET /?i=goods-190387958 HTTP/1.1" 200 141450 "-" "meta-externalagent/1.1 (+https://developers.facebook.com/docs/sharing/webmasters/crawler)"
216.73.216.20 - - [10/Mar/2026:18:07:57 +0600] "GET /66913496.htm HTTP/1.1" 404 35756 "-" "Mozilla/5.0 AppleWebKit/537.36 (KHTML, like Gecko; compatible; ClaudeBot/1.0; +claudebot@anthropic.com)"
57.141.2.65 - - [10/Mar/2026:18:07:58 +0600] "GET /?i=goods-5876358 HTTP/1.1" 200 141260 "-" "meta-externalagent/1.1 (+https://developers.facebook.com/docs/sharing/webmasters/crawler)"
216.73.216.20 - - [10/Mar/2026:18:07:57 +0600] "GET /469877102.htm HTTP/1.1" 404 35756 "-" "Mozilla/5.0 AppleWebKit/537.36 (KHTML, like Gecko; compatible; ClaudeBot/1.0; +claudebot@anthropic.com)"
216.73.216.20 - - [10/Mar/2026:18:07:57 +0600] "GET /561365294.htm HTTP/1.1" 404 35756 "-" "Mozilla/5.0 AppleWebKit/537.36 (KHTML, like Gecko; compatible; ClaudeBot/1.0; +claudebot@anthropic.com)"
57.141.2.13 - - [10/Mar/2026:18:07:58 +0600] "GET /?i=vidaxl-mesa-de-comedor-de-vidrio-templado-y-acero-negro-o50-cm-23846355 HTTP/1.1" 200 143668 "-" "meta-externalagent/1.1 (+https://developers.facebook.com/docs/sharing/webmasters/crawler)"
216.73.216.20 - - [10/Mar/2026:18:07:58 +0600] "GET /25998704.htm HTTP/1.1" 404 35756 "-" "Mozilla/5.0 AppleWebKit/537.36 (KHTML, like Gecko; compatible; ClaudeBot/1.0; +claudebot@anthropic.com)"
216.73.216.20 - - [10/Mar/2026:18:07:58 +0600] "GET /387489146.htm HTTP/1.1" 404 35756 "-" "Mozilla/5.0 AppleWebKit/537.36 (KHTML, like Gecko; compatible; ClaudeBot/1.0; +claudebot@anthropic.com)"
216.73.216.20 - - [10/Mar/2026:18:07:58 +0600] "GET /39753404.htm HTTP/1.1" 404 35756 "-" "Mozilla/5.0 AppleWebKit/537.36 (KHTML, like Gecko; compatible; ClaudeBot/1.0; +claudebot@anthropic.com)"
57.141.2.69 - - [10/Mar/2026:18:07:59 +0600] "GET /?i=mimub-la-u-s-polo-assn-presenta-la-exhibicion-celebration-cup-y-el-d-35691755 HTTP/1.1" 200 146125 "-" "meta-externalagent/1.1 (+https://developers.facebook.com/docs/sharing/webmasters/crawler)"
74.7.242.57 - - [10/Mar/2026:18:07:58 +0600] "GET /506158076.htm HTTP/1.1" 404 35756 "https://inprosysltd.com/sitemap-7.xml" "Mozilla/5.0 AppleWebKit/537.36 (KHTML, like Gecko; compatible; GPTBot/1.3; +https://openai.com/gptbot)"
57.141.2.35 - - [10/Mar/2026:18:07:59 +0600] "GET /?i=pepe-jeans-gabardina-resistente-al-agua-36083055 HTTP/1.1" 200 141382 "-" "meta-externalagent/1.1 (+https://developers.facebook.com/docs/sharing/webmasters/crawler)"
216.73.216.20 - - [10/Mar/2026:18:07:59 +0600] "GET /129888446.htm HTTP/1.1" 404 35756 "-" "Mozilla/5.0 AppleWebKit/537.36 (KHTML, like Gecko; compatible; ClaudeBot/1.0; +claudebot@anthropic.com)"
74.7.227.10 - - [10/Mar/2026:18:07:59 +0600] "GET /390781515.phtml HTTP/1.1" 404 36192 "https://www.inprosysltd.com/sitemap-18.xml" "Mozilla/5.0 AppleWebKit/537.36 (KHTML, like Gecko; compatible; GPTBot/1.3; +https://openai.com/gptbot)"
57.141.2.2 - - [10/Mar/2026:18:08:00 +0600] "GET /?i=wala-chaquetas-ternua-torsen-hard-hood-jkt-m-20006855 HTTP/1.1" 200 141890 "-" "meta-externalagent/1.1 (+https://developers.facebook.com/docs/sharing/webmasters/crawler)"
57.141.2.57 - - [10/Mar/2026:18:08:00 +0600] "GET /?i=sklum-gartenstuhl-mit-armlehnen-aus-naele-holz-17027155 HTTP/1.1" 200 142157 "-" "meta-externalagent/1.1 (+https://developers.facebook.com/docs/sharing/webmasters/crawler)"
57.141.2.2 - - [10/Mar/2026:18:08:01 +0600] "GET /?i=in-side-polo-baisco-tricolor-9276355 HTTP/1.1" 200 140027 "-" "meta-externalagent/1.1 (+https://developers.facebook.com/docs/sharing/webmasters/crawler)"
57.141.2.45 - - [10/Mar/2026:18:08:01 +0600] "GET /?i=agatha-ruiz-de-la-prada-criollas-veneta-corazones-279655 HTTP/1.1" 200 140896 "-" "meta-externalagent/1.1 (+https://developers.facebook.com/docs/sharing/webmasters/crawler)"
57.141.2.56 - - [10/Mar/2026:18:08:02 +0600] "GET /?i=dessata-gold-gel-dnka-5-ml-5273155 HTTP/1.1" 200 145991 "-" "meta-externalagent/1.1 (+https://developers.facebook.com/docs/sharing/webmasters/crawler)"
57.141.2.64 - - [10/Mar/2026:18:08:02 +0600] "GET /?i=cortefiel-gafas-de-sol-playful-hayes-3731155 HTTP/1.1" 200 142439 "-" "meta-externalagent/1.1 (+https://developers.facebook.com/docs/sharing/webmasters/crawler)"
57.141.2.67 - - [10/Mar/2026:18:08:03 +0600] "GET /?i=dessata-liquid-acrygel-dnka-12-ml-0017-smoothie-5275155 HTTP/1.1" 200 147613 "-" "meta-externalagent/1.1 (+https://developers.facebook.com/docs/sharing/webmasters/crawler)"
57.141.2.5 - - [10/Mar/2026:18:08:03 +0600] "GET /?i=goods-57539958 HTTP/1.1" 200 141944 "-" "meta-externalagent/1.1 (+https://developers.facebook.com/docs/sharing/webmasters/crawler)"
