57.141.2.37 - - [10/Mar/2026:18:01:53 +0600] "GET /?i=farrutx-noria-piel-bombeada-chocolate-7339655 HTTP/1.1" 200 139711 "-" "meta-externalagent/1.1 (+https://developers.facebook.com/docs/sharing/webmasters/crawler)"
57.141.2.21 - - [10/Mar/2026:18:01:54 +0600] "GET /?i=bricomart-toallero-anilla-ronda-30033755 HTTP/1.1" 200 143103 "-" "meta-externalagent/1.1 (+https://developers.facebook.com/docs/sharing/webmasters/crawler)"
57.141.2.61 - - [10/Mar/2026:18:01:54 +0600] "GET /?i=unisa-salon-con-puntera-en-contraste-19176955 HTTP/1.1" 200 140185 "-" "meta-externalagent/1.1 (+https://developers.facebook.com/docs/sharing/webmasters/crawler)"
57.141.2.23 - - [10/Mar/2026:18:01:54 +0600] "GET /?i=camper-zapatillas-pelotas-para-hombre-primavera-verano-39805855 HTTP/1.1" 200 140709 "-" "meta-externalagent/1.1 (+https://developers.facebook.com/docs/sharing/webmasters/crawler)"
57.141.2.56 - - [10/Mar/2026:18:01:55 +0600] "GET /?i=bricomart-hilo-flexible-h07v-k-4mm2-verde-amarillo-20m-30510855 HTTP/1.1" 200 144072 "-" "meta-externalagent/1.1 (+https://developers.facebook.com/docs/sharing/webmasters/crawler)"
57.141.2.64 - - [10/Mar/2026:18:01:56 +0600] "GET /?i=goods-51494154 HTTP/1.1" 200 140918 "-" "meta-externalagent/1.1 (+https://developers.facebook.com/docs/sharing/webmasters/crawler)"
57.141.2.15 - - [10/Mar/2026:18:01:56 +0600] "GET /?i=goods-37179554 HTTP/1.1" 200 140198 "-" "meta-externalagent/1.1 (+https://developers.facebook.com/docs/sharing/webmasters/crawler)"
57.141.2.32 - - [10/Mar/2026:18:01:57 +0600] "GET /?i=nacnic-lamina-acuarela-de-la-ciudad-de-singapur-nacnic-12507655 HTTP/1.1" 200 143705 "-" "meta-externalagent/1.1 (+https://developers.facebook.com/docs/sharing/webmasters/crawler)"
57.141.2.41 - - [10/Mar/2026:18:01:57 +0600] "GET /?i=wala-chanclas-nico-boco-38-380-21190955 HTTP/1.1" 200 141761 "-" "meta-externalagent/1.1 (+https://developers.facebook.com/docs/sharing/webmasters/crawler)"
57.141.2.1 - - [10/Mar/2026:18:01:58 +0600] "GET /?i=bricomart-abrazadera-pared-simple-o150mm-regulable-inoxidable-30491055 HTTP/1.1" 200 144279 "-" "meta-externalagent/1.1 (+https://developers.facebook.com/docs/sharing/webmasters/crawler)"
57.141.2.13 - - [10/Mar/2026:18:01:58 +0600] "GET /?i=goods-151545454 HTTP/1.1" 200 140387 "-" "meta-externalagent/1.1 (+https://developers.facebook.com/docs/sharing/webmasters/crawler)"
57.141.2.42 - - [10/Mar/2026:18:01:59 +0600] "GET /?i=goods-131651454 HTTP/1.1" 200 143275 "-" "meta-externalagent/1.1 (+https://developers.facebook.com/docs/sharing/webmasters/crawler)"
57.141.2.61 - - [10/Mar/2026:18:01:59 +0600] "GET /?i=alcampo-2-espatulas-de-goma-diferentes-formas-y-medidas-para-mezclar-25819555 HTTP/1.1" 200 143729 "-" "meta-externalagent/1.1 (+https://developers.facebook.com/docs/sharing/webmasters/crawler)"
57.141.2.12 - - [10/Mar/2026:18:02:00 +0600] "GET /?i=bricomart-abrazadera-tubo-pared-simple-o200mm-inoxidable-30492355 HTTP/1.1" 200 144044 "-" "meta-externalagent/1.1 (+https://developers.facebook.com/docs/sharing/webmasters/crawler)"
57.141.2.13 - - [10/Mar/2026:18:02:00 +0600] "GET /?i=goods-18883954 HTTP/1.1" 200 143280 "-" "meta-externalagent/1.1 (+https://developers.facebook.com/docs/sharing/webmasters/crawler)"
57.141.2.64 - - [10/Mar/2026:18:02:01 +0600] "GET /?i=goods-121538154 HTTP/1.1" 200 142097 "-" "meta-externalagent/1.1 (+https://developers.facebook.com/docs/sharing/webmasters/crawler)"
57.141.2.2 - - [10/Mar/2026:18:02:01 +0600] "GET /?i=defeet-undlite-sublimation-rainbow-trout-5075355 HTTP/1.1" 200 141336 "-" "meta-externalagent/1.1 (+https://developers.facebook.com/docs/sharing/webmasters/crawler)"
57.141.2.66 - - [10/Mar/2026:18:02:02 +0600] "GET /?i=wala-jerseys-vero-moda-vmnova-ls-o-neck-pullover-ga-20725455 HTTP/1.1" 200 142754 "-" "meta-externalagent/1.1 (+https://developers.facebook.com/docs/sharing/webmasters/crawler)"
74.7.227.10 - - [10/Mar/2026:18:02:02 +0600] "GET /381534849.phtml HTTP/1.1" 404 36192 "https://www.inprosysltd.com/sitemap-18.xml" "Mozilla/5.0 AppleWebKit/537.36 (KHTML, like Gecko; compatible; GPTBot/1.3; +https://openai.com/gptbot)"
57.141.2.70 - - [10/Mar/2026:18:02:02 +0600] "GET /?i=goods-133389254 HTTP/1.1" 200 141100 "-" "meta-externalagent/1.1 (+https://developers.facebook.com/docs/sharing/webmasters/crawler)"
57.141.2.24 - - [10/Mar/2026:18:02:02 +0600] "GET /?i=abbacino-neceser-plano-de-mujer-en-materiales-reciclados-negro-31655 HTTP/1.1" 200 141489 "-" "meta-externalagent/1.1 (+https://developers.facebook.com/docs/sharing/webmasters/crawler)"
57.141.2.32 - - [10/Mar/2026:18:02:03 +0600] "GET /?i=sombreros-albero-gorra-jockey-fermoy-17194155 HTTP/1.1" 200 140071 "-" "meta-externalagent/1.1 (+https://developers.facebook.com/docs/sharing/webmasters/crawler)"
57.141.2.60 - - [10/Mar/2026:18:02:04 +0600] "GET /?i=cortefiel-zapatillas-swift-3524655 HTTP/1.1" 200 141245 "-" "meta-externalagent/1.1 (+https://developers.facebook.com/docs/sharing/webmasters/crawler)"
57.141.2.60 - - [10/Mar/2026:18:02:04 +0600] "GET /?i=hugo-boss-sudadera-con-capucha-y-cremallera-en-interlock-con-detalle-37889855 HTTP/1.1" 200 144165 "-" "meta-externalagent/1.1 (+https://developers.facebook.com/docs/sharing/webmasters/crawler)"
57.141.2.58 - - [10/Mar/2026:18:02:05 +0600] "GET /?i=in-side-camiseta-manga-corta-crop-paradise-found-9311555 HTTP/1.1" 200 140718 "-" "meta-externalagent/1.1 (+https://developers.facebook.com/docs/sharing/webmasters/crawler)"
57.141.2.43 - - [10/Mar/2026:18:02:05 +0600] "GET /?i=wala-sandalias-martinelli-mazzini-1535-b006z-21580255 HTTP/1.1" 200 142555 "-" "meta-externalagent/1.1 (+https://developers.facebook.com/docs/sharing/webmasters/crawler)"
57.141.2.29 - - [10/Mar/2026:18:02:06 +0600] "GET /?i=weide-zapato-mujer-felicia-verde-weide-22182555 HTTP/1.1" 200 139982 "-" "meta-externalagent/1.1 (+https://developers.facebook.com/docs/sharing/webmasters/crawler)"
57.141.2.3 - - [10/Mar/2026:18:02:06 +0600] "GET /?i=geox-spherica-ec16-hombre-u55hya00046c6009-mocasines-de-cuero-36745455 HTTP/1.1" 200 141723 "-" "meta-externalagent/1.1 (+https://developers.facebook.com/docs/sharing/webmasters/crawler)"
57.141.2.63 - - [10/Mar/2026:18:02:07 +0600] "GET /?i=dia-conos-de-helado-mels-bote-110-g-26616955 HTTP/1.1" 200 140058 "-" "meta-externalagent/1.1 (+https://developers.facebook.com/docs/sharing/webmasters/crawler)"
57.141.2.5 - - [10/Mar/2026:18:02:07 +0600] "GET /?i=bricomart-rejilla-de-ventilacion-con-mosquitera-sobreponer-aluminio-30065655 HTTP/1.1" 200 146336 "-" "meta-externalagent/1.1 (+https://developers.facebook.com/docs/sharing/webmasters/crawler)"
57.141.2.9 - - [10/Mar/2026:18:02:08 +0600] "GET /?i=sesderma-skin-roller-seskavel-10ml-15461755 HTTP/1.1" 200 142141 "-" "meta-externalagent/1.1 (+https://developers.facebook.com/docs/sharing/webmasters/crawler)"
57.141.2.57 - - [10/Mar/2026:18:02:08 +0600] "GET /?i=in-side-cazadora-acolchada-negra-8965955 HTTP/1.1" 200 139586 "-" "meta-externalagent/1.1 (+https://developers.facebook.com/docs/sharing/webmasters/crawler)"
57.141.2.27 - - [10/Mar/2026:18:02:09 +0600] "GET /?i=luna-llena-falda-penelope-coleccion-oslo-cj302-luna-llena-11471355 HTTP/1.1" 200 141138 "-" "meta-externalagent/1.1 (+https://developers.facebook.com/docs/sharing/webmasters/crawler)"
57.141.2.61 - - [10/Mar/2026:18:02:09 +0600] "GET /?i=wala-calcetines-uyn-uyn-man-runner-s-five-socks-21289655 HTTP/1.1" 200 143197 "-" "meta-externalagent/1.1 (+https://developers.facebook.com/docs/sharing/webmasters/crawler)"
57.141.2.25 - - [10/Mar/2026:18:02:10 +0600] "GET /?i=goods-128866854 HTTP/1.1" 200 145304 "-" "meta-externalagent/1.1 (+https://developers.facebook.com/docs/sharing/webmasters/crawler)"
57.141.2.1 - - [10/Mar/2026:18:02:10 +0600] "GET /?i=wala-polos-lacoste-chemise-col-bord-cotes-manches-courtes-20027755 HTTP/1.1" 200 143016 "-" "meta-externalagent/1.1 (+https://developers.facebook.com/docs/sharing/webmasters/crawler)"
57.141.2.9 - - [10/Mar/2026:18:02:11 +0600] "GET /?i=tezenis-sujetador-triangulo-con-relleno-ligero-de-algodon-organico-l-36649855 HTTP/1.1" 200 143218 "-" "meta-externalagent/1.1 (+https://developers.facebook.com/docs/sharing/webmasters/crawler)"
57.141.2.59 - - [10/Mar/2026:18:02:12 +0600] "GET /?i=camper-zapatos-casual-peu-para-hombre-primavera-verano-39806555 HTTP/1.1" 200 140997 "-" "meta-externalagent/1.1 (+https://developers.facebook.com/docs/sharing/webmasters/crawler)"
57.141.2.38 - - [10/Mar/2026:18:02:12 +0600] "GET /?i=dessata-means-for-restoring-the-nail-plate-dnka-30-ml-5247955 HTTP/1.1" 200 147544 "-" "meta-externalagent/1.1 (+https://developers.facebook.com/docs/sharing/webmasters/crawler)"
57.141.2.27 - - [10/Mar/2026:18:02:12 +0600] "GET /?i=goods-74317154 HTTP/1.1" 200 141279 "-" "meta-externalagent/1.1 (+https://developers.facebook.com/docs/sharing/webmasters/crawler)"
57.141.2.19 - - [10/Mar/2026:18:02:12 +0600] "GET /?i=hugo-boss-camisa-de-manga-corta-de-algodon-con-estructura-de-rejilla-38164955 HTTP/1.1" 200 143026 "-" "meta-externalagent/1.1 (+https://developers.facebook.com/docs/sharing/webmasters/crawler)"
57.141.2.43 - - [10/Mar/2026:18:02:13 +0600] "GET /?i=eroski-mermelada-de-melocoton-eroski-bio-frasco-340-g-26850355 HTTP/1.1" 200 140040 "-" "meta-externalagent/1.1 (+https://developers.facebook.com/docs/sharing/webmasters/crawler)"
57.141.2.34 - - [10/Mar/2026:18:02:14 +0600] "GET /?i=dia-obleas-con-doble-relleno-cards-kinder-bolsa-26-g-26616455 HTTP/1.1" 200 140606 "-" "meta-externalagent/1.1 (+https://developers.facebook.com/docs/sharing/webmasters/crawler)"
57.141.2.29 - - [10/Mar/2026:18:02:14 +0600] "GET /?i=goods-147304254 HTTP/1.1" 200 141998 "-" "meta-externalagent/1.1 (+https://developers.facebook.com/docs/sharing/webmasters/crawler)"
57.141.2.55 - - [10/Mar/2026:18:02:15 +0600] "GET /?i=gabol-bolso-3-compatimentos-vega-7644155 HTTP/1.1" 200 139512 "-" "meta-externalagent/1.1 (+https://developers.facebook.com/docs/sharing/webmasters/crawler)"
57.141.2.63 - - [10/Mar/2026:18:02:15 +0600] "GET /?i=goods-62593954 HTTP/1.1" 200 142252 "-" "meta-externalagent/1.1 (+https://developers.facebook.com/docs/sharing/webmasters/crawler)"
57.141.2.12 - - [10/Mar/2026:18:02:16 +0600] "GET /?i=camper-sandalias-oruga-para-ninos-primavera-verano-39658055 HTTP/1.1" 200 140675 "-" "meta-externalagent/1.1 (+https://developers.facebook.com/docs/sharing/webmasters/crawler)"
57.141.2.9 - - [10/Mar/2026:18:02:16 +0600] "GET /?i=alcampo-60-moldes-de-papel-para-magdalena-ecologicos-25818855 HTTP/1.1" 200 142412 "-" "meta-externalagent/1.1 (+https://developers.facebook.com/docs/sharing/webmasters/crawler)"
57.141.2.63 - - [10/Mar/2026:18:02:17 +0600] "GET /?i=fussion-isp-2x4002-bocina-portatil-powered-sound-2x4-50w-rms-7600455 HTTP/1.1" 200 142154 "-" "meta-externalagent/1.1 (+https://developers.facebook.com/docs/sharing/webmasters/crawler)"
57.141.2.37 - - [10/Mar/2026:18:02:17 +0600] "GET /?i=eltin-bomba-de-pie-eltin-plastico-6039255 HTTP/1.1" 200 140286 "-" "meta-externalagent/1.1 (+https://developers.facebook.com/docs/sharing/webmasters/crawler)"
57.141.2.37 - - [10/Mar/2026:18:02:18 +0600] "GET /?i=sulion-lampara-de-techo-valentina-metal-acabado-azul-y-modulo-laton-17565155 HTTP/1.1" 200 141492 "-" "meta-externalagent/1.1 (+https://developers.facebook.com/docs/sharing/webmasters/crawler)"
57.141.2.53 - - [10/Mar/2026:18:02:18 +0600] "GET /?i=ho-soccer-malla-termica-corta-roja-senior-8747455 HTTP/1.1" 200 139826 "-" "meta-externalagent/1.1 (+https://developers.facebook.com/docs/sharing/webmasters/crawler)"
57.141.2.44 - - [10/Mar/2026:18:02:19 +0600] "GET /?i=alcampo-5-rollos-celo-cinta-adhesiva-18mmx25m-alcampo-26280655 HTTP/1.1" 200 142504 "-" "meta-externalagent/1.1 (+https://developers.facebook.com/docs/sharing/webmasters/crawler)"
57.141.2.31 - - [10/Mar/2026:18:02:19 +0600] "GET /?i=cecotec-tapa-completa-mambo-touch-mambo-touch-m-mambo-11090-mambo-11-2668555 HTTP/1.1" 200 145730 "-" "meta-externalagent/1.1 (+https://developers.facebook.com/docs/sharing/webmasters/crawler)"
57.141.2.29 - - [10/Mar/2026:18:02:20 +0600] "GET /?i=goods-134332854 HTTP/1.1" 200 143370 "-" "meta-externalagent/1.1 (+https://developers.facebook.com/docs/sharing/webmasters/crawler)"
57.141.2.19 - - [10/Mar/2026:18:02:20 +0600] "GET /?i=zerimar-shoes-bolso-hobo-de-piel-35x10x31-cm-23480455 HTTP/1.1" 200 141302 "-" "meta-externalagent/1.1 (+https://developers.facebook.com/docs/sharing/webmasters/crawler)"
57.141.2.30 - - [10/Mar/2026:18:02:21 +0600] "GET /?i=bibi-lou-holly-flat-1284655 HTTP/1.1" 200 139444 "-" "meta-externalagent/1.1 (+https://developers.facebook.com/docs/sharing/webmasters/crawler)"
57.141.2.65 - - [10/Mar/2026:18:02:21 +0600] "GET /?i=gabol-bolsa-de-viaje-o-deporte-training-7620155 HTTP/1.1" 200 139717 "-" "meta-externalagent/1.1 (+https://developers.facebook.com/docs/sharing/webmasters/crawler)"
57.141.2.62 - - [10/Mar/2026:18:02:22 +0600] "GET /?i=tocoto-vintage-body-animal-print-18722155 HTTP/1.1" 200 139780 "-" "meta-externalagent/1.1 (+https://developers.facebook.com/docs/sharing/webmasters/crawler)"
57.141.2.27 - - [10/Mar/2026:18:02:22 +0600] "GET /?i=sunpers-sunglasses-madsen-demi-brown-frame-and-brown-lens-sunpers-su-17626755 HTTP/1.1" 200 143002 "-" "meta-externalagent/1.1 (+https://developers.facebook.com/docs/sharing/webmasters/crawler)"
57.141.2.1 - - [10/Mar/2026:18:02:23 +0600] "GET /?i=armani-conjuntos-33661255 HTTP/1.1" 200 140407 "-" "meta-externalagent/1.1 (+https://developers.facebook.com/docs/sharing/webmasters/crawler)"
57.141.2.38 - - [10/Mar/2026:18:02:23 +0600] "GET /?i=goods-25682754 HTTP/1.1" 200 146090 "-" "meta-externalagent/1.1 (+https://developers.facebook.com/docs/sharing/webmasters/crawler)"
57.141.2.22 - - [10/Mar/2026:18:02:24 +0600] "GET /?i=koala-bay-sandalia-tacon-camel-dhaka-9922455 HTTP/1.1" 200 140121 "-" "meta-externalagent/1.1 (+https://developers.facebook.com/docs/sharing/webmasters/crawler)"
57.141.2.52 - - [10/Mar/2026:18:02:24 +0600] "GET /?i=goods-127262454 HTTP/1.1" 200 144720 "-" "meta-externalagent/1.1 (+https://developers.facebook.com/docs/sharing/webmasters/crawler)"
57.141.2.14 - - [10/Mar/2026:18:02:25 +0600] "GET /?i=vical-home-espejo-kodie-19549555 HTTP/1.1" 200 139987 "-" "meta-externalagent/1.1 (+https://developers.facebook.com/docs/sharing/webmasters/crawler)"
57.141.2.71 - - [10/Mar/2026:18:02:25 +0600] "GET /?i=wala-zapatos-baerchi-car-3001-20970255 HTTP/1.1" 200 141621 "-" "meta-externalagent/1.1 (+https://developers.facebook.com/docs/sharing/webmasters/crawler)"
57.141.2.39 - - [10/Mar/2026:18:02:26 +0600] "GET /?i=cortefiel-vaquero-de-algodon-organico-3743155 HTTP/1.1" 200 141445 "-" "meta-externalagent/1.1 (+https://developers.facebook.com/docs/sharing/webmasters/crawler)"
57.141.2.69 - - [10/Mar/2026:18:02:26 +0600] "GET /?i=wonders-deportivas-zurich-azul-23103755 HTTP/1.1" 200 139803 "-" "meta-externalagent/1.1 (+https://developers.facebook.com/docs/sharing/webmasters/crawler)"
57.141.2.14 - - [10/Mar/2026:18:02:27 +0600] "GET /?i=nacnic-poster-detalle-exquisito-yayoi-kusama-11792455 HTTP/1.1" 200 142107 "-" "meta-externalagent/1.1 (+https://developers.facebook.com/docs/sharing/webmasters/crawler)"
57.141.2.6 - - [10/Mar/2026:18:02:27 +0600] "GET /?i=goods-134474954 HTTP/1.1" 200 143979 "-" "meta-externalagent/1.1 (+https://developers.facebook.com/docs/sharing/webmasters/crawler)"
57.141.2.4 - - [10/Mar/2026:18:02:28 +0600] "GET /?i=goods-116524454 HTTP/1.1" 200 143324 "-" "meta-externalagent/1.1 (+https://developers.facebook.com/docs/sharing/webmasters/crawler)"
57.141.2.14 - - [10/Mar/2026:18:02:28 +0600] "GET /?i=goods-28138154 HTTP/1.1" 200 140290 "-" "meta-externalagent/1.1 (+https://developers.facebook.com/docs/sharing/webmasters/crawler)"
216.73.216.20 - - [10/Mar/2026:18:02:28 +0600] "GET /463576352.htm HTTP/1.1" 404 35756 "-" "Mozilla/5.0 AppleWebKit/537.36 (KHTML, like Gecko; compatible; ClaudeBot/1.0; +claudebot@anthropic.com)"
57.141.2.31 - - [10/Mar/2026:18:02:29 +0600] "GET /?i=gabol-bolso-mediano-aitana-7644655 HTTP/1.1" 200 139084 "-" "meta-externalagent/1.1 (+https://developers.facebook.com/docs/sharing/webmasters/crawler)"
216.73.216.20 - - [10/Mar/2026:18:02:29 +0600] "GET /410069732.htm HTTP/1.1" 404 35756 "-" "Mozilla/5.0 AppleWebKit/537.36 (KHTML, like Gecko; compatible; ClaudeBot/1.0; +claudebot@anthropic.com)"
216.73.216.20 - - [10/Mar/2026:18:02:29 +0600] "GET /76088132.htm HTTP/1.1" 404 35756 "-" "Mozilla/5.0 AppleWebKit/537.36 (KHTML, like Gecko; compatible; ClaudeBot/1.0; +claudebot@anthropic.com)"
57.141.2.11 - - [10/Mar/2026:18:02:29 +0600] "GET /?i=hugo-boss-chaqueta-de-traje-regular-fit-en-lana-virgen-elastica-38164555 HTTP/1.1" 200 143077 "-" "meta-externalagent/1.1 (+https://developers.facebook.com/docs/sharing/webmasters/crawler)"
57.141.2.9 - - [10/Mar/2026:18:02:30 +0600] "GET /?i=westwing-apagavelas-twist-31962655 HTTP/1.1" 200 141692 "-" "meta-externalagent/1.1 (+https://developers.facebook.com/docs/sharing/webmasters/crawler)"
57.141.2.58 - - [10/Mar/2026:18:02:30 +0600] "GET /?i=westwing-lampara-de-techo-rizzatto-32244455 HTTP/1.1" 200 142127 "-" "meta-externalagent/1.1 (+https://developers.facebook.com/docs/sharing/webmasters/crawler)"
216.73.216.20 - - [10/Mar/2026:18:02:30 +0600] "GET /368317754.htm HTTP/1.1" 404 35756 "-" "Mozilla/5.0 AppleWebKit/537.36 (KHTML, like Gecko; compatible; ClaudeBot/1.0; +claudebot@anthropic.com)"
57.141.2.36 - - [10/Mar/2026:18:02:31 +0600] "GET /?i=goods-59856454 HTTP/1.1" 200 141509 "-" "meta-externalagent/1.1 (+https://developers.facebook.com/docs/sharing/webmasters/crawler)"
216.73.216.20 - - [10/Mar/2026:18:02:31 +0600] "GET /46876088.htm HTTP/1.1" 404 35756 "-" "Mozilla/5.0 AppleWebKit/537.36 (KHTML, like Gecko; compatible; ClaudeBot/1.0; +claudebot@anthropic.com)"
216.73.216.20 - - [10/Mar/2026:18:02:31 +0600] "GET /369285698.htm HTTP/1.1" 404 35756 "-" "Mozilla/5.0 AppleWebKit/537.36 (KHTML, like Gecko; compatible; ClaudeBot/1.0; +claudebot@anthropic.com)"
57.141.2.49 - - [10/Mar/2026:18:02:31 +0600] "GET /?i=valentino-perfume-born-in-roma-eau-de-parfum-100-ml-mujer-27117855 HTTP/1.1" 200 145688 "-" "meta-externalagent/1.1 (+https://developers.facebook.com/docs/sharing/webmasters/crawler)"
57.141.2.31 - - [10/Mar/2026:18:02:32 +0600] "GET /?i=alcampo-harper-bone-pienso-para-perros-medianos-y-grandes-harper-bon-25974155 HTTP/1.1" 200 143407 "-" "meta-externalagent/1.1 (+https://developers.facebook.com/docs/sharing/webmasters/crawler)"
216.73.216.20 - - [10/Mar/2026:18:02:32 +0600] "GET /479212628.htm HTTP/1.1" 404 35756 "-" "Mozilla/5.0 AppleWebKit/537.36 (KHTML, like Gecko; compatible; ClaudeBot/1.0; +claudebot@anthropic.com)"
57.141.2.30 - - [10/Mar/2026:18:02:32 +0600] "GET /?i=alcampo-producto-alcampo-pienso-premium-seco-para-perros-cachorros-r-25974055 HTTP/1.1" 200 145354 "-" "meta-externalagent/1.1 (+https://developers.facebook.com/docs/sharing/webmasters/crawler)"
216.73.216.20 - - [10/Mar/2026:18:02:32 +0600] "GET /332000324.htm HTTP/1.1" 404 35756 "-" "Mozilla/5.0 AppleWebKit/537.36 (KHTML, like Gecko; compatible; ClaudeBot/1.0; +claudebot@anthropic.com)"
57.141.2.19 - - [10/Mar/2026:18:02:33 +0600] "GET /?i=goods-130997554 HTTP/1.1" 200 140701 "-" "meta-externalagent/1.1 (+https://developers.facebook.com/docs/sharing/webmasters/crawler)"
216.73.216.20 - - [10/Mar/2026:18:02:33 +0600] "GET /296177654.htm HTTP/1.1" 404 35756 "-" "Mozilla/5.0 AppleWebKit/537.36 (KHTML, like Gecko; compatible; ClaudeBot/1.0; +claudebot@anthropic.com)"
57.141.2.23 - - [10/Mar/2026:18:02:33 +0600] "GET /?i=gant-polo-de-pique-regular-fit-shield-38226655 HTTP/1.1" 200 141608 "-" "meta-externalagent/1.1 (+https://developers.facebook.com/docs/sharing/webmasters/crawler)"
216.73.216.20 - - [10/Mar/2026:18:02:33 +0600] "GET /484166366.htm HTTP/1.1" 404 35756 "-" "Mozilla/5.0 AppleWebKit/537.36 (KHTML, like Gecko; compatible; ClaudeBot/1.0; +claudebot@anthropic.com)"
57.141.2.51 - - [10/Mar/2026:18:02:34 +0600] "GET /?i=pedro-del-hierro-panty-moldeador-opacas-sin-demarcacion-negro-25-den-14046555 HTTP/1.1" 200 142922 "-" "meta-externalagent/1.1 (+https://developers.facebook.com/docs/sharing/webmasters/crawler)"
216.73.216.20 - - [10/Mar/2026:18:02:34 +0600] "GET /47926058.htm HTTP/1.1" 404 35756 "-" "Mozilla/5.0 AppleWebKit/537.36 (KHTML, like Gecko; compatible; ClaudeBot/1.0; +claudebot@anthropic.com)"
57.141.2.28 - - [10/Mar/2026:18:02:34 +0600] "GET /?i=la-cija-vajilla-infantil-aranas-10014155 HTTP/1.1" 200 139596 "-" "meta-externalagent/1.1 (+https://developers.facebook.com/docs/sharing/webmasters/crawler)"
216.73.216.20 - - [10/Mar/2026:18:02:35 +0600] "GET /360704588.htm HTTP/1.1" 404 35756 "-" "Mozilla/5.0 AppleWebKit/537.36 (KHTML, like Gecko; compatible; ClaudeBot/1.0; +claudebot@anthropic.com)"
57.141.2.54 - - [10/Mar/2026:18:02:35 +0600] "GET /?i=adolfo-dominguez-pendientes-circulares-mujer-207455 HTTP/1.1" 200 141967 "-" "meta-externalagent/1.1 (+https://developers.facebook.com/docs/sharing/webmasters/crawler)"
57.141.2.42 - - [10/Mar/2026:18:02:35 +0600] "GET /?i=diesel-b1dr-36200955 HTTP/1.1" 200 140353 "-" "meta-externalagent/1.1 (+https://developers.facebook.com/docs/sharing/webmasters/crawler)"
57.141.2.17 - - [10/Mar/2026:18:02:36 +0600] "GET /?i=viva-la-diva-besties-forever-make-up-sponge-paris-19808255 HTTP/1.1" 200 142233 "-" "meta-externalagent/1.1 (+https://developers.facebook.com/docs/sharing/webmasters/crawler)"
57.141.2.62 - - [10/Mar/2026:18:02:36 +0600] "GET /?i=goods-38179754 HTTP/1.1" 200 139960 "-" "meta-externalagent/1.1 (+https://developers.facebook.com/docs/sharing/webmasters/crawler)"
57.141.2.53 - - [10/Mar/2026:18:02:37 +0600] "GET /?i=goods-92609154 HTTP/1.1" 200 146260 "-" "meta-externalagent/1.1 (+https://developers.facebook.com/docs/sharing/webmasters/crawler)"
57.141.2.37 - - [10/Mar/2026:18:02:37 +0600] "GET /?i=goods-149596754 HTTP/1.1" 200 142037 "-" "meta-externalagent/1.1 (+https://developers.facebook.com/docs/sharing/webmasters/crawler)"
57.141.2.40 - - [10/Mar/2026:18:02:38 +0600] "GET /?i=westwing-banco-de-madera-de-roble-zaide-31442955 HTTP/1.1" 200 141778 "-" "meta-externalagent/1.1 (+https://developers.facebook.com/docs/sharing/webmasters/crawler)"
57.141.2.10 - - [10/Mar/2026:18:02:38 +0600] "GET /?i=westwing-puf-reposapies-grande-melva-116-x-42-cm-31727155 HTTP/1.1" 200 142573 "-" "meta-externalagent/1.1 (+https://developers.facebook.com/docs/sharing/webmasters/crawler)"
57.141.2.62 - - [10/Mar/2026:18:02:39 +0600] "GET /?i=lobo-solo-botin-caballero-8949ve-venado-miel-10783855 HTTP/1.1" 200 140856 "-" "meta-externalagent/1.1 (+https://developers.facebook.com/docs/sharing/webmasters/crawler)"
57.141.2.34 - - [10/Mar/2026:18:02:39 +0600] "GET /?i=tezenis-sujetador-triangulo-de-encaje-reciclado-havana-36708555 HTTP/1.1" 200 142847 "-" "meta-externalagent/1.1 (+https://developers.facebook.com/docs/sharing/webmasters/crawler)"
57.141.2.44 - - [10/Mar/2026:18:02:40 +0600] "GET /?i=goods-137909054 HTTP/1.1" 200 142283 "-" "meta-externalagent/1.1 (+https://developers.facebook.com/docs/sharing/webmasters/crawler)"
57.141.2.41 - - [10/Mar/2026:18:02:40 +0600] "GET /?i=in-side-camiseta-jaspeada-con-cremallera-8902955 HTTP/1.1" 200 140050 "-" "meta-externalagent/1.1 (+https://developers.facebook.com/docs/sharing/webmasters/crawler)"
57.141.2.4 - - [10/Mar/2026:18:02:41 +0600] "GET /?i=goods-146579954 HTTP/1.1" 200 142449 "-" "meta-externalagent/1.1 (+https://developers.facebook.com/docs/sharing/webmasters/crawler)"
57.141.2.8 - - [10/Mar/2026:18:02:41 +0600] "GET /?i=loreak-mendian-vestido-ciane-11134155 HTTP/1.1" 200 140561 "-" "meta-externalagent/1.1 (+https://developers.facebook.com/docs/sharing/webmasters/crawler)"
57.141.2.59 - - [10/Mar/2026:18:02:42 +0600] "GET /?i=xti-bolso-de-mujer-xti-18440202-23147355 HTTP/1.1" 200 139426 "-" "meta-externalagent/1.1 (+https://developers.facebook.com/docs/sharing/webmasters/crawler)"
57.141.2.55 - - [10/Mar/2026:18:02:42 +0600] "GET /?i=camper-zapatillas-peu-para-hombre-primavera-verano-39807255 HTTP/1.1" 200 140719 "-" "meta-externalagent/1.1 (+https://developers.facebook.com/docs/sharing/webmasters/crawler)"
74.7.242.57 - - [10/Mar/2026:18:02:42 +0600] "GET /293519528.htm HTTP/1.1" 404 35756 "https://inprosysltd.com/sitemap-4.xml" "Mozilla/5.0 AppleWebKit/537.36 (KHTML, like Gecko; compatible; GPTBot/1.3; +https://openai.com/gptbot)"
57.141.2.64 - - [10/Mar/2026:18:02:43 +0600] "GET /?i=goods-144329054 HTTP/1.1" 200 142072 "-" "meta-externalagent/1.1 (+https://developers.facebook.com/docs/sharing/webmasters/crawler)"
57.141.2.45 - - [10/Mar/2026:18:02:43 +0600] "GET /?i=hugo-boss-paquete-de-tres-calzoncillos-elasticos-con-rayas-caracteri-37803255 HTTP/1.1" 200 142888 "-" "meta-externalagent/1.1 (+https://developers.facebook.com/docs/sharing/webmasters/crawler)"
57.141.2.35 - - [10/Mar/2026:18:02:44 +0600] "GET /?i=eurostil-cepillos-rizador-6549555 HTTP/1.1" 200 139465 "-" "meta-externalagent/1.1 (+https://developers.facebook.com/docs/sharing/webmasters/crawler)"
57.141.2.14 - - [10/Mar/2026:18:02:44 +0600] "GET /?i=eurostil-dispensador-100-peines-un-uso-colores-pastel-6549755 HTTP/1.1" 200 140051 "-" "meta-externalagent/1.1 (+https://developers.facebook.com/docs/sharing/webmasters/crawler)"
57.141.2.35 - - [10/Mar/2026:18:02:45 +0600] "GET /?i=alcampo-maybelline-xpress-brow-satin-duo-tono-01-dark-blonde-perfila-25659855 HTTP/1.1" 200 144348 "-" "meta-externalagent/1.1 (+https://developers.facebook.com/docs/sharing/webmasters/crawler)"
57.141.2.16 - - [10/Mar/2026:18:02:45 +0600] "GET /?i=goods-140565354 HTTP/1.1" 200 144188 "-" "meta-externalagent/1.1 (+https://developers.facebook.com/docs/sharing/webmasters/crawler)"
57.141.2.52 - - [10/Mar/2026:18:02:46 +0600] "GET /?i=goods-66469754 HTTP/1.1" 200 138970 "-" "meta-externalagent/1.1 (+https://developers.facebook.com/docs/sharing/webmasters/crawler)"
57.141.2.48 - - [10/Mar/2026:18:02:46 +0600] "GET /?i=goods-80382954 HTTP/1.1" 200 141409 "-" "meta-externalagent/1.1 (+https://developers.facebook.com/docs/sharing/webmasters/crawler)"
57.141.2.54 - - [10/Mar/2026:18:02:47 +0600] "GET /?i=ho-soccer-camiseta-termica-con-protecciones-8748355 HTTP/1.1" 200 139964 "-" "meta-externalagent/1.1 (+https://developers.facebook.com/docs/sharing/webmasters/crawler)"
57.141.2.61 - - [10/Mar/2026:18:02:47 +0600] "GET /?i=goods-127909254 HTTP/1.1" 200 142332 "-" "meta-externalagent/1.1 (+https://developers.facebook.com/docs/sharing/webmasters/crawler)"
57.141.2.24 - - [10/Mar/2026:18:02:48 +0600] "GET /?i=el-naturalista-n296-el-viajero-5865355 HTTP/1.1" 200 139745 "-" "meta-externalagent/1.1 (+https://developers.facebook.com/docs/sharing/webmasters/crawler)"
57.141.2.26 - - [10/Mar/2026:18:02:48 +0600] "GET /?i=goods-70891154 HTTP/1.1" 200 145464 "-" "meta-externalagent/1.1 (+https://developers.facebook.com/docs/sharing/webmasters/crawler)"
57.141.2.60 - - [10/Mar/2026:18:02:49 +0600] "GET /?i=fussion-isp-24006-mystic-bocina-portatil-2x4-2-000-w-7600055 HTTP/1.1" 200 140774 "-" "meta-externalagent/1.1 (+https://developers.facebook.com/docs/sharing/webmasters/crawler)"
57.141.2.42 - - [10/Mar/2026:18:02:49 +0600] "GET /?i=lobo-solo-botin-caballero-8949ve-venado-cognac-10783455 HTTP/1.1" 200 141033 "-" "meta-externalagent/1.1 (+https://developers.facebook.com/docs/sharing/webmasters/crawler)"
57.141.2.17 - - [10/Mar/2026:18:02:50 +0600] "GET /?i=goods-137336254 HTTP/1.1" 200 144348 "-" "meta-externalagent/1.1 (+https://developers.facebook.com/docs/sharing/webmasters/crawler)"
57.141.2.4 - - [10/Mar/2026:18:02:50 +0600] "GET /?i=goods-25152354 HTTP/1.1" 200 143344 "-" "meta-externalagent/1.1 (+https://developers.facebook.com/docs/sharing/webmasters/crawler)"
57.141.2.46 - - [10/Mar/2026:18:02:51 +0600] "GET /?i=intimissimi-boxer-largo-de-hombre-en-algodon-superior-36459655 HTTP/1.1" 200 142579 "-" "meta-externalagent/1.1 (+https://developers.facebook.com/docs/sharing/webmasters/crawler)"
57.141.2.11 - - [10/Mar/2026:18:02:51 +0600] "GET /?i=new-rock-m-106-v60-12984855 HTTP/1.1" 200 139293 "-" "meta-externalagent/1.1 (+https://developers.facebook.com/docs/sharing/webmasters/crawler)"
57.141.2.20 - - [10/Mar/2026:18:02:52 +0600] "GET /?i=spezial-madrid-lyle-scott-baseball-cap-court-green-17275855 HTTP/1.1" 200 141944 "-" "meta-externalagent/1.1 (+https://developers.facebook.com/docs/sharing/webmasters/crawler)"
57.141.2.46 - - [10/Mar/2026:18:02:52 +0600] "GET /?i=pepe-jeans-top-canale-sin-mangas-35925355 HTTP/1.1" 200 141441 "-" "meta-externalagent/1.1 (+https://developers.facebook.com/docs/sharing/webmasters/crawler)"
57.141.2.12 - - [10/Mar/2026:18:02:52 +0600] "GET /?i=goods-16640954 HTTP/1.1" 200 141018 "-" "meta-externalagent/1.1 (+https://developers.facebook.com/docs/sharing/webmasters/crawler)"
74.7.227.10 - - [10/Mar/2026:18:02:52 +0600] "GET /173086180.phtml HTTP/1.1" 404 36192 "https://www.inprosysltd.com/sitemap-18.xml" "Mozilla/5.0 AppleWebKit/537.36 (KHTML, like Gecko; compatible; GPTBot/1.3; +https://openai.com/gptbot)"
57.141.2.25 - - [10/Mar/2026:18:02:53 +0600] "GET /?i=mtng-compra-bequia-azul-56423-ninos-calzado-zapatos-11634155 HTTP/1.1" 200 142689 "-" "meta-externalagent/1.1 (+https://developers.facebook.com/docs/sharing/webmasters/crawler)"
57.141.2.23 - - [10/Mar/2026:18:02:54 +0600] "GET /?i=wala-faldas-jjxx-jxsofia-skirt-otw-sn-21353355 HTTP/1.1" 200 142169 "-" "meta-externalagent/1.1 (+https://developers.facebook.com/docs/sharing/webmasters/crawler)"
57.141.2.48 - - [10/Mar/2026:18:02:54 +0600] "GET /?i=sesderma-seskavel-repair-champu-keratina-15461555 HTTP/1.1" 200 144459 "-" "meta-externalagent/1.1 (+https://developers.facebook.com/docs/sharing/webmasters/crawler)"
57.141.2.9 - - [10/Mar/2026:18:02:55 +0600] "GET /?i=piqueras-y-crespo-sillon-de-direccion-opti520-basculante-similpiel-n-14274555 HTTP/1.1" 200 143375 "-" "meta-externalagent/1.1 (+https://developers.facebook.com/docs/sharing/webmasters/crawler)"
57.141.2.44 - - [10/Mar/2026:18:02:55 +0600] "GET /?i=mango-cardigan-punto-botones-27011555 HTTP/1.1" 200 186748 "-" "meta-externalagent/1.1 (+https://developers.facebook.com/docs/sharing/webmasters/crawler)"
57.141.2.63 - - [10/Mar/2026:18:02:56 +0600] "GET /?i=wala-banadores-speedo-womens-medley-logo-1-piece-20036255 HTTP/1.1" 200 143006 "-" "meta-externalagent/1.1 (+https://developers.facebook.com/docs/sharing/webmasters/crawler)"
57.141.2.22 - - [10/Mar/2026:18:02:56 +0600] "GET /?i=tejidos-jvr-tela-microfibra-modelo-traffic-100-17929655 HTTP/1.1" 200 140377 "-" "meta-externalagent/1.1 (+https://developers.facebook.com/docs/sharing/webmasters/crawler)"
57.141.2.43 - - [10/Mar/2026:18:02:57 +0600] "GET /?i=tiamia-peto-volantes-blusa-flores-disfrutar-18398055 HTTP/1.1" 200 139850 "-" "meta-externalagent/1.1 (+https://developers.facebook.com/docs/sharing/webmasters/crawler)"
57.141.2.30 - - [10/Mar/2026:18:02:57 +0600] "GET /?i=cambrass-saco-de-minicuna-i-v-mini-windsord-gris-49-5x83-5x2-cm-1885955 HTTP/1.1" 200 142071 "-" "meta-externalagent/1.1 (+https://developers.facebook.com/docs/sharing/webmasters/crawler)"
57.141.2.36 - - [10/Mar/2026:18:02:58 +0600] "GET /?i=sklum-acacia-wood-bedside-table-vacry-16759055 HTTP/1.1" 200 140615 "-" "meta-externalagent/1.1 (+https://developers.facebook.com/docs/sharing/webmasters/crawler)"
57.141.2.67 - - [10/Mar/2026:18:02:58 +0600] "GET /?i=sklum-harald-set-of-2-floating-wooden-bedside-tables-16758855 HTTP/1.1" 200 141620 "-" "meta-externalagent/1.1 (+https://developers.facebook.com/docs/sharing/webmasters/crawler)"
57.141.2.70 - - [10/Mar/2026:18:02:59 +0600] "GET /?i=goods-35956554 HTTP/1.1" 200 142152 "-" "meta-externalagent/1.1 (+https://developers.facebook.com/docs/sharing/webmasters/crawler)"
57.141.2.7 - - [10/Mar/2026:18:02:59 +0600] "GET /?i=goods-91479254 HTTP/1.1" 200 150123 "-" "meta-externalagent/1.1 (+https://developers.facebook.com/docs/sharing/webmasters/crawler)"
57.141.2.16 - - [10/Mar/2026:18:03:00 +0600] "GET /?i=naturvital-tonico-facial-agua-de-rosas-12730855 HTTP/1.1" 200 141447 "-" "meta-externalagent/1.1 (+https://developers.facebook.com/docs/sharing/webmasters/crawler)"
57.141.2.47 - - [10/Mar/2026:18:03:00 +0600] "GET /?i=goods-40554654 HTTP/1.1" 200 140287 "-" "meta-externalagent/1.1 (+https://developers.facebook.com/docs/sharing/webmasters/crawler)"
57.141.2.19 - - [10/Mar/2026:18:03:01 +0600] "GET /?i=alcampo-cinta-adhesiva-33x19-de-celo-2-unidades-mktape-26281255 HTTP/1.1" 200 142470 "-" "meta-externalagent/1.1 (+https://developers.facebook.com/docs/sharing/webmasters/crawler)"
57.141.2.21 - - [10/Mar/2026:18:03:01 +0600] "GET /?i=westwing-reposapies-puf-de-pana-con-espacio-de-almacenamiento-lennon-31725655 HTTP/1.1" 200 142907 "-" "meta-externalagent/1.1 (+https://developers.facebook.com/docs/sharing/webmasters/crawler)"
57.141.2.4 - - [10/Mar/2026:18:03:02 +0600] "GET /?i=hugo-boss-paquete-de-seis-pares-de-calcetines-en-mezcla-de-algodon-37804355 HTTP/1.1" 200 142929 "-" "meta-externalagent/1.1 (+https://developers.facebook.com/docs/sharing/webmasters/crawler)"
57.141.2.20 - - [10/Mar/2026:18:03:02 +0600] "GET /?i=goods-29479054 HTTP/1.1" 200 143474 "-" "meta-externalagent/1.1 (+https://developers.facebook.com/docs/sharing/webmasters/crawler)"
57.141.2.33 - - [10/Mar/2026:18:03:03 +0600] "GET /?i=ho-soccer-camiseta-termica-manga-larga-senior-verde-8748255 HTTP/1.1" 200 140636 "-" "meta-externalagent/1.1 (+https://developers.facebook.com/docs/sharing/webmasters/crawler)"
57.141.2.51 - - [10/Mar/2026:18:03:03 +0600] "GET /?i=goods-138491054 HTTP/1.1" 200 143304 "-" "meta-externalagent/1.1 (+https://developers.facebook.com/docs/sharing/webmasters/crawler)"
57.141.2.71 - - [10/Mar/2026:18:03:04 +0600] "GET /?i=wala-sandalias-lapierce-sn22-21578755 HTTP/1.1" 200 141421 "-" "meta-externalagent/1.1 (+https://developers.facebook.com/docs/sharing/webmasters/crawler)"
57.141.2.41 - - [10/Mar/2026:18:03:04 +0600] "GET /?i=bricomart-deshumificador-12l-para-estancias-hasta-20m2-30474755 HTTP/1.1" 200 143969 "-" "meta-externalagent/1.1 (+https://developers.facebook.com/docs/sharing/webmasters/crawler)"
57.141.2.24 - - [10/Mar/2026:18:03:05 +0600] "GET /?i=eurostil-paleta-sombras-de-ojos-intense-look-stageline-6429555 HTTP/1.1" 200 140391 "-" "meta-externalagent/1.1 (+https://developers.facebook.com/docs/sharing/webmasters/crawler)"
57.141.2.60 - - [10/Mar/2026:18:03:05 +0600] "GET /?i=ugg-guantes-shasta-fluff-mujer-27275255 HTTP/1.1" 200 142583 "-" "meta-externalagent/1.1 (+https://developers.facebook.com/docs/sharing/webmasters/crawler)"
57.141.2.3 - - [10/Mar/2026:18:03:06 +0600] "GET /?i=wonders-deportivas-elian-marrones-23063655 HTTP/1.1" 200 140054 "-" "meta-externalagent/1.1 (+https://developers.facebook.com/docs/sharing/webmasters/crawler)"
57.141.2.32 - - [10/Mar/2026:18:03:06 +0600] "GET /?i=lauren-ralph-lauren-coleccion-de-ropa-de-cama-organic-sateen-ralph-l-10350855 HTTP/1.1" 200 141973 "-" "meta-externalagent/1.1 (+https://developers.facebook.com/docs/sharing/webmasters/crawler)"
57.141.2.57 - - [10/Mar/2026:18:03:07 +0600] "GET /?i=women-secret-fular-floral-geometrico-22536455 HTTP/1.1" 200 141899 "-" "meta-externalagent/1.1 (+https://developers.facebook.com/docs/sharing/webmasters/crawler)"
57.141.2.64 - - [10/Mar/2026:18:03:07 +0600] "GET /?i=nacnic-lamina-acuarela-de-skyline-de-la-ciudad-de-singapur-nacnic-12507755 HTTP/1.1" 200 144037 "-" "meta-externalagent/1.1 (+https://developers.facebook.com/docs/sharing/webmasters/crawler)"
57.141.2.9 - - [10/Mar/2026:18:03:08 +0600] "GET /?i=armani-jersey-de-mezcla-de-alpaca-con-bordado-de-flor-y-libelula-33894655 HTTP/1.1" 200 141768 "-" "meta-externalagent/1.1 (+https://developers.facebook.com/docs/sharing/webmasters/crawler)"
57.141.2.56 - - [10/Mar/2026:18:03:08 +0600] "GET /?i=wala-camisetas-manga-corta-jdy-jdydalila-s-s-v-neck-lurex-top-jrs-at-20359355 HTTP/1.1" 200 143191 "-" "meta-externalagent/1.1 (+https://developers.facebook.com/docs/sharing/webmasters/crawler)"
57.141.2.3 - - [10/Mar/2026:18:03:09 +0600] "GET /?i=printodecor-alfombra-de-bienvenida-holi-14596455 HTTP/1.1" 200 141716 "-" "meta-externalagent/1.1 (+https://developers.facebook.com/docs/sharing/webmasters/crawler)"
57.141.2.57 - - [10/Mar/2026:18:03:09 +0600] "GET /?i=parafina-tortuga-arcoiris-13749255 HTTP/1.1" 200 140562 "-" "meta-externalagent/1.1 (+https://developers.facebook.com/docs/sharing/webmasters/crawler)"
57.141.2.69 - - [10/Mar/2026:18:03:10 +0600] "GET /?i=sesderma-glutation-defense-500ml-15450555 HTTP/1.1" 200 142748 "-" "meta-externalagent/1.1 (+https://developers.facebook.com/docs/sharing/webmasters/crawler)"
57.141.2.55 - - [10/Mar/2026:18:03:10 +0600] "GET /?i=goods-151844154 HTTP/1.1" 200 141221 "-" "meta-externalagent/1.1 (+https://developers.facebook.com/docs/sharing/webmasters/crawler)"
57.141.2.24 - - [10/Mar/2026:18:03:11 +0600] "GET /?i=lekue-molde-rectangular-antiadherente-10566155 HTTP/1.1" 200 141143 "-" "meta-externalagent/1.1 (+https://developers.facebook.com/docs/sharing/webmasters/crawler)"
57.141.2.27 - - [10/Mar/2026:18:03:11 +0600] "GET /?i=wind-x-treme-tubularwind-junior-pirate-22244255 HTTP/1.1" 200 140079 "-" "meta-externalagent/1.1 (+https://developers.facebook.com/docs/sharing/webmasters/crawler)"
57.141.2.11 - - [10/Mar/2026:18:03:12 +0600] "GET /?i=mimub-avances-recientes-en-el-hospital-del-mar-innovaciones-y-proyec-35780655 HTTP/1.1" 200 145168 "-" "meta-externalagent/1.1 (+https://developers.facebook.com/docs/sharing/webmasters/crawler)"
57.141.2.16 - - [10/Mar/2026:18:03:12 +0600] "GET /?i=tumi-voyageur-mochila-mediana-celina-35361855 HTTP/1.1" 200 141337 "-" "meta-externalagent/1.1 (+https://developers.facebook.com/docs/sharing/webmasters/crawler)"
57.141.2.22 - - [10/Mar/2026:18:03:13 +0600] "GET /?i=cecotec-raclette-cheese-grill-8600-wood-allstone-potencia-1200-w-pla-2531755 HTTP/1.1" 200 146844 "-" "meta-externalagent/1.1 (+https://developers.facebook.com/docs/sharing/webmasters/crawler)"
57.141.2.21 - - [10/Mar/2026:18:03:13 +0600] "GET /?i=aniston-casual-cordhose-in-trendiger-bootcut-form-138375254 HTTP/1.1" 200 143187 "-" "meta-externalagent/1.1 (+https://developers.facebook.com/docs/sharing/webmasters/crawler)"
57.141.2.14 - - [10/Mar/2026:18:03:14 +0600] "GET /?i=sulion-banador-de-pared-martin-led-2w-yeso-pintable-70x120mm-4000k-s-17564255 HTTP/1.1" 200 141520 "-" "meta-externalagent/1.1 (+https://developers.facebook.com/docs/sharing/webmasters/crawler)"
57.141.2.57 - - [10/Mar/2026:18:03:14 +0600] "GET /?i=goods-131333854 HTTP/1.1" 200 144163 "-" "meta-externalagent/1.1 (+https://developers.facebook.com/docs/sharing/webmasters/crawler)"
57.141.2.30 - - [10/Mar/2026:18:03:15 +0600] "GET /?i=kelme-camiseta-global-9577355 HTTP/1.1" 200 138934 "-" "meta-externalagent/1.1 (+https://developers.facebook.com/docs/sharing/webmasters/crawler)"
57.141.2.60 - - [10/Mar/2026:18:03:15 +0600] "GET /?i=mimub-el-museo-del-prado-acoge-la-inaugural-exposicion-individual-de-35898755 HTTP/1.1" 200 145432 "-" "meta-externalagent/1.1 (+https://developers.facebook.com/docs/sharing/webmasters/crawler)"
57.141.2.22 - - [10/Mar/2026:18:03:16 +0600] "GET /?i=conforama-mesa-de-centro-con-almacenaje-mdf-negro-cullen-29318955 HTTP/1.1" 200 144331 "-" "meta-externalagent/1.1 (+https://developers.facebook.com/docs/sharing/webmasters/crawler)"
57.141.2.8 - - [10/Mar/2026:18:03:16 +0600] "GET /?i=pedro-del-hierro-jersey-polo-liso-manga-larga-14046855 HTTP/1.1" 200 142113 "-" "meta-externalagent/1.1 (+https://developers.facebook.com/docs/sharing/webmasters/crawler)"
57.141.2.31 - - [10/Mar/2026:18:03:17 +0600] "GET /?i=goods-128656554 HTTP/1.1" 200 143028 "-" "meta-externalagent/1.1 (+https://developers.facebook.com/docs/sharing/webmasters/crawler)"
57.141.2.70 - - [10/Mar/2026:18:03:17 +0600] "GET /?i=bricomart-frente-cajon-para-mueble-de-cocina-tarragona-madera-roble-29926455 HTTP/1.1" 200 147142 "-" "meta-externalagent/1.1 (+https://developers.facebook.com/docs/sharing/webmasters/crawler)"
57.141.2.67 - - [10/Mar/2026:18:03:18 +0600] "GET /?i=bibi-lou-mindy-sandal-1283355 HTTP/1.1" 200 139663 "-" "meta-externalagent/1.1 (+https://developers.facebook.com/docs/sharing/webmasters/crawler)"
57.141.2.55 - - [10/Mar/2026:18:03:18 +0600] "GET /?i=system-action-pendientes-forma-aro-oro-con-pedreria-17816055 HTTP/1.1" 200 140308 "-" "meta-externalagent/1.1 (+https://developers.facebook.com/docs/sharing/webmasters/crawler)"
57.141.2.56 - - [10/Mar/2026:18:03:19 +0600] "GET /?i=geox-gardren-m-mujer-d46z8a00046c6738-bolso-de-hombro-36743955 HTTP/1.1" 200 141663 "-" "meta-externalagent/1.1 (+https://developers.facebook.com/docs/sharing/webmasters/crawler)"
57.141.2.60 - - [10/Mar/2026:18:03:19 +0600] "GET /?i=conforama-mantel-hule-ter-mostaza-100x140cm-donegal-collections-29409655 HTTP/1.1" 200 142753 "-" "meta-externalagent/1.1 (+https://developers.facebook.com/docs/sharing/webmasters/crawler)"
57.141.2.27 - - [10/Mar/2026:18:03:20 +0600] "GET /?i=goods-142414754 HTTP/1.1" 200 143495 "-" "meta-externalagent/1.1 (+https://developers.facebook.com/docs/sharing/webmasters/crawler)"
57.141.2.70 - - [10/Mar/2026:18:03:20 +0600] "GET /?i=sesderma-melatonin-250ml-15450855 HTTP/1.1" 200 141948 "-" "meta-externalagent/1.1 (+https://developers.facebook.com/docs/sharing/webmasters/crawler)"
57.141.2.36 - - [10/Mar/2026:18:03:21 +0600] "GET /?i=alcampo-maybelline-tatoo-brow-tono-medium-blonde-perfilador-de-cejas-25660255 HTTP/1.1" 200 142975 "-" "meta-externalagent/1.1 (+https://developers.facebook.com/docs/sharing/webmasters/crawler)"
57.141.2.40 - - [10/Mar/2026:18:03:21 +0600] "GET /?i=westwing-puf-de-tejido-boucle-orchid-31442455 HTTP/1.1" 200 141580 "-" "meta-externalagent/1.1 (+https://developers.facebook.com/docs/sharing/webmasters/crawler)"
57.141.2.57 - - [10/Mar/2026:18:03:22 +0600] "GET /?i=westwing-mesa-auxiliar-de-metal-neptun-31366355 HTTP/1.1" 200 141931 "-" "meta-externalagent/1.1 (+https://developers.facebook.com/docs/sharing/webmasters/crawler)"
57.141.2.13 - - [10/Mar/2026:18:03:22 +0600] "GET /?i=goods-88259754 HTTP/1.1" 200 142193 "-" "meta-externalagent/1.1 (+https://developers.facebook.com/docs/sharing/webmasters/crawler)"
57.141.2.62 - - [10/Mar/2026:18:03:23 +0600] "GET /?i=eltin-pack-5-uds-separadores-alum-1-5mm-neg-mate-6040055 HTTP/1.1" 200 140938 "-" "meta-externalagent/1.1 (+https://developers.facebook.com/docs/sharing/webmasters/crawler)"
57.141.2.16 - - [10/Mar/2026:18:03:23 +0600] "GET /?i=spezial-madrid-adidas-broomfield-linen-green-white-gold-metalic-17395055 HTTP/1.1" 200 141804 "-" "meta-externalagent/1.1 (+https://developers.facebook.com/docs/sharing/webmasters/crawler)"
57.141.2.8 - - [10/Mar/2026:18:03:24 +0600] "GET /?i=viva-la-diva-hot-trends-pop-nail-polish-1-19808955 HTTP/1.1" 200 142475 "-" "meta-externalagent/1.1 (+https://developers.facebook.com/docs/sharing/webmasters/crawler)"
57.141.2.7 - - [10/Mar/2026:18:03:24 +0600] "GET /?i=goods-61875654 HTTP/1.1" 200 143721 "-" "meta-externalagent/1.1 (+https://developers.facebook.com/docs/sharing/webmasters/crawler)"
57.141.2.3 - - [10/Mar/2026:18:03:25 +0600] "GET /?i=loewe-wrap-trousers-in-wool-1-colours-34513155 HTTP/1.1" 200 143104 "-" "meta-externalagent/1.1 (+https://developers.facebook.com/docs/sharing/webmasters/crawler)"
57.141.2.56 - - [10/Mar/2026:18:03:25 +0600] "GET /?i=goods-46068254 HTTP/1.1" 200 139975 "-" "meta-externalagent/1.1 (+https://developers.facebook.com/docs/sharing/webmasters/crawler)"
57.141.2.50 - - [10/Mar/2026:18:03:26 +0600] "GET /?i=goods-9128154 HTTP/1.1" 200 141719 "-" "meta-externalagent/1.1 (+https://developers.facebook.com/docs/sharing/webmasters/crawler)"
57.141.2.14 - - [10/Mar/2026:18:03:26 +0600] "GET /?i=goods-35403954 HTTP/1.1" 200 142825 "-" "meta-externalagent/1.1 (+https://developers.facebook.com/docs/sharing/webmasters/crawler)"
57.141.2.59 - - [10/Mar/2026:18:03:27 +0600] "GET /?i=bricomart-toallero-de-triple-barra-mia-30034255 HTTP/1.1" 200 143113 "-" "meta-externalagent/1.1 (+https://developers.facebook.com/docs/sharing/webmasters/crawler)"
57.141.2.54 - - [10/Mar/2026:18:03:27 +0600] "GET /?i=bricomart-semi-mascara-con-filtro-ffa1p2-4251pp-3m-30974755 HTTP/1.1" 200 143908 "-" "meta-externalagent/1.1 (+https://developers.facebook.com/docs/sharing/webmasters/crawler)"
57.141.2.32 - - [10/Mar/2026:18:03:28 +0600] "GET /?i=camper-zapatos-casual-peu-para-hombre-primavera-verano-39806655 HTTP/1.1" 200 140893 "-" "meta-externalagent/1.1 (+https://developers.facebook.com/docs/sharing/webmasters/crawler)"
57.141.2.64 - - [10/Mar/2026:18:03:28 +0600] "GET /?i=alcampo-producto-alcampo-cafe-en-capsulas-fortissimo-i12-20-uds-24801455 HTTP/1.1" 200 142658 "-" "meta-externalagent/1.1 (+https://developers.facebook.com/docs/sharing/webmasters/crawler)"
57.141.2.21 - - [10/Mar/2026:18:03:29 +0600] "GET /?i=bricomart-llave-estrella-acodada-14x15mm-bellota-30804555 HTTP/1.1" 200 143732 "-" "meta-externalagent/1.1 (+https://developers.facebook.com/docs/sharing/webmasters/crawler)"
57.141.2.62 - - [10/Mar/2026:18:03:29 +0600] "GET /?i=wala-camisetas-manga-corta-under-armour-campus-boxy-crop-ss-20028355 HTTP/1.1" 200 142695 "-" "meta-externalagent/1.1 (+https://developers.facebook.com/docs/sharing/webmasters/crawler)"
57.141.2.11 - - [10/Mar/2026:18:03:30 +0600] "GET /?i=skechers-skechers-slip-ins-ultra-flex-3-0-smooth-step-36935255 HTTP/1.1" 200 140542 "-" "meta-externalagent/1.1 (+https://developers.facebook.com/docs/sharing/webmasters/crawler)"
57.141.2.1 - - [10/Mar/2026:18:03:30 +0600] "GET /?i=loewe-puzzle-long-coin-cardholder-in-classic-calfskin-5-colours-34599255 HTTP/1.1" 200 144152 "-" "meta-externalagent/1.1 (+https://developers.facebook.com/docs/sharing/webmasters/crawler)"
57.141.2.52 - - [10/Mar/2026:18:03:31 +0600] "GET /?i=hugo-boss-chaleco-repelente-al-agua-con-etiqueta-con-logo-azul-38003655 HTTP/1.1" 200 142652 "-" "meta-externalagent/1.1 (+https://developers.facebook.com/docs/sharing/webmasters/crawler)"
57.141.2.63 - - [10/Mar/2026:18:03:31 +0600] "GET /?i=bricomart-llave-fija-25x28mm-bellota-30803655 HTTP/1.1" 200 143102 "-" "meta-externalagent/1.1 (+https://developers.facebook.com/docs/sharing/webmasters/crawler)"
57.141.2.42 - - [10/Mar/2026:18:03:32 +0600] "GET /?i=lladro-figura-virgen-madonna-de-las-flores-10737355 HTTP/1.1" 200 142547 "-" "meta-externalagent/1.1 (+https://developers.facebook.com/docs/sharing/webmasters/crawler)"
57.141.2.29 - - [10/Mar/2026:18:03:32 +0600] "GET /?i=eltin-bomba-de-pie-eltin-aluminio-pro-6039155 HTTP/1.1" 200 140073 "-" "meta-externalagent/1.1 (+https://developers.facebook.com/docs/sharing/webmasters/crawler)"
216.73.216.20 - - [10/Mar/2026:18:03:32 +0600] "GET /80071880.htm HTTP/1.1" 404 35756 "-" "Mozilla/5.0 AppleWebKit/537.36 (KHTML, like Gecko; compatible; ClaudeBot/1.0; +claudebot@anthropic.com)"
216.73.216.20 - - [10/Mar/2026:18:03:32 +0600] "GET /175200278.htm HTTP/1.1" 404 35756 "-" "Mozilla/5.0 AppleWebKit/537.36 (KHTML, like Gecko; compatible; ClaudeBot/1.0; +claudebot@anthropic.com)"
57.141.2.55 - - [10/Mar/2026:18:03:33 +0600] "GET /?i=nacnic-lamina-de-patente-de-maquina-de-helados-antigua-12314455 HTTP/1.1" 200 142967 "-" "meta-externalagent/1.1 (+https://developers.facebook.com/docs/sharing/webmasters/crawler)"
216.73.216.20 - - [10/Mar/2026:18:03:33 +0600] "GET /509797166.htm HTTP/1.1" 404 35756 "-" "Mozilla/5.0 AppleWebKit/537.36 (KHTML, like Gecko; compatible; ClaudeBot/1.0; +claudebot@anthropic.com)"
57.141.2.41 - - [10/Mar/2026:18:03:33 +0600] "GET /?i=lavani-pendientes-endless-knot-azul-10410755 HTTP/1.1" 200 140690 "-" "meta-externalagent/1.1 (+https://developers.facebook.com/docs/sharing/webmasters/crawler)"
57.141.2.53 - - [10/Mar/2026:18:03:33 +0600] "GET /?i=gant-camisa-oxford-clasica-slim-fit-38346755 HTTP/1.1" 200 141308 "-" "meta-externalagent/1.1 (+https://developers.facebook.com/docs/sharing/webmasters/crawler)"
216.73.216.20 - - [10/Mar/2026:18:03:34 +0600] "GET /98536286.htm HTTP/1.1" 404 35756 "-" "Mozilla/5.0 AppleWebKit/537.36 (KHTML, like Gecko; compatible; ClaudeBot/1.0; +claudebot@anthropic.com)"
57.141.2.41 - - [10/Mar/2026:18:03:34 +0600] "GET /?i=gant-camisa-relaxed-fit-de-cambray-38345855 HTTP/1.1" 200 141495 "-" "meta-externalagent/1.1 (+https://developers.facebook.com/docs/sharing/webmasters/crawler)"
216.73.216.20 - - [10/Mar/2026:18:03:34 +0600] "GET /68304032.htm HTTP/1.1" 404 35756 "-" "Mozilla/5.0 AppleWebKit/537.36 (KHTML, like Gecko; compatible; ClaudeBot/1.0; +claudebot@anthropic.com)"
57.141.2.12 - - [10/Mar/2026:18:03:35 +0600] "GET /?i=skechers-skechers-slip-ins-max-cushioning-hyper-craze-36977855 HTTP/1.1" 200 140506 "-" "meta-externalagent/1.1 (+https://developers.facebook.com/docs/sharing/webmasters/crawler)"
216.73.216.20 - - [10/Mar/2026:18:03:35 +0600] "GET /310256366.htm HTTP/1.1" 404 35756 "-" "Mozilla/5.0 AppleWebKit/537.36 (KHTML, like Gecko; compatible; ClaudeBot/1.0; +claudebot@anthropic.com)"
57.141.2.59 - - [10/Mar/2026:18:03:35 +0600] "GET /?i=cambrass-saco-de-minicuna-i-v-mini-windsord-rosa-49-5x83-5x2-cm-1886055 HTTP/1.1" 200 141984 "-" "meta-externalagent/1.1 (+https://developers.facebook.com/docs/sharing/webmasters/crawler)"
57.141.2.70 - - [10/Mar/2026:18:03:36 +0600] "GET /?i=conforama-kaaten-classic-estor-enrollable-translucido-medidas-105x25-28655455 HTTP/1.1" 200 145365 "-" "meta-externalagent/1.1 (+https://developers.facebook.com/docs/sharing/webmasters/crawler)"
216.73.216.20 - - [10/Mar/2026:18:03:36 +0600] "GET /200735846.htm HTTP/1.1" 404 35756 "-" "Mozilla/5.0 AppleWebKit/537.36 (KHTML, like Gecko; compatible; ClaudeBot/1.0; +claudebot@anthropic.com)"
216.73.216.20 - - [10/Mar/2026:18:03:36 +0600] "GET /40683032.htm HTTP/1.1" 404 35756 "-" "Mozilla/5.0 AppleWebKit/537.36 (KHTML, like Gecko; compatible; ClaudeBot/1.0; +claudebot@anthropic.com)"
57.141.2.48 - - [10/Mar/2026:18:03:36 +0600] "GET /?i=stuart-weitzman-stuart-felicity-85-pump-en-negro-crema-de-mujer-stua-39841655 HTTP/1.1" 200 143448 "-" "meta-externalagent/1.1 (+https://developers.facebook.com/docs/sharing/webmasters/crawler)"
