57.141.2.26 - - [10/Mar/2026:18:50:15 +0600] "GET /?i=goods-141534054 HTTP/1.1" 200 145484 "-" "meta-externalagent/1.1 (+https://developers.facebook.com/docs/sharing/webmasters/crawler)"
57.141.2.24 - - [10/Mar/2026:18:50:16 +0600] "GET /?i=goods-109635458 HTTP/1.1" 200 142819 "-" "meta-externalagent/1.1 (+https://developers.facebook.com/docs/sharing/webmasters/crawler)"
57.141.2.28 - - [10/Mar/2026:18:50:16 +0600] "GET /?i=goods-116969654 HTTP/1.1" 200 142017 "-" "meta-externalagent/1.1 (+https://developers.facebook.com/docs/sharing/webmasters/crawler)"
57.141.2.61 - - [10/Mar/2026:18:50:17 +0600] "GET /?i=new-rock-boot-metallic-m-313-c3-13206155 HTTP/1.1" 200 139706 "-" "meta-externalagent/1.1 (+https://developers.facebook.com/docs/sharing/webmasters/crawler)"
57.141.2.60 - - [10/Mar/2026:18:50:17 +0600] "GET /?i=goods-41190654 HTTP/1.1" 200 140698 "-" "meta-externalagent/1.1 (+https://developers.facebook.com/docs/sharing/webmasters/crawler)"
57.141.2.37 - - [10/Mar/2026:18:50:18 +0600] "GET /?i=goods-50012354 HTTP/1.1" 200 142455 "-" "meta-externalagent/1.1 (+https://developers.facebook.com/docs/sharing/webmasters/crawler)"
57.141.2.67 - - [10/Mar/2026:18:50:18 +0600] "GET /?i=goods-70199254 HTTP/1.1" 200 145338 "-" "meta-externalagent/1.1 (+https://developers.facebook.com/docs/sharing/webmasters/crawler)"
57.141.2.31 - - [10/Mar/2026:18:50:19 +0600] "GET /?i=nacnic-poster-cuadrado-ilustrado-de-verano-con-dibujos-del-mar-12290855 HTTP/1.1" 200 142553 "-" "meta-externalagent/1.1 (+https://developers.facebook.com/docs/sharing/webmasters/crawler)"
57.141.2.52 - - [10/Mar/2026:18:50:19 +0600] "GET /?i=goods-38200854 HTTP/1.1" 200 140109 "-" "meta-externalagent/1.1 (+https://developers.facebook.com/docs/sharing/webmasters/crawler)"
57.141.2.21 - - [10/Mar/2026:18:50:20 +0600] "GET /?i=new-rock-ankle-boot-imperfect-m-tank005-c4-13250455 HTTP/1.1" 200 139896 "-" "meta-externalagent/1.1 (+https://developers.facebook.com/docs/sharing/webmasters/crawler)"
57.141.2.19 - - [10/Mar/2026:18:50:20 +0600] "GET /?i=goods-132423254 HTTP/1.1" 200 142724 "-" "meta-externalagent/1.1 (+https://developers.facebook.com/docs/sharing/webmasters/crawler)"
57.141.2.32 - - [10/Mar/2026:18:50:21 +0600] "GET /?i=goods-38989454 HTTP/1.1" 200 140767 "-" "meta-externalagent/1.1 (+https://developers.facebook.com/docs/sharing/webmasters/crawler)"
57.141.2.46 - - [10/Mar/2026:18:50:21 +0600] "GET /?i=goods-112833854 HTTP/1.1" 200 141480 "-" "meta-externalagent/1.1 (+https://developers.facebook.com/docs/sharing/webmasters/crawler)"
57.141.2.57 - - [10/Mar/2026:18:50:22 +0600] "GET /?i=bricomart-paleta-catalana-165mm-forjada-mango-madera-bellota-5841-b-30878255 HTTP/1.1" 200 144956 "-" "meta-externalagent/1.1 (+https://developers.facebook.com/docs/sharing/webmasters/crawler)"
57.141.2.18 - - [10/Mar/2026:18:50:22 +0600] "GET /?i=goods-43281654 HTTP/1.1" 200 143384 "-" "meta-externalagent/1.1 (+https://developers.facebook.com/docs/sharing/webmasters/crawler)"
57.141.2.65 - - [10/Mar/2026:18:50:23 +0600] "GET /?i=bricomart-rejilla-ventilacion-negro-29937455 HTTP/1.1" 200 143191 "-" "meta-externalagent/1.1 (+https://developers.facebook.com/docs/sharing/webmasters/crawler)"
57.141.2.30 - - [10/Mar/2026:18:50:23 +0600] "GET /?i=goods-71007054 HTTP/1.1" 200 142428 "-" "meta-externalagent/1.1 (+https://developers.facebook.com/docs/sharing/webmasters/crawler)"
57.141.2.56 - - [10/Mar/2026:18:50:24 +0600] "GET /?i=goods-152137554 HTTP/1.1" 200 141482 "-" "meta-externalagent/1.1 (+https://developers.facebook.com/docs/sharing/webmasters/crawler)"
57.141.2.20 - - [10/Mar/2026:18:50:24 +0600] "GET /?i=goods-126639454 HTTP/1.1" 200 144279 "-" "meta-externalagent/1.1 (+https://developers.facebook.com/docs/sharing/webmasters/crawler)"
57.141.2.19 - - [10/Mar/2026:18:50:24 +0600] "GET /?i=goods-12564854 HTTP/1.1" 200 140276 "-" "meta-externalagent/1.1 (+https://developers.facebook.com/docs/sharing/webmasters/crawler)"
57.141.2.51 - - [10/Mar/2026:18:50:25 +0600] "GET /?i=goods-165498558 HTTP/1.1" 200 140810 "-" "meta-externalagent/1.1 (+https://developers.facebook.com/docs/sharing/webmasters/crawler)"
57.141.2.19 - - [10/Mar/2026:18:50:26 +0600] "GET /?i=goods-141677254 HTTP/1.1" 200 145787 "-" "meta-externalagent/1.1 (+https://developers.facebook.com/docs/sharing/webmasters/crawler)"
57.141.2.59 - - [10/Mar/2026:18:50:26 +0600] "GET /?i=goods-58826554 HTTP/1.1" 200 142573 "-" "meta-externalagent/1.1 (+https://developers.facebook.com/docs/sharing/webmasters/crawler)"
57.141.2.67 - - [10/Mar/2026:18:50:27 +0600] "GET /?i=goods-62371154 HTTP/1.1" 200 142068 "-" "meta-externalagent/1.1 (+https://developers.facebook.com/docs/sharing/webmasters/crawler)"
57.141.2.12 - - [10/Mar/2026:18:50:27 +0600] "GET /?i=garcia-de-pou-fuente-mariscos-o-38x6-cm-plateado-aluminio-1-unid-7915255 HTTP/1.1" 200 143159 "-" "meta-externalagent/1.1 (+https://developers.facebook.com/docs/sharing/webmasters/crawler)"
57.141.2.67 - - [10/Mar/2026:18:50:27 +0600] "GET /?i=sendra-10604-milles-barbados-negro-15413855 HTTP/1.1" 200 140250 "-" "meta-externalagent/1.1 (+https://developers.facebook.com/docs/sharing/webmasters/crawler)"
57.141.2.57 - - [10/Mar/2026:18:50:28 +0600] "GET /?i=mango-mono-largo-bordado-26989655 HTTP/1.1" 200 190983 "-" "meta-externalagent/1.1 (+https://developers.facebook.com/docs/sharing/webmasters/crawler)"
57.141.2.39 - - [10/Mar/2026:18:50:29 +0600] "GET /?i=cortana-marcel-top-a-rayas-en-lino-y-lana-virgen-azul-3033355 HTTP/1.1" 200 140500 "-" "meta-externalagent/1.1 (+https://developers.facebook.com/docs/sharing/webmasters/crawler)"
57.141.2.67 - - [10/Mar/2026:18:50:29 +0600] "GET /?i=goods-150122354 HTTP/1.1" 200 142676 "-" "meta-externalagent/1.1 (+https://developers.facebook.com/docs/sharing/webmasters/crawler)"
57.141.2.36 - - [10/Mar/2026:18:50:30 +0600] "GET /?i=cortefiel-zapatilla-deportiva-gel-excite-10-3358155 HTTP/1.1" 200 142636 "-" "meta-externalagent/1.1 (+https://developers.facebook.com/docs/sharing/webmasters/crawler)"
57.141.2.55 - - [10/Mar/2026:18:50:30 +0600] "GET /?i=camper-peu-zuecos-de-nobuk-marron-para-mujer-2036155 HTTP/1.1" 200 140467 "-" "meta-externalagent/1.1 (+https://developers.facebook.com/docs/sharing/webmasters/crawler)"
57.141.2.11 - - [10/Mar/2026:18:50:31 +0600] "GET /?i=goods-215498158 HTTP/1.1" 200 141961 "-" "meta-externalagent/1.1 (+https://developers.facebook.com/docs/sharing/webmasters/crawler)"
57.141.2.23 - - [10/Mar/2026:18:50:31 +0600] "GET /?i=goods-151635254 HTTP/1.1" 200 142224 "-" "meta-externalagent/1.1 (+https://developers.facebook.com/docs/sharing/webmasters/crawler)"
57.141.2.65 - - [10/Mar/2026:18:50:32 +0600] "GET /?i=nerthus-kitchenware-botella-acero-inoxidable-negro-12856055 HTTP/1.1" 200 141092 "-" "meta-externalagent/1.1 (+https://developers.facebook.com/docs/sharing/webmasters/crawler)"
57.141.2.2 - - [10/Mar/2026:18:50:32 +0600] "GET /?i=american-socks-welcome-to-paradise-t-shirt-608855 HTTP/1.1" 200 141344 "-" "meta-externalagent/1.1 (+https://developers.facebook.com/docs/sharing/webmasters/crawler)"
57.141.2.66 - - [10/Mar/2026:18:50:33 +0600] "GET /?i=goods-53835454 HTTP/1.1" 200 142872 "-" "meta-externalagent/1.1 (+https://developers.facebook.com/docs/sharing/webmasters/crawler)"
57.141.2.14 - - [10/Mar/2026:18:50:33 +0600] "GET /?i=goods-42284654 HTTP/1.1" 200 143387 "-" "meta-externalagent/1.1 (+https://developers.facebook.com/docs/sharing/webmasters/crawler)"
57.141.2.18 - - [10/Mar/2026:18:50:34 +0600] "GET /?i=goods-13612454 HTTP/1.1" 200 140490 "-" "meta-externalagent/1.1 (+https://developers.facebook.com/docs/sharing/webmasters/crawler)"
57.141.2.67 - - [10/Mar/2026:18:50:34 +0600] "GET /?i=cam-cam-copenhagen-wickelauflage-windflower-creme-62071054 HTTP/1.1" 200 143229 "-" "meta-externalagent/1.1 (+https://developers.facebook.com/docs/sharing/webmasters/crawler)"
74.7.227.10 - - [10/Mar/2026:18:50:34 +0600] "GET /70277474.phtml HTTP/1.1" 404 36192 "https://www.inprosysltd.com/sitemap-18.xml" "Mozilla/5.0 AppleWebKit/537.36 (KHTML, like Gecko; compatible; GPTBot/1.3; +https://openai.com/gptbot)"
57.141.2.58 - - [10/Mar/2026:18:50:35 +0600] "GET /?i=sklum-nova-cadeira-de-jardim-acapulco-em-aco-e-vime-sintetico-16580355 HTTP/1.1" 200 143056 "-" "meta-externalagent/1.1 (+https://developers.facebook.com/docs/sharing/webmasters/crawler)"
57.141.2.44 - - [10/Mar/2026:18:50:35 +0600] "GET /?i=wala-camisetas-manga-corta-russell-camisetas-21996755 HTTP/1.1" 200 142024 "-" "meta-externalagent/1.1 (+https://developers.facebook.com/docs/sharing/webmasters/crawler)"
57.141.2.25 - - [10/Mar/2026:18:50:36 +0600] "GET /?i=tocoto-vintage-blusa-estampado-cuadro-flores-18719555 HTTP/1.1" 200 140142 "-" "meta-externalagent/1.1 (+https://developers.facebook.com/docs/sharing/webmasters/crawler)"
57.141.2.59 - - [10/Mar/2026:18:50:36 +0600] "GET /?i=alcampo-preparado-de-paella-500-g-24321055 HTTP/1.1" 200 141132 "-" "meta-externalagent/1.1 (+https://developers.facebook.com/docs/sharing/webmasters/crawler)"
57.141.2.61 - - [10/Mar/2026:18:50:37 +0600] "GET /?i=westwing-serax-x-yotam-ottolenghi-cuencos-con-esmalte-reactivo-feast-32539555 HTTP/1.1" 200 143178 "-" "meta-externalagent/1.1 (+https://developers.facebook.com/docs/sharing/webmasters/crawler)"
57.141.2.64 - - [10/Mar/2026:18:50:37 +0600] "GET /?i=lasa-home-toalla-playa-cool-10284355 HTTP/1.1" 200 140204 "-" "meta-externalagent/1.1 (+https://developers.facebook.com/docs/sharing/webmasters/crawler)"
57.141.2.67 - - [10/Mar/2026:18:50:38 +0600] "GET /?i=alpe-alpe-new-amelie-538155 HTTP/1.1" 200 139074 "-" "meta-externalagent/1.1 (+https://developers.facebook.com/docs/sharing/webmasters/crawler)"
57.141.2.66 - - [10/Mar/2026:18:50:38 +0600] "GET /?i=garcia-de-pou-tabla-presentacion-rectangular-33x23x1-5-cm-natural-pi-8228355 HTTP/1.1" 200 143376 "-" "meta-externalagent/1.1 (+https://developers.facebook.com/docs/sharing/webmasters/crawler)"
57.141.2.53 - - [10/Mar/2026:18:50:39 +0600] "GET /?i=goods-134361454 HTTP/1.1" 200 146087 "-" "meta-externalagent/1.1 (+https://developers.facebook.com/docs/sharing/webmasters/crawler)"
57.141.2.50 - - [10/Mar/2026:18:50:39 +0600] "GET /?i=pedro-del-hierro-jersey-liso-cuello-pico-14047155 HTTP/1.1" 200 141920 "-" "meta-externalagent/1.1 (+https://developers.facebook.com/docs/sharing/webmasters/crawler)"
57.141.2.39 - - [10/Mar/2026:18:50:40 +0600] "GET /?i=goods-103650358 HTTP/1.1" 200 141770 "-" "meta-externalagent/1.1 (+https://developers.facebook.com/docs/sharing/webmasters/crawler)"
57.141.2.27 - - [10/Mar/2026:18:50:40 +0600] "GET /?i=firenze-artegiani-clara-rinonera-de-moda-unisex-piel-autentica-sauva-7438355 HTTP/1.1" 200 143104 "-" "meta-externalagent/1.1 (+https://developers.facebook.com/docs/sharing/webmasters/crawler)"
57.141.2.15 - - [10/Mar/2026:18:50:41 +0600] "GET /?i=creaciones-meng-regalo-juegos-de-mesa-juego-de-rompecabezas-redondo-4361755 HTTP/1.1" 200 144450 "-" "meta-externalagent/1.1 (+https://developers.facebook.com/docs/sharing/webmasters/crawler)"
57.141.2.64 - - [10/Mar/2026:18:50:41 +0600] "GET /?i=goods-107184654 HTTP/1.1" 200 142120 "-" "meta-externalagent/1.1 (+https://developers.facebook.com/docs/sharing/webmasters/crawler)"
57.141.2.5 - - [10/Mar/2026:18:50:41 +0600] "GET /?i=goods-12581354 HTTP/1.1" 200 139572 "-" "meta-externalagent/1.1 (+https://developers.facebook.com/docs/sharing/webmasters/crawler)"
57.141.2.9 - - [10/Mar/2026:18:50:42 +0600] "GET /?i=goods-113344554 HTTP/1.1" 200 141945 "-" "meta-externalagent/1.1 (+https://developers.facebook.com/docs/sharing/webmasters/crawler)"
74.7.242.57 - - [10/Mar/2026:18:50:42 +0600] "GET /256216484.htm HTTP/1.1" 404 35756 "https://inprosysltd.com/sitemap-3.xml" "Mozilla/5.0 AppleWebKit/537.36 (KHTML, like Gecko; compatible; GPTBot/1.3; +https://openai.com/gptbot)"
57.141.2.43 - - [10/Mar/2026:18:50:43 +0600] "GET /?i=goods-103021654 HTTP/1.1" 200 140753 "-" "meta-externalagent/1.1 (+https://developers.facebook.com/docs/sharing/webmasters/crawler)"
57.141.2.60 - - [10/Mar/2026:18:50:43 +0600] "GET /?i=goods-38782954 HTTP/1.1" 200 141270 "-" "meta-externalagent/1.1 (+https://developers.facebook.com/docs/sharing/webmasters/crawler)"
57.141.2.14 - - [10/Mar/2026:18:50:44 +0600] "GET /?i=goods-186441058 HTTP/1.1" 200 142260 "-" "meta-externalagent/1.1 (+https://developers.facebook.com/docs/sharing/webmasters/crawler)"
57.141.2.23 - - [10/Mar/2026:18:50:44 +0600] "GET /?i=fama-fabre-secador-parlux-alyon-grafito-7229955 HTTP/1.1" 200 143399 "-" "meta-externalagent/1.1 (+https://developers.facebook.com/docs/sharing/webmasters/crawler)"
57.141.2.5 - - [10/Mar/2026:18:50:45 +0600] "GET /?i=goods-57797854 HTTP/1.1" 200 142764 "-" "meta-externalagent/1.1 (+https://developers.facebook.com/docs/sharing/webmasters/crawler)"
57.141.2.70 - - [10/Mar/2026:18:50:45 +0600] "GET /?i=wala-zapatillas-timberland-sprint-trekker-21084355 HTTP/1.1" 200 141843 "-" "meta-externalagent/1.1 (+https://developers.facebook.com/docs/sharing/webmasters/crawler)"
57.141.2.49 - - [10/Mar/2026:18:50:46 +0600] "GET /?i=goods-68100654 HTTP/1.1" 200 138752 "-" "meta-externalagent/1.1 (+https://developers.facebook.com/docs/sharing/webmasters/crawler)"
57.141.2.57 - - [10/Mar/2026:18:50:46 +0600] "GET /?i=alcampo-lacasa-trufas-de-cacao-puro-200-g-24942155 HTTP/1.1" 200 142013 "-" "meta-externalagent/1.1 (+https://developers.facebook.com/docs/sharing/webmasters/crawler)"
57.141.2.69 - - [10/Mar/2026:18:50:47 +0600] "GET /?i=goods-139065754 HTTP/1.1" 200 142395 "-" "meta-externalagent/1.1 (+https://developers.facebook.com/docs/sharing/webmasters/crawler)"
57.141.2.1 - - [10/Mar/2026:18:50:47 +0600] "GET /?i=goods-65162454 HTTP/1.1" 200 143020 "-" "meta-externalagent/1.1 (+https://developers.facebook.com/docs/sharing/webmasters/crawler)"
57.141.2.64 - - [10/Mar/2026:18:50:47 +0600] "GET /?i=goods-30761654 HTTP/1.1" 200 140241 "-" "meta-externalagent/1.1 (+https://developers.facebook.com/docs/sharing/webmasters/crawler)"
57.141.2.13 - - [10/Mar/2026:18:50:48 +0600] "GET /?i=goods-13388854 HTTP/1.1" 200 139926 "-" "meta-externalagent/1.1 (+https://developers.facebook.com/docs/sharing/webmasters/crawler)"
57.141.2.52 - - [10/Mar/2026:18:50:49 +0600] "GET /?i=goods-75907354 HTTP/1.1" 200 140839 "-" "meta-externalagent/1.1 (+https://developers.facebook.com/docs/sharing/webmasters/crawler)"
57.141.2.70 - - [10/Mar/2026:18:50:49 +0600] "GET /?i=goods-107929954 HTTP/1.1" 200 143250 "-" "meta-externalagent/1.1 (+https://developers.facebook.com/docs/sharing/webmasters/crawler)"
57.141.2.66 - - [10/Mar/2026:18:50:50 +0600] "GET /?i=goods-62899654 HTTP/1.1" 200 144148 "-" "meta-externalagent/1.1 (+https://developers.facebook.com/docs/sharing/webmasters/crawler)"
57.141.2.67 - - [10/Mar/2026:18:50:50 +0600] "GET /?i=goods-145115354 HTTP/1.1" 200 143206 "-" "meta-externalagent/1.1 (+https://developers.facebook.com/docs/sharing/webmasters/crawler)"
57.141.2.28 - - [10/Mar/2026:18:50:50 +0600] "GET /?i=goods-140048854 HTTP/1.1" 200 144001 "-" "meta-externalagent/1.1 (+https://developers.facebook.com/docs/sharing/webmasters/crawler)"
57.141.2.67 - - [10/Mar/2026:18:50:51 +0600] "GET /?i=patek-philippe-5531g-grandes-complicaciones-cuerda-automatica-35662155 HTTP/1.1" 200 142239 "-" "meta-externalagent/1.1 (+https://developers.facebook.com/docs/sharing/webmasters/crawler)"
57.141.2.67 - - [10/Mar/2026:18:50:52 +0600] "GET /?i=goods-121618854 HTTP/1.1" 200 142081 "-" "meta-externalagent/1.1 (+https://developers.facebook.com/docs/sharing/webmasters/crawler)"
57.141.2.41 - - [10/Mar/2026:18:50:52 +0600] "GET /?i=garcia-de-pou-palillos-enfundados-individualmente-6-5-cm-natural-mad-7809655 HTTP/1.1" 200 143580 "-" "meta-externalagent/1.1 (+https://developers.facebook.com/docs/sharing/webmasters/crawler)"
57.141.2.66 - - [10/Mar/2026:18:50:53 +0600] "GET /?i=goods-48417058 HTTP/1.1" 200 141583 "-" "meta-externalagent/1.1 (+https://developers.facebook.com/docs/sharing/webmasters/crawler)"
57.141.2.15 - - [10/Mar/2026:18:50:53 +0600] "GET /?i=goods-145304658 HTTP/1.1" 200 140317 "-" "meta-externalagent/1.1 (+https://developers.facebook.com/docs/sharing/webmasters/crawler)"
57.141.2.4 - - [10/Mar/2026:18:50:54 +0600] "GET /?i=alcampo-producto-alcampo-caballa-del-sur-en-escabeche-65-g-24568555 HTTP/1.1" 200 142544 "-" "meta-externalagent/1.1 (+https://developers.facebook.com/docs/sharing/webmasters/crawler)"
57.141.2.23 - - [10/Mar/2026:18:50:54 +0600] "GET /?i=bricomart-sombrerete-pared-simple-o80mm-fachada-inoxidable-30466255 HTTP/1.1" 200 144715 "-" "meta-externalagent/1.1 (+https://developers.facebook.com/docs/sharing/webmasters/crawler)"
57.141.2.53 - - [10/Mar/2026:18:50:55 +0600] "GET /?i=creaciones-meng-decoracion-velas-y-portavelas-porta-velas-de-ceramic-4251455 HTTP/1.1" 200 144040 "-" "meta-externalagent/1.1 (+https://developers.facebook.com/docs/sharing/webmasters/crawler)"
57.141.2.59 - - [10/Mar/2026:18:50:55 +0600] "GET /?i=women-secret-braguita-alta-22622055 HTTP/1.1" 200 141866 "-" "meta-externalagent/1.1 (+https://developers.facebook.com/docs/sharing/webmasters/crawler)"
57.141.2.20 - - [10/Mar/2026:18:50:55 +0600] "GET /?i=goods-78031554 HTTP/1.1" 200 141339 "-" "meta-externalagent/1.1 (+https://developers.facebook.com/docs/sharing/webmasters/crawler)"
57.141.2.6 - - [10/Mar/2026:18:50:56 +0600] "GET /?i=nacnic-poster-comienza-con-una-sonrisa-12061355 HTTP/1.1" 200 141040 "-" "meta-externalagent/1.1 (+https://developers.facebook.com/docs/sharing/webmasters/crawler)"
57.141.2.34 - - [10/Mar/2026:18:50:57 +0600] "GET /?i=goods-11780754 HTTP/1.1" 200 144434 "-" "meta-externalagent/1.1 (+https://developers.facebook.com/docs/sharing/webmasters/crawler)"
57.141.2.30 - - [10/Mar/2026:18:50:57 +0600] "GET /?i=uno-de-50-anillo-cuadrado-con-cristal-facetado-unisex-27383255 HTTP/1.1" 200 142343 "-" "meta-externalagent/1.1 (+https://developers.facebook.com/docs/sharing/webmasters/crawler)"
57.141.2.14 - - [10/Mar/2026:18:50:58 +0600] "GET /?i=goods-6969454 HTTP/1.1" 200 141429 "-" "meta-externalagent/1.1 (+https://developers.facebook.com/docs/sharing/webmasters/crawler)"
57.141.2.11 - - [10/Mar/2026:18:50:58 +0600] "GET /?i=goods-129188954 HTTP/1.1" 200 143308 "-" "meta-externalagent/1.1 (+https://developers.facebook.com/docs/sharing/webmasters/crawler)"
57.141.2.54 - - [10/Mar/2026:18:50:59 +0600] "GET /?i=ferragamo-cinturon-gancini-ajustable-y-reversible-mujer-27351355 HTTP/1.1" 200 142726 "-" "meta-externalagent/1.1 (+https://developers.facebook.com/docs/sharing/webmasters/crawler)"
57.141.2.69 - - [10/Mar/2026:18:50:59 +0600] "GET /?i=paez-classic-combi-light-blue-13714055 HTTP/1.1" 200 139559 "-" "meta-externalagent/1.1 (+https://developers.facebook.com/docs/sharing/webmasters/crawler)"
57.141.2.1 - - [10/Mar/2026:18:51:00 +0600] "GET /?i=goods-10354354 HTTP/1.1" 200 140903 "-" "meta-externalagent/1.1 (+https://developers.facebook.com/docs/sharing/webmasters/crawler)"
57.141.2.20 - - [10/Mar/2026:18:51:00 +0600] "GET /?i=cortefiel-deportivos-3233255 HTTP/1.1" 200 141089 "-" "meta-externalagent/1.1 (+https://developers.facebook.com/docs/sharing/webmasters/crawler)"
57.141.2.25 - - [10/Mar/2026:18:51:00 +0600] "GET /?i=goods-208035458 HTTP/1.1" 200 141175 "-" "meta-externalagent/1.1 (+https://developers.facebook.com/docs/sharing/webmasters/crawler)"
57.141.2.39 - - [10/Mar/2026:18:51:03 +0600] "GET /?i=conforama-adorno-pared-metal-67x4x40-cm-28072155 HTTP/1.1" 200 141470 "-" "meta-externalagent/1.1 (+https://developers.facebook.com/docs/sharing/webmasters/crawler)"
57.141.2.39 - - [10/Mar/2026:18:51:03 +0600] "GET /?i=cambrass-moises-palma-acolch-pata-m-bco-lino-rosa-bco-39x80x25-cm-1857255 HTTP/1.1" 200 141661 "-" "meta-externalagent/1.1 (+https://developers.facebook.com/docs/sharing/webmasters/crawler)"
57.141.2.31 - - [10/Mar/2026:18:51:03 +0600] "GET /?i=goods-24555654 HTTP/1.1" 200 142418 "-" "meta-externalagent/1.1 (+https://developers.facebook.com/docs/sharing/webmasters/crawler)"
57.141.2.49 - - [10/Mar/2026:18:51:03 +0600] "GET /?i=goods-27558254 HTTP/1.1" 200 141143 "-" "meta-externalagent/1.1 (+https://developers.facebook.com/docs/sharing/webmasters/crawler)"
57.141.2.34 - - [10/Mar/2026:18:51:03 +0600] "GET /?i=goods-136937154 HTTP/1.1" 200 143571 "-" "meta-externalagent/1.1 (+https://developers.facebook.com/docs/sharing/webmasters/crawler)"
57.141.2.7 - - [10/Mar/2026:18:51:04 +0600] "GET /?i=cortefiel-camiseta-manga-larga-rayas-cuello-panadero-3511755 HTTP/1.1" 200 142164 "-" "meta-externalagent/1.1 (+https://developers.facebook.com/docs/sharing/webmasters/crawler)"
57.141.2.12 - - [10/Mar/2026:18:51:04 +0600] "GET /?i=superdry-sobrecamisa-de-pana-surplus-37597355 HTTP/1.1" 200 141144 "-" "meta-externalagent/1.1 (+https://developers.facebook.com/docs/sharing/webmasters/crawler)"
57.141.2.21 - - [10/Mar/2026:18:51:05 +0600] "GET /?i=goods-77614554 HTTP/1.1" 200 140630 "-" "meta-externalagent/1.1 (+https://developers.facebook.com/docs/sharing/webmasters/crawler)"
57.141.2.65 - - [10/Mar/2026:18:51:05 +0600] "GET /?i=calzedonia-pantis-comfort-50-denier-soft-touch-36368355 HTTP/1.1" 200 141955 "-" "meta-externalagent/1.1 (+https://developers.facebook.com/docs/sharing/webmasters/crawler)"
57.141.2.50 - - [10/Mar/2026:18:51:06 +0600] "GET /?i=hugo-boss-cazadora-bomber-corta-en-denim-rigido-negro-38009955 HTTP/1.1" 200 142393 "-" "meta-externalagent/1.1 (+https://developers.facebook.com/docs/sharing/webmasters/crawler)"
57.141.2.26 - - [10/Mar/2026:18:51:06 +0600] "GET /?i=goods-129602354 HTTP/1.1" 200 141550 "-" "meta-externalagent/1.1 (+https://developers.facebook.com/docs/sharing/webmasters/crawler)"
57.141.2.9 - - [10/Mar/2026:18:51:07 +0600] "GET /?i=goods-66085354 HTTP/1.1" 200 139701 "-" "meta-externalagent/1.1 (+https://developers.facebook.com/docs/sharing/webmasters/crawler)"
57.141.2.33 - - [10/Mar/2026:18:51:07 +0600] "GET /?i=goods-31798154 HTTP/1.1" 200 140407 "-" "meta-externalagent/1.1 (+https://developers.facebook.com/docs/sharing/webmasters/crawler)"
57.141.2.19 - - [10/Mar/2026:18:51:08 +0600] "GET /?i=neosens-s3006-restored-skin-ebony-aurora-12805855 HTTP/1.1" 200 141847 "-" "meta-externalagent/1.1 (+https://developers.facebook.com/docs/sharing/webmasters/crawler)"
57.141.2.67 - - [10/Mar/2026:18:51:08 +0600] "GET /?i=alcampo-friskies-pienso-para-gatos-junior-especial-para-gatitos-lact-26012755 HTTP/1.1" 200 147148 "-" "meta-externalagent/1.1 (+https://developers.facebook.com/docs/sharing/webmasters/crawler)"
57.141.2.67 - - [10/Mar/2026:18:51:08 +0600] "GET /?i=hoss-intropia-magin-set-de-pulseras-pulseras-de-mujer-hoss-intropia-8798855 HTTP/1.1" 200 144155 "-" "meta-externalagent/1.1 (+https://developers.facebook.com/docs/sharing/webmasters/crawler)"
57.141.2.47 - - [10/Mar/2026:18:51:09 +0600] "GET /?i=goods-8739554 HTTP/1.1" 200 140538 "-" "meta-externalagent/1.1 (+https://developers.facebook.com/docs/sharing/webmasters/crawler)"
57.141.2.65 - - [10/Mar/2026:18:51:10 +0600] "GET /?i=goods-73983954 HTTP/1.1" 200 144297 "-" "meta-externalagent/1.1 (+https://developers.facebook.com/docs/sharing/webmasters/crawler)"
216.73.216.20 - - [10/Mar/2026:18:51:10 +0600] "GET /30603878.htm HTTP/1.1" 404 35756 "-" "Mozilla/5.0 AppleWebKit/537.36 (KHTML, like Gecko; compatible; ClaudeBot/1.0; +claudebot@anthropic.com)"
57.141.2.27 - - [10/Mar/2026:18:51:10 +0600] "GET /?i=goods-120319254 HTTP/1.1" 200 151448 "-" "meta-externalagent/1.1 (+https://developers.facebook.com/docs/sharing/webmasters/crawler)"
216.73.216.20 - - [10/Mar/2026:18:51:10 +0600] "GET /209940056.htm HTTP/1.1" 404 35756 "-" "Mozilla/5.0 AppleWebKit/537.36 (KHTML, like Gecko; compatible; ClaudeBot/1.0; +claudebot@anthropic.com)"
57.141.2.36 - - [10/Mar/2026:18:51:11 +0600] "GET /?i=goods-134411458 HTTP/1.1" 200 139678 "-" "meta-externalagent/1.1 (+https://developers.facebook.com/docs/sharing/webmasters/crawler)"
57.141.2.47 - - [10/Mar/2026:18:51:11 +0600] "GET /?i=goods-143838454 HTTP/1.1" 200 143102 "-" "meta-externalagent/1.1 (+https://developers.facebook.com/docs/sharing/webmasters/crawler)"
57.141.2.22 - - [10/Mar/2026:18:51:12 +0600] "GET /?i=pedro-del-hierro-gafas-pasta-doble-puente-14191755 HTTP/1.1" 200 142136 "-" "meta-externalagent/1.1 (+https://developers.facebook.com/docs/sharing/webmasters/crawler)"
216.73.216.20 - - [10/Mar/2026:18:51:12 +0600] "GET /333590810.htm HTTP/1.1" 404 35756 "-" "Mozilla/5.0 AppleWebKit/537.36 (KHTML, like Gecko; compatible; ClaudeBot/1.0; +claudebot@anthropic.com)"
57.141.2.58 - - [10/Mar/2026:18:51:12 +0600] "GET /?i=goods-75791254 HTTP/1.1" 200 140727 "-" "meta-externalagent/1.1 (+https://developers.facebook.com/docs/sharing/webmasters/crawler)"
216.73.216.20 - - [10/Mar/2026:18:51:12 +0600] "GET /320144870.htm HTTP/1.1" 404 35756 "-" "Mozilla/5.0 AppleWebKit/537.36 (KHTML, like Gecko; compatible; ClaudeBot/1.0; +claudebot@anthropic.com)"
57.141.2.43 - - [10/Mar/2026:18:51:13 +0600] "GET /?i=goods-28353354 HTTP/1.1" 200 140819 "-" "meta-externalagent/1.1 (+https://developers.facebook.com/docs/sharing/webmasters/crawler)"
57.141.2.53 - - [10/Mar/2026:18:51:13 +0600] "GET /?i=goods-12645654 HTTP/1.1" 200 140187 "-" "meta-externalagent/1.1 (+https://developers.facebook.com/docs/sharing/webmasters/crawler)"
216.73.216.20 - - [10/Mar/2026:18:51:13 +0600] "GET /457945202.htm HTTP/1.1" 404 35756 "-" "Mozilla/5.0 AppleWebKit/537.36 (KHTML, like Gecko; compatible; ClaudeBot/1.0; +claudebot@anthropic.com)"
57.141.2.18 - - [10/Mar/2026:18:51:14 +0600] "GET /?i=goods-89266554 HTTP/1.1" 200 149083 "-" "meta-externalagent/1.1 (+https://developers.facebook.com/docs/sharing/webmasters/crawler)"
216.73.216.20 - - [10/Mar/2026:18:51:14 +0600] "GET /94387184.htm HTTP/1.1" 404 35756 "-" "Mozilla/5.0 AppleWebKit/537.36 (KHTML, like Gecko; compatible; ClaudeBot/1.0; +claudebot@anthropic.com)"
57.141.2.15 - - [10/Mar/2026:18:51:14 +0600] "GET /?i=goods-34773154 HTTP/1.1" 200 141940 "-" "meta-externalagent/1.1 (+https://developers.facebook.com/docs/sharing/webmasters/crawler)"
57.141.2.40 - - [10/Mar/2026:18:51:14 +0600] "GET /?i=cecotec-polka-platinum-20-bucket-thunder-sarten-con-diametro-de-20-c-2504455 HTTP/1.1" 200 146753 "-" "meta-externalagent/1.1 (+https://developers.facebook.com/docs/sharing/webmasters/crawler)"
57.141.2.64 - - [10/Mar/2026:18:51:15 +0600] "GET /?i=dekodonia-set-dos-cesta-mimbre-poliester-blanco-5154355 HTTP/1.1" 200 139635 "-" "meta-externalagent/1.1 (+https://developers.facebook.com/docs/sharing/webmasters/crawler)"
57.141.2.25 - - [10/Mar/2026:18:51:15 +0600] "GET /?i=goods-38298354 HTTP/1.1" 200 140383 "-" "meta-externalagent/1.1 (+https://developers.facebook.com/docs/sharing/webmasters/crawler)"
216.73.216.20 - - [10/Mar/2026:18:51:15 +0600] "GET /268158986.htm HTTP/1.1" 404 35756 "-" "Mozilla/5.0 AppleWebKit/537.36 (KHTML, like Gecko; compatible; ClaudeBot/1.0; +claudebot@anthropic.com)"
216.73.216.20 - - [10/Mar/2026:18:51:16 +0600] "GET /230745458.htm HTTP/1.1" 404 35756 "-" "Mozilla/5.0 AppleWebKit/537.36 (KHTML, like Gecko; compatible; ClaudeBot/1.0; +claudebot@anthropic.com)"
57.141.2.48 - - [10/Mar/2026:18:51:16 +0600] "GET /?i=goods-142938154 HTTP/1.1" 200 142062 "-" "meta-externalagent/1.1 (+https://developers.facebook.com/docs/sharing/webmasters/crawler)"
57.141.2.10 - - [10/Mar/2026:18:51:16 +0600] "GET /?i=goods-34821754 HTTP/1.1" 200 141350 "-" "meta-externalagent/1.1 (+https://developers.facebook.com/docs/sharing/webmasters/crawler)"
57.141.2.70 - - [10/Mar/2026:18:51:17 +0600] "GET /?i=alcampo-lavavajillas-edesa-6130-x-real-inox-14-servicios-clasificaci-24172055 HTTP/1.1" 200 144661 "-" "meta-externalagent/1.1 (+https://developers.facebook.com/docs/sharing/webmasters/crawler)"
216.73.216.20 - - [10/Mar/2026:18:51:17 +0600] "GET /559505480.htm HTTP/1.1" 404 35756 "-" "Mozilla/5.0 AppleWebKit/537.36 (KHTML, like Gecko; compatible; ClaudeBot/1.0; +claudebot@anthropic.com)"
57.141.2.27 - - [10/Mar/2026:18:51:18 +0600] "GET /?i=goods-113130554 HTTP/1.1" 200 142617 "-" "meta-externalagent/1.1 (+https://developers.facebook.com/docs/sharing/webmasters/crawler)"
216.73.216.20 - - [10/Mar/2026:18:51:18 +0600] "GET /360631118.htm HTTP/1.1" 404 35756 "-" "Mozilla/5.0 AppleWebKit/537.36 (KHTML, like Gecko; compatible; ClaudeBot/1.0; +claudebot@anthropic.com)"
57.141.2.52 - - [10/Mar/2026:18:51:18 +0600] "GET /?i=gabol-bandolera-neptuno-7611055 HTTP/1.1" 200 138868 "-" "meta-externalagent/1.1 (+https://developers.facebook.com/docs/sharing/webmasters/crawler)"
57.141.2.67 - - [10/Mar/2026:18:51:19 +0600] "GET /?i=goods-59719254 HTTP/1.1" 200 140980 "-" "meta-externalagent/1.1 (+https://developers.facebook.com/docs/sharing/webmasters/crawler)"
57.141.2.66 - - [10/Mar/2026:18:51:19 +0600] "GET /?i=goods-123479754 HTTP/1.1" 200 144450 "-" "meta-externalagent/1.1 (+https://developers.facebook.com/docs/sharing/webmasters/crawler)"
216.73.216.20 - - [10/Mar/2026:18:51:19 +0600] "GET /392709050.htm HTTP/1.1" 404 35756 "-" "Mozilla/5.0 AppleWebKit/537.36 (KHTML, like Gecko; compatible; ClaudeBot/1.0; +claudebot@anthropic.com)"
57.141.2.33 - - [10/Mar/2026:18:51:20 +0600] "GET /?i=lekue-set-de-3-bolsas-reutilizables-planas-10559155 HTTP/1.1" 200 141290 "-" "meta-externalagent/1.1 (+https://developers.facebook.com/docs/sharing/webmasters/crawler)"
216.73.216.20 - - [10/Mar/2026:18:51:20 +0600] "GET /435230510.htm HTTP/1.1" 404 35756 "-" "Mozilla/5.0 AppleWebKit/537.36 (KHTML, like Gecko; compatible; ClaudeBot/1.0; +claudebot@anthropic.com)"
57.141.2.5 - - [10/Mar/2026:18:51:20 +0600] "GET /?i=women-secret-camiseta-de-manga-corta-twist-verde-22835455 HTTP/1.1" 200 142501 "-" "meta-externalagent/1.1 (+https://developers.facebook.com/docs/sharing/webmasters/crawler)"
57.141.2.62 - - [10/Mar/2026:18:51:21 +0600] "GET /?i=goods-78941654 HTTP/1.1" 200 143226 "-" "meta-externalagent/1.1 (+https://developers.facebook.com/docs/sharing/webmasters/crawler)"
216.73.216.20 - - [10/Mar/2026:18:51:21 +0600] "GET /345030554.htm HTTP/1.1" 404 35756 "-" "Mozilla/5.0 AppleWebKit/537.36 (KHTML, like Gecko; compatible; ClaudeBot/1.0; +claudebot@anthropic.com)"
57.141.2.14 - - [10/Mar/2026:18:51:21 +0600] "GET /?i=h-m-camisa-slim-fit-negro-hombre-40031255 HTTP/1.1" 200 141041 "-" "meta-externalagent/1.1 (+https://developers.facebook.com/docs/sharing/webmasters/crawler)"
57.141.2.67 - - [10/Mar/2026:18:51:22 +0600] "GET /?i=goods-61520454 HTTP/1.1" 200 142927 "-" "meta-externalagent/1.1 (+https://developers.facebook.com/docs/sharing/webmasters/crawler)"
216.73.216.20 - - [10/Mar/2026:18:51:22 +0600] "GET /390156758.htm HTTP/1.1" 404 35756 "-" "Mozilla/5.0 AppleWebKit/537.36 (KHTML, like Gecko; compatible; ClaudeBot/1.0; +claudebot@anthropic.com)"
57.141.2.67 - - [10/Mar/2026:18:51:22 +0600] "GET /?i=nacnic-lamina-acuarela-skyline-de-praga-nacnic-12538555 HTTP/1.1" 200 143542 "-" "meta-externalagent/1.1 (+https://developers.facebook.com/docs/sharing/webmasters/crawler)"
216.73.216.20 - - [10/Mar/2026:18:51:22 +0600] "GET /286652408.htm HTTP/1.1" 404 35756 "-" "Mozilla/5.0 AppleWebKit/537.36 (KHTML, like Gecko; compatible; ClaudeBot/1.0; +claudebot@anthropic.com)"
216.73.216.20 - - [10/Mar/2026:18:51:23 +0600] "GET /174843344.htm HTTP/1.1" 404 35756 "-" "Mozilla/5.0 AppleWebKit/537.36 (KHTML, like Gecko; compatible; ClaudeBot/1.0; +claudebot@anthropic.com)"
57.141.2.32 - - [10/Mar/2026:18:51:23 +0600] "GET /?i=goods-54159354 HTTP/1.1" 200 139869 "-" "meta-externalagent/1.1 (+https://developers.facebook.com/docs/sharing/webmasters/crawler)"
57.141.2.65 - - [10/Mar/2026:18:51:23 +0600] "GET /?i=bricomart-broca-madera-pala-28-mm-izar-30832055 HTTP/1.1" 200 142632 "-" "meta-externalagent/1.1 (+https://developers.facebook.com/docs/sharing/webmasters/crawler)"
216.73.216.20 - - [10/Mar/2026:18:51:24 +0600] "GET /72274574.htm HTTP/1.1" 404 35756 "-" "Mozilla/5.0 AppleWebKit/537.36 (KHTML, like Gecko; compatible; ClaudeBot/1.0; +claudebot@anthropic.com)"
57.141.2.62 - - [10/Mar/2026:18:51:24 +0600] "GET /?i=goods-35605754 HTTP/1.1" 200 143306 "-" "meta-externalagent/1.1 (+https://developers.facebook.com/docs/sharing/webmasters/crawler)"
57.141.2.57 - - [10/Mar/2026:18:51:24 +0600] "GET /?i=goods-105502854 HTTP/1.1" 200 141684 "-" "meta-externalagent/1.1 (+https://developers.facebook.com/docs/sharing/webmasters/crawler)"
216.73.216.20 - - [10/Mar/2026:18:51:24 +0600] "GET /455089358.htm HTTP/1.1" 404 35756 "-" "Mozilla/5.0 AppleWebKit/537.36 (KHTML, like Gecko; compatible; ClaudeBot/1.0; +claudebot@anthropic.com)"
216.73.216.20 - - [10/Mar/2026:18:51:24 +0600] "GET /411503234.htm HTTP/1.1" 404 35756 "-" "Mozilla/5.0 AppleWebKit/537.36 (KHTML, like Gecko; compatible; ClaudeBot/1.0; +claudebot@anthropic.com)"
57.141.2.48 - - [10/Mar/2026:18:51:25 +0600] "GET /?i=bricomart-inversor-axpert-vm-iv-twin-4kw-24v-30623155 HTTP/1.1" 200 144815 "-" "meta-externalagent/1.1 (+https://developers.facebook.com/docs/sharing/webmasters/crawler)"
216.73.216.20 - - [10/Mar/2026:18:51:25 +0600] "GET /110733422.htm HTTP/1.1" 404 35756 "-" "Mozilla/5.0 AppleWebKit/537.36 (KHTML, like Gecko; compatible; ClaudeBot/1.0; +claudebot@anthropic.com)"
57.141.2.27 - - [10/Mar/2026:18:51:25 +0600] "GET /?i=goods-104249254 HTTP/1.1" 200 141534 "-" "meta-externalagent/1.1 (+https://developers.facebook.com/docs/sharing/webmasters/crawler)"
57.141.2.28 - - [10/Mar/2026:18:51:26 +0600] "GET /?i=goods-90042554 HTTP/1.1" 200 150563 "-" "meta-externalagent/1.1 (+https://developers.facebook.com/docs/sharing/webmasters/crawler)"
216.73.216.20 - - [10/Mar/2026:18:51:26 +0600] "GET /375897068.htm HTTP/1.1" 404 35756 "-" "Mozilla/5.0 AppleWebKit/537.36 (KHTML, like Gecko; compatible; ClaudeBot/1.0; +claudebot@anthropic.com)"
74.7.227.10 - - [10/Mar/2026:18:51:25 +0600] "GET /17661196.phtml HTTP/1.1" 404 36192 "https://www.inprosysltd.com/sitemap-18.xml" "Mozilla/5.0 AppleWebKit/537.36 (KHTML, like Gecko; compatible; GPTBot/1.3; +https://openai.com/gptbot)"
216.73.216.20 - - [10/Mar/2026:18:51:26 +0600] "GET /392448464.htm HTTP/1.1" 404 35756 "-" "Mozilla/5.0 AppleWebKit/537.36 (KHTML, like Gecko; compatible; ClaudeBot/1.0; +claudebot@anthropic.com)"
57.141.2.1 - - [10/Mar/2026:18:51:26 +0600] "GET /?i=goods-87082254 HTTP/1.1" 200 142878 "-" "meta-externalagent/1.1 (+https://developers.facebook.com/docs/sharing/webmasters/crawler)"
216.73.216.20 - - [10/Mar/2026:18:51:27 +0600] "GET /140993576.htm HTTP/1.1" 404 35756 "-" "Mozilla/5.0 AppleWebKit/537.36 (KHTML, like Gecko; compatible; ClaudeBot/1.0; +claudebot@anthropic.com)"
57.141.2.50 - - [10/Mar/2026:18:51:27 +0600] "GET /?i=goods-91203554 HTTP/1.1" 200 149217 "-" "meta-externalagent/1.1 (+https://developers.facebook.com/docs/sharing/webmasters/crawler)"
216.73.216.20 - - [10/Mar/2026:18:51:27 +0600] "GET /137758106.htm HTTP/1.1" 404 35756 "-" "Mozilla/5.0 AppleWebKit/537.36 (KHTML, like Gecko; compatible; ClaudeBot/1.0; +claudebot@anthropic.com)"
57.141.2.24 - - [10/Mar/2026:18:51:27 +0600] "GET /?i=conforama-baul-madera-de-mango-en-blanco-envejecido-45x145x40-29159255 HTTP/1.1" 200 142201 "-" "meta-externalagent/1.1 (+https://developers.facebook.com/docs/sharing/webmasters/crawler)"
57.141.2.58 - - [10/Mar/2026:18:51:28 +0600] "GET /?i=piqueras-y-crespo-silla-bormate-asincro-malla-negra-asiento-bali-nar-14364855 HTTP/1.1" 200 145340 "-" "meta-externalagent/1.1 (+https://developers.facebook.com/docs/sharing/webmasters/crawler)"
216.73.216.20 - - [10/Mar/2026:18:51:28 +0600] "GET /231919862.htm HTTP/1.1" 404 35756 "-" "Mozilla/5.0 AppleWebKit/537.36 (KHTML, like Gecko; compatible; ClaudeBot/1.0; +claudebot@anthropic.com)"
57.141.2.1 - - [10/Mar/2026:18:51:28 +0600] "GET /?i=alma-en-pena-botin-plano-tachas-393155 HTTP/1.1" 200 140548 "-" "meta-externalagent/1.1 (+https://developers.facebook.com/docs/sharing/webmasters/crawler)"
216.73.216.20 - - [10/Mar/2026:18:51:28 +0600] "GET /395670914.htm HTTP/1.1" 404 35756 "-" "Mozilla/5.0 AppleWebKit/537.36 (KHTML, like Gecko; compatible; ClaudeBot/1.0; +claudebot@anthropic.com)"
57.141.2.61 - - [10/Mar/2026:18:51:28 +0600] "GET /?i=goods-118509954 HTTP/1.1" 200 142519 "-" "meta-externalagent/1.1 (+https://developers.facebook.com/docs/sharing/webmasters/crawler)"
216.73.216.20 - - [10/Mar/2026:18:51:29 +0600] "GET /98446448.htm HTTP/1.1" 404 35756 "-" "Mozilla/5.0 AppleWebKit/537.36 (KHTML, like Gecko; compatible; ClaudeBot/1.0; +claudebot@anthropic.com)"
216.73.216.20 - - [10/Mar/2026:18:51:29 +0600] "GET /196175126.htm HTTP/1.1" 404 35756 "-" "Mozilla/5.0 AppleWebKit/537.36 (KHTML, like Gecko; compatible; ClaudeBot/1.0; +claudebot@anthropic.com)"
57.141.2.14 - - [10/Mar/2026:18:51:29 +0600] "GET /?i=goods-45299254 HTTP/1.1" 200 140123 "-" "meta-externalagent/1.1 (+https://developers.facebook.com/docs/sharing/webmasters/crawler)"
216.73.216.20 - - [10/Mar/2026:18:51:29 +0600] "GET /210803468.htm HTTP/1.1" 404 35756 "-" "Mozilla/5.0 AppleWebKit/537.36 (KHTML, like Gecko; compatible; ClaudeBot/1.0; +claudebot@anthropic.com)"
57.141.2.31 - - [10/Mar/2026:18:51:30 +0600] "GET /?i=berwick-1707-2509-k1-box-calf-negro-1180855 HTTP/1.1" 200 139774 "-" "meta-externalagent/1.1 (+https://developers.facebook.com/docs/sharing/webmasters/crawler)"
216.73.216.20 - - [10/Mar/2026:18:51:30 +0600] "GET /374096030.htm HTTP/1.1" 404 35756 "-" "Mozilla/5.0 AppleWebKit/537.36 (KHTML, like Gecko; compatible; ClaudeBot/1.0; +claudebot@anthropic.com)"
57.141.2.41 - - [10/Mar/2026:18:51:30 +0600] "GET /?i=goods-156252158 HTTP/1.1" 200 141733 "-" "meta-externalagent/1.1 (+https://developers.facebook.com/docs/sharing/webmasters/crawler)"
216.73.216.20 - - [10/Mar/2026:18:51:30 +0600] "GET /236048876.htm HTTP/1.1" 404 35756 "-" "Mozilla/5.0 AppleWebKit/537.36 (KHTML, like Gecko; compatible; ClaudeBot/1.0; +claudebot@anthropic.com)"
216.73.216.20 - - [10/Mar/2026:18:51:31 +0600] "GET /161698166.htm HTTP/1.1" 404 35756 "-" "Mozilla/5.0 AppleWebKit/537.36 (KHTML, like Gecko; compatible; ClaudeBot/1.0; +claudebot@anthropic.com)"
57.141.2.58 - - [10/Mar/2026:18:51:31 +0600] "GET /?i=goods-53446154 HTTP/1.1" 200 140347 "-" "meta-externalagent/1.1 (+https://developers.facebook.com/docs/sharing/webmasters/crawler)"
216.73.216.20 - - [10/Mar/2026:18:51:31 +0600] "GET /475625990.htm HTTP/1.1" 404 35756 "-" "Mozilla/5.0 AppleWebKit/537.36 (KHTML, like Gecko; compatible; ClaudeBot/1.0; +claudebot@anthropic.com)"
57.141.2.21 - - [10/Mar/2026:18:51:31 +0600] "GET /?i=balvi-salero-atlantis-starfish-ambar-27610-996655 HTTP/1.1" 200 141637 "-" "meta-externalagent/1.1 (+https://developers.facebook.com/docs/sharing/webmasters/crawler)"
216.73.216.20 - - [10/Mar/2026:18:51:31 +0600] "GET /426219368.htm HTTP/1.1" 404 35756 "-" "Mozilla/5.0 AppleWebKit/537.36 (KHTML, like Gecko; compatible; ClaudeBot/1.0; +claudebot@anthropic.com)"
216.73.216.20 - - [10/Mar/2026:18:51:32 +0600] "GET /395925548.htm HTTP/1.1" 404 35756 "-" "Mozilla/5.0 AppleWebKit/537.36 (KHTML, like Gecko; compatible; ClaudeBot/1.0; +claudebot@anthropic.com)"
57.141.2.22 - - [10/Mar/2026:18:51:32 +0600] "GET /?i=arganour-pack-clean-face-877555 HTTP/1.1" 200 140213 "-" "meta-externalagent/1.1 (+https://developers.facebook.com/docs/sharing/webmasters/crawler)"
216.73.216.20 - - [10/Mar/2026:18:51:32 +0600] "GET /343615652.htm HTTP/1.1" 404 35756 "-" "Mozilla/5.0 AppleWebKit/537.36 (KHTML, like Gecko; compatible; ClaudeBot/1.0; +claudebot@anthropic.com)"
57.141.2.32 - - [10/Mar/2026:18:51:32 +0600] "GET /?i=goods-87602054 HTTP/1.1" 200 140617 "-" "meta-externalagent/1.1 (+https://developers.facebook.com/docs/sharing/webmasters/crawler)"
216.73.216.20 - - [10/Mar/2026:18:51:32 +0600] "GET /438802268.htm HTTP/1.1" 404 35756 "-" "Mozilla/5.0 AppleWebKit/537.36 (KHTML, like Gecko; compatible; ClaudeBot/1.0; +claudebot@anthropic.com)"
57.141.2.46 - - [10/Mar/2026:18:51:33 +0600] "GET /?i=goods-551854 HTTP/1.1" 200 141918 "-" "meta-externalagent/1.1 (+https://developers.facebook.com/docs/sharing/webmasters/crawler)"
216.73.216.20 - - [10/Mar/2026:18:51:33 +0600] "GET /301747982.htm HTTP/1.1" 404 35756 "-" "Mozilla/5.0 AppleWebKit/537.36 (KHTML, like Gecko; compatible; ClaudeBot/1.0; +claudebot@anthropic.com)"
57.141.2.51 - - [10/Mar/2026:18:51:33 +0600] "GET /?i=goods-133315054 HTTP/1.1" 200 141270 "-" "meta-externalagent/1.1 (+https://developers.facebook.com/docs/sharing/webmasters/crawler)"
216.73.216.20 - - [10/Mar/2026:18:51:33 +0600] "GET /350526668.htm HTTP/1.1" 404 35756 "-" "Mozilla/5.0 AppleWebKit/537.36 (KHTML, like Gecko; compatible; ClaudeBot/1.0; +claudebot@anthropic.com)"
57.141.2.15 - - [10/Mar/2026:18:51:34 +0600] "GET /?i=goods-41845854 HTTP/1.1" 200 143430 "-" "meta-externalagent/1.1 (+https://developers.facebook.com/docs/sharing/webmasters/crawler)"
216.73.216.20 - - [10/Mar/2026:18:51:34 +0600] "GET /88040492.htm HTTP/1.1" 404 35756 "-" "Mozilla/5.0 AppleWebKit/537.36 (KHTML, like Gecko; compatible; ClaudeBot/1.0; +claudebot@anthropic.com)"
57.141.2.66 - - [10/Mar/2026:18:51:34 +0600] "GET /?i=goods-131451954 HTTP/1.1" 200 142867 "-" "meta-externalagent/1.1 (+https://developers.facebook.com/docs/sharing/webmasters/crawler)"
216.73.216.20 - - [10/Mar/2026:18:51:34 +0600] "GET /484877072.htm HTTP/1.1" 404 35756 "-" "Mozilla/5.0 AppleWebKit/537.36 (KHTML, like Gecko; compatible; ClaudeBot/1.0; +claudebot@anthropic.com)"
57.141.2.67 - - [10/Mar/2026:18:51:35 +0600] "GET /?i=conforama-aparador-alexandra-house-living-blanco-marron-laton-madera-28499655 HTTP/1.1" 200 143268 "-" "meta-externalagent/1.1 (+https://developers.facebook.com/docs/sharing/webmasters/crawler)"
216.73.216.20 - - [10/Mar/2026:18:51:34 +0600] "GET /423534086.htm HTTP/1.1" 404 35756 "-" "Mozilla/5.0 AppleWebKit/537.36 (KHTML, like Gecko; compatible; ClaudeBot/1.0; +claudebot@anthropic.com)"
216.73.216.20 - - [10/Mar/2026:18:51:34 +0600] "GET /117124754.htm HTTP/1.1" 404 35756 "-" "Mozilla/5.0 AppleWebKit/537.36 (KHTML, like Gecko; compatible; ClaudeBot/1.0; +claudebot@anthropic.com)"
57.141.2.67 - - [10/Mar/2026:18:51:35 +0600] "GET /?i=uller-vertical-mint-grey-19147155 HTTP/1.1" 200 141410 "-" "meta-externalagent/1.1 (+https://developers.facebook.com/docs/sharing/webmasters/crawler)"
216.73.216.20 - - [10/Mar/2026:18:51:35 +0600] "GET /218969240.htm HTTP/1.1" 404 35756 "-" "Mozilla/5.0 AppleWebKit/537.36 (KHTML, like Gecko; compatible; ClaudeBot/1.0; +claudebot@anthropic.com)"
216.73.216.20 - - [10/Mar/2026:18:51:35 +0600] "GET /296568626.htm HTTP/1.1" 404 35756 "-" "Mozilla/5.0 AppleWebKit/537.36 (KHTML, like Gecko; compatible; ClaudeBot/1.0; +claudebot@anthropic.com)"
57.141.2.46 - - [10/Mar/2026:18:51:35 +0600] "GET /?i=new-rock-high-boot-metallic-m-272-c27-13012355 HTTP/1.1" 200 139980 "-" "meta-externalagent/1.1 (+https://developers.facebook.com/docs/sharing/webmasters/crawler)"
216.73.216.20 - - [10/Mar/2026:18:51:36 +0600] "GET /195689666.htm HTTP/1.1" 404 35756 "-" "Mozilla/5.0 AppleWebKit/537.36 (KHTML, like Gecko; compatible; ClaudeBot/1.0; +claudebot@anthropic.com)"
57.141.2.42 - - [10/Mar/2026:18:51:36 +0600] "GET /?i=goods-69179354 HTTP/1.1" 200 143513 "-" "meta-externalagent/1.1 (+https://developers.facebook.com/docs/sharing/webmasters/crawler)"
216.73.216.20 - - [10/Mar/2026:18:51:37 +0600] "GET /515576000.htm HTTP/1.1" 404 35756 "-" "Mozilla/5.0 AppleWebKit/537.36 (KHTML, like Gecko; compatible; ClaudeBot/1.0; +claudebot@anthropic.com)"
57.141.2.28 - - [10/Mar/2026:18:51:37 +0600] "GET /?i=duuo-botas-deportivas-marrones-mujer-5487955 HTTP/1.1" 200 139786 "-" "meta-externalagent/1.1 (+https://developers.facebook.com/docs/sharing/webmasters/crawler)"
216.73.216.20 - - [10/Mar/2026:18:51:37 +0600] "GET /23047070.htm HTTP/1.1" 404 35756 "-" "Mozilla/5.0 AppleWebKit/537.36 (KHTML, like Gecko; compatible; ClaudeBot/1.0; +claudebot@anthropic.com)"
57.141.2.56 - - [10/Mar/2026:18:51:37 +0600] "GET /?i=goods-43504254 HTTP/1.1" 200 143768 "-" "meta-externalagent/1.1 (+https://developers.facebook.com/docs/sharing/webmasters/crawler)"
216.73.216.20 - - [10/Mar/2026:18:51:37 +0600] "GET /311700284.htm HTTP/1.1" 404 35756 "-" "Mozilla/5.0 AppleWebKit/537.36 (KHTML, like Gecko; compatible; ClaudeBot/1.0; +claudebot@anthropic.com)"
74.7.242.57 - - [10/Mar/2026:18:51:37 +0600] "GET /353745212.htm HTTP/1.1" 404 35756 "https://inprosysltd.com/sitemap-9.xml" "Mozilla/5.0 AppleWebKit/537.36 (KHTML, like Gecko; compatible; GPTBot/1.3; +https://openai.com/gptbot)"
57.141.2.57 - - [10/Mar/2026:18:51:38 +0600] "GET /?i=goods-78446954 HTTP/1.1" 200 144474 "-" "meta-externalagent/1.1 (+https://developers.facebook.com/docs/sharing/webmasters/crawler)"
216.73.216.20 - - [10/Mar/2026:18:51:37 +0600] "GET /64297964.htm HTTP/1.1" 404 35756 "-" "Mozilla/5.0 AppleWebKit/537.36 (KHTML, like Gecko; compatible; ClaudeBot/1.0; +claudebot@anthropic.com)"
57.141.2.67 - - [10/Mar/2026:18:51:38 +0600] "GET /?i=goods-58784658 HTTP/1.1" 200 139948 "-" "meta-externalagent/1.1 (+https://developers.facebook.com/docs/sharing/webmasters/crawler)"
216.73.216.20 - - [10/Mar/2026:18:51:38 +0600] "GET /314968490.htm HTTP/1.1" 404 35756 "-" "Mozilla/5.0 AppleWebKit/537.36 (KHTML, like Gecko; compatible; ClaudeBot/1.0; +claudebot@anthropic.com)"
216.73.216.20 - - [10/Mar/2026:18:51:38 +0600] "GET /21819842.htm HTTP/1.1" 404 35756 "-" "Mozilla/5.0 AppleWebKit/537.36 (KHTML, like Gecko; compatible; ClaudeBot/1.0; +claudebot@anthropic.com)"
57.141.2.3 - - [10/Mar/2026:18:51:39 +0600] "GET /?i=goods-82606154 HTTP/1.1" 200 141353 "-" "meta-externalagent/1.1 (+https://developers.facebook.com/docs/sharing/webmasters/crawler)"
216.73.216.20 - - [10/Mar/2026:18:51:39 +0600] "GET /256341848.htm HTTP/1.1" 404 35756 "-" "Mozilla/5.0 AppleWebKit/537.36 (KHTML, like Gecko; compatible; ClaudeBot/1.0; +claudebot@anthropic.com)"
57.141.2.5 - - [10/Mar/2026:18:51:39 +0600] "GET /?i=goods-64661654 HTTP/1.1" 200 142099 "-" "meta-externalagent/1.1 (+https://developers.facebook.com/docs/sharing/webmasters/crawler)"
216.73.216.20 - - [10/Mar/2026:18:51:37 +0600] "GET /430495694.htm HTTP/1.1" 404 35756 "-" "Mozilla/5.0 AppleWebKit/537.36 (KHTML, like Gecko; compatible; ClaudeBot/1.0; +claudebot@anthropic.com)"
216.73.216.20 - - [10/Mar/2026:18:51:39 +0600] "GET /421018808.htm HTTP/1.1" 404 35756 "-" "Mozilla/5.0 AppleWebKit/537.36 (KHTML, like Gecko; compatible; ClaudeBot/1.0; +claudebot@anthropic.com)"
57.141.2.3 - - [10/Mar/2026:18:51:40 +0600] "GET /?i=pepe-jeans-top-de-punto-sin-mangas-35942755 HTTP/1.1" 200 141248 "-" "meta-externalagent/1.1 (+https://developers.facebook.com/docs/sharing/webmasters/crawler)"
216.73.216.20 - - [10/Mar/2026:18:51:40 +0600] "GET /291698774.htm HTTP/1.1" 404 35756 "-" "Mozilla/5.0 AppleWebKit/537.36 (KHTML, like Gecko; compatible; ClaudeBot/1.0; +claudebot@anthropic.com)"
57.141.2.67 - - [10/Mar/2026:18:51:40 +0600] "GET /?i=suarez-colgante-en-oro-blanco-18-kilates-con-cruz-mujer-27384055 HTTP/1.1" 200 142687 "-" "meta-externalagent/1.1 (+https://developers.facebook.com/docs/sharing/webmasters/crawler)"
216.73.216.20 - - [10/Mar/2026:18:51:40 +0600] "GET /85933298.htm HTTP/1.1" 404 35756 "-" "Mozilla/5.0 AppleWebKit/537.36 (KHTML, like Gecko; compatible; ClaudeBot/1.0; +claudebot@anthropic.com)"
57.141.2.67 - - [10/Mar/2026:18:51:41 +0600] "GET /?i=bottega-veneta-pulsera-knot-de-piel-34756055 HTTP/1.1" 200 140067 "-" "meta-externalagent/1.1 (+https://developers.facebook.com/docs/sharing/webmasters/crawler)"
216.73.216.20 - - [10/Mar/2026:18:51:40 +0600] "GET /339268832.htm HTTP/1.1" 404 35756 "-" "Mozilla/5.0 AppleWebKit/537.36 (KHTML, like Gecko; compatible; ClaudeBot/1.0; +claudebot@anthropic.com)"
216.73.216.20 - - [10/Mar/2026:18:51:40 +0600] "GET /248288978.htm HTTP/1.1" 404 35756 "-" "Mozilla/5.0 AppleWebKit/537.36 (KHTML, like Gecko; compatible; ClaudeBot/1.0; +claudebot@anthropic.com)"
57.141.2.71 - - [10/Mar/2026:18:51:41 +0600] "GET /?i=goods-116691754 HTTP/1.1" 200 141612 "-" "meta-externalagent/1.1 (+https://developers.facebook.com/docs/sharing/webmasters/crawler)"
216.73.216.20 - - [10/Mar/2026:18:51:41 +0600] "GET /505706468.htm HTTP/1.1" 404 35756 "-" "Mozilla/5.0 AppleWebKit/537.36 (KHTML, like Gecko; compatible; ClaudeBot/1.0; +claudebot@anthropic.com)"
57.141.2.56 - - [10/Mar/2026:18:51:42 +0600] "GET /?i=goods-65181654 HTTP/1.1" 200 142698 "-" "meta-externalagent/1.1 (+https://developers.facebook.com/docs/sharing/webmasters/crawler)"
216.73.216.20 - - [10/Mar/2026:18:51:42 +0600] "GET /564748820.htm HTTP/1.1" 404 35756 "-" "Mozilla/5.0 AppleWebKit/537.36 (KHTML, like Gecko; compatible; ClaudeBot/1.0; +claudebot@anthropic.com)"
57.141.2.67 - - [10/Mar/2026:18:51:42 +0600] "GET /?i=goods-118959354 HTTP/1.1" 200 142280 "-" "meta-externalagent/1.1 (+https://developers.facebook.com/docs/sharing/webmasters/crawler)"
57.141.2.66 - - [10/Mar/2026:18:51:42 +0600] "GET /?i=goods-53114658 HTTP/1.1" 200 140914 "-" "meta-externalagent/1.1 (+https://developers.facebook.com/docs/sharing/webmasters/crawler)"
216.73.216.20 - - [10/Mar/2026:18:51:42 +0600] "GET /408861662.htm HTTP/1.1" 404 35756 "-" "Mozilla/5.0 AppleWebKit/537.36 (KHTML, like Gecko; compatible; ClaudeBot/1.0; +claudebot@anthropic.com)"
216.73.216.20 - - [10/Mar/2026:18:51:42 +0600] "GET /143301278.htm HTTP/1.1" 404 35756 "-" "Mozilla/5.0 AppleWebKit/537.36 (KHTML, like Gecko; compatible; ClaudeBot/1.0; +claudebot@anthropic.com)"
216.73.216.20 - - [10/Mar/2026:18:51:43 +0600] "GET /187515338.htm HTTP/1.1" 404 35756 "-" "Mozilla/5.0 AppleWebKit/537.36 (KHTML, like Gecko; compatible; ClaudeBot/1.0; +claudebot@anthropic.com)"
57.141.2.41 - - [10/Mar/2026:18:51:43 +0600] "GET /?i=goods-91835754 HTTP/1.1" 200 151212 "-" "meta-externalagent/1.1 (+https://developers.facebook.com/docs/sharing/webmasters/crawler)"
57.141.2.46 - - [10/Mar/2026:18:51:43 +0600] "GET /?i=goods-34916654 HTTP/1.1" 200 142349 "-" "meta-externalagent/1.1 (+https://developers.facebook.com/docs/sharing/webmasters/crawler)"
216.73.216.20 - - [10/Mar/2026:18:51:43 +0600] "GET /479479724.htm HTTP/1.1" 404 35756 "-" "Mozilla/5.0 AppleWebKit/537.36 (KHTML, like Gecko; compatible; ClaudeBot/1.0; +claudebot@anthropic.com)"
