57.141.2.13 - - [10/Mar/2026:18:05:16 +0600] "GET /?i=hugo-boss-falda-evase-en-algodon-elastico-38103955 HTTP/1.1" 200 142169 "-" "meta-externalagent/1.1 (+https://developers.facebook.com/docs/sharing/webmasters/crawler)"
216.73.216.20 - - [10/Mar/2026:18:05:16 +0600] "GET /78470792.htm HTTP/1.1" 404 35756 "-" "Mozilla/5.0 AppleWebKit/537.36 (KHTML, like Gecko; compatible; ClaudeBot/1.0; +claudebot@anthropic.com)"
57.141.2.70 - - [10/Mar/2026:18:05:16 +0600] "GET /?i=mtng-compra-brayan-marron-56692-mujer-accesorios-bandoleras-11663855 HTTP/1.1" 200 143132 "-" "meta-externalagent/1.1 (+https://developers.facebook.com/docs/sharing/webmasters/crawler)"
57.141.2.27 - - [10/Mar/2026:18:05:16 +0600] "GET /?i=la-cija-vajilla-de-5-piezas-motivo-navideno-10013255 HTTP/1.1" 200 140259 "-" "meta-externalagent/1.1 (+https://developers.facebook.com/docs/sharing/webmasters/crawler)"
57.141.2.39 - - [10/Mar/2026:18:05:17 +0600] "GET /?i=h-m-cardigan-en-punto-tupido-azul-claro-mujer-40009055 HTTP/1.1" 200 140961 "-" "meta-externalagent/1.1 (+https://developers.facebook.com/docs/sharing/webmasters/crawler)"
216.73.216.20 - - [10/Mar/2026:18:05:16 +0600] "GET /87729128.htm HTTP/1.1" 404 35756 "-" "Mozilla/5.0 AppleWebKit/537.36 (KHTML, like Gecko; compatible; ClaudeBot/1.0; +claudebot@anthropic.com)"
57.141.2.31 - - [10/Mar/2026:18:05:17 +0600] "GET /?i=buffalo-maxikleid-mit-zierbandern-und-schlitz-sommerkleid-strandklei-138375054 HTTP/1.1" 200 143389 "-" "meta-externalagent/1.1 (+https://developers.facebook.com/docs/sharing/webmasters/crawler)"
216.73.216.20 - - [10/Mar/2026:18:05:17 +0600] "GET /438659792.htm HTTP/1.1" 404 35756 "-" "Mozilla/5.0 AppleWebKit/537.36 (KHTML, like Gecko; compatible; ClaudeBot/1.0; +claudebot@anthropic.com)"
57.141.2.67 - - [10/Mar/2026:18:05:18 +0600] "GET /?i=dlirioshop-pendientes-twins-5368255 HTTP/1.1" 200 140624 "-" "meta-externalagent/1.1 (+https://developers.facebook.com/docs/sharing/webmasters/crawler)"
216.73.216.20 - - [10/Mar/2026:18:05:18 +0600] "GET /296199230.htm HTTP/1.1" 404 35756 "-" "Mozilla/5.0 AppleWebKit/537.36 (KHTML, like Gecko; compatible; ClaudeBot/1.0; +claudebot@anthropic.com)"
57.141.2.37 - - [10/Mar/2026:18:05:18 +0600] "GET /?i=new-rock-m-seve22l-v1-13060155 HTTP/1.1" 200 138823 "-" "meta-externalagent/1.1 (+https://developers.facebook.com/docs/sharing/webmasters/crawler)"
216.73.216.20 - - [10/Mar/2026:18:05:18 +0600] "GET /78808754.htm HTTP/1.1" 404 35756 "-" "Mozilla/5.0 AppleWebKit/537.36 (KHTML, like Gecko; compatible; ClaudeBot/1.0; +claudebot@anthropic.com)"
57.141.2.21 - - [10/Mar/2026:18:05:19 +0600] "GET /?i=gabol-juego-de-2-maletas-mediana-y-grande-escape-7680755 HTTP/1.1" 200 140970 "-" "meta-externalagent/1.1 (+https://developers.facebook.com/docs/sharing/webmasters/crawler)"
216.73.216.20 - - [10/Mar/2026:18:05:19 +0600] "GET /44073254.htm HTTP/1.1" 404 35756 "-" "Mozilla/5.0 AppleWebKit/537.36 (KHTML, like Gecko; compatible; ClaudeBot/1.0; +claudebot@anthropic.com)"
57.141.2.45 - - [10/Mar/2026:18:05:19 +0600] "GET /?i=caudalie-vinocrush-crema-con-color-3-27591655 HTTP/1.1" 200 142555 "-" "meta-externalagent/1.1 (+https://developers.facebook.com/docs/sharing/webmasters/crawler)"
216.73.216.20 - - [10/Mar/2026:18:05:19 +0600] "GET /71216606.htm HTTP/1.1" 404 35756 "-" "Mozilla/5.0 AppleWebKit/537.36 (KHTML, like Gecko; compatible; ClaudeBot/1.0; +claudebot@anthropic.com)"
57.141.2.56 - - [10/Mar/2026:18:05:20 +0600] "GET /?i=goods-73963754 HTTP/1.1" 200 143688 "-" "meta-externalagent/1.1 (+https://developers.facebook.com/docs/sharing/webmasters/crawler)"
216.73.216.20 - - [10/Mar/2026:18:05:20 +0600] "GET /354545012.htm HTTP/1.1" 404 35756 "-" "Mozilla/5.0 AppleWebKit/537.36 (KHTML, like Gecko; compatible; ClaudeBot/1.0; +claudebot@anthropic.com)"
57.141.2.49 - - [10/Mar/2026:18:05:20 +0600] "GET /?i=nacnic-lamina-artistica-de-flor-abstracta-de-nueva-york-12119355 HTTP/1.1" 200 143185 "-" "meta-externalagent/1.1 (+https://developers.facebook.com/docs/sharing/webmasters/crawler)"
216.73.216.20 - - [10/Mar/2026:18:05:20 +0600] "GET /521735948.htm HTTP/1.1" 404 35756 "-" "Mozilla/5.0 AppleWebKit/537.36 (KHTML, like Gecko; compatible; ClaudeBot/1.0; +claudebot@anthropic.com)"
57.141.2.5 - - [10/Mar/2026:18:05:21 +0600] "GET /?i=goods-73965654 HTTP/1.1" 200 143608 "-" "meta-externalagent/1.1 (+https://developers.facebook.com/docs/sharing/webmasters/crawler)"
216.73.216.20 - - [10/Mar/2026:18:05:21 +0600] "GET /438443288.htm HTTP/1.1" 404 35756 "-" "Mozilla/5.0 AppleWebKit/537.36 (KHTML, like Gecko; compatible; ClaudeBot/1.0; +claudebot@anthropic.com)"
57.141.2.54 - - [10/Mar/2026:18:05:21 +0600] "GET /?i=alcampo-nocilla-doble-crema-de-cacao-y-leche-con-avellanas-dos-sabor-24905355 HTTP/1.1" 200 143655 "-" "meta-externalagent/1.1 (+https://developers.facebook.com/docs/sharing/webmasters/crawler)"
216.73.216.20 - - [10/Mar/2026:18:05:21 +0600] "GET /48016268.htm HTTP/1.1" 404 35756 "-" "Mozilla/5.0 AppleWebKit/537.36 (KHTML, like Gecko; compatible; ClaudeBot/1.0; +claudebot@anthropic.com)"
57.141.2.27 - - [10/Mar/2026:18:05:22 +0600] "GET /?i=garmin-monitor-deportivo-fenix-7x-pro-sapphire-solar-edition-multide-27275955 HTTP/1.1" 200 146233 "-" "meta-externalagent/1.1 (+https://developers.facebook.com/docs/sharing/webmasters/crawler)"
216.73.216.20 - - [10/Mar/2026:18:05:22 +0600] "GET /426398486.htm HTTP/1.1" 404 35756 "-" "Mozilla/5.0 AppleWebKit/537.36 (KHTML, like Gecko; compatible; ClaudeBot/1.0; +claudebot@anthropic.com)"
216.73.216.20 - - [10/Mar/2026:18:05:22 +0600] "GET /220786274.htm HTTP/1.1" 404 35756 "-" "Mozilla/5.0 AppleWebKit/537.36 (KHTML, like Gecko; compatible; ClaudeBot/1.0; +claudebot@anthropic.com)"
57.141.2.66 - - [10/Mar/2026:18:05:22 +0600] "GET /?i=piqueras-y-crespo-silla-zulema-sincro-malla-negra-asiento-bali-pista-14402855 HTTP/1.1" 200 144369 "-" "meta-externalagent/1.1 (+https://developers.facebook.com/docs/sharing/webmasters/crawler)"
216.73.216.20 - - [10/Mar/2026:18:05:23 +0600] "GET /102478556.htm HTTP/1.1" 404 35756 "-" "Mozilla/5.0 AppleWebKit/537.36 (KHTML, like Gecko; compatible; ClaudeBot/1.0; +claudebot@anthropic.com)"
57.141.2.25 - - [10/Mar/2026:18:05:23 +0600] "GET /?i=goods-1896254 HTTP/1.1" 200 141205 "-" "meta-externalagent/1.1 (+https://developers.facebook.com/docs/sharing/webmasters/crawler)"
57.141.2.55 - - [10/Mar/2026:18:05:23 +0600] "GET /?i=lotus-collar-lotus-silver-pure-essential-lp3111-1-1-plata-mujer-11349355 HTTP/1.1" 200 141737 "-" "meta-externalagent/1.1 (+https://developers.facebook.com/docs/sharing/webmasters/crawler)"
57.141.2.46 - - [10/Mar/2026:18:05:24 +0600] "GET /?i=conforama-camino-presume-de-casa-lis-33-180-0-4-azul-plata-poliester-28656055 HTTP/1.1" 200 143389 "-" "meta-externalagent/1.1 (+https://developers.facebook.com/docs/sharing/webmasters/crawler)"
57.141.2.51 - - [10/Mar/2026:18:05:24 +0600] "GET /?i=westwing-limpiacristales-nova-31894555 HTTP/1.1" 200 141519 "-" "meta-externalagent/1.1 (+https://developers.facebook.com/docs/sharing/webmasters/crawler)"
57.141.2.3 - - [10/Mar/2026:18:05:25 +0600] "GET /?i=goods-72388654 HTTP/1.1" 200 144769 "-" "meta-externalagent/1.1 (+https://developers.facebook.com/docs/sharing/webmasters/crawler)"
74.7.227.10 - - [10/Mar/2026:18:05:25 +0600] "GET /288075769.phtml HTTP/1.1" 404 36192 "https://www.inprosysltd.com/sitemap-18.xml" "Mozilla/5.0 AppleWebKit/537.36 (KHTML, like Gecko; compatible; GPTBot/1.3; +https://openai.com/gptbot)"
57.141.2.12 - - [10/Mar/2026:18:05:25 +0600] "GET /?i=speed-rollers-tenis-casuales-nina-27092855 HTTP/1.1" 200 142274 "-" "meta-externalagent/1.1 (+https://developers.facebook.com/docs/sharing/webmasters/crawler)"
57.141.2.47 - - [10/Mar/2026:18:05:26 +0600] "GET /?i=women-secret-sujetador-con-relleno-logo-ck-22378155 HTTP/1.1" 200 142399 "-" "meta-externalagent/1.1 (+https://developers.facebook.com/docs/sharing/webmasters/crawler)"
57.141.2.45 - - [10/Mar/2026:18:05:26 +0600] "GET /?i=goods-86046954 HTTP/1.1" 200 145872 "-" "meta-externalagent/1.1 (+https://developers.facebook.com/docs/sharing/webmasters/crawler)"
57.141.2.7 - - [10/Mar/2026:18:05:27 +0600] "GET /?i=goods-147387754 HTTP/1.1" 200 141702 "-" "meta-externalagent/1.1 (+https://developers.facebook.com/docs/sharing/webmasters/crawler)"
57.141.2.52 - - [10/Mar/2026:18:05:27 +0600] "GET /?i=kenay-home-consola-roble-1-cajon-9632855 HTTP/1.1" 200 139809 "-" "meta-externalagent/1.1 (+https://developers.facebook.com/docs/sharing/webmasters/crawler)"
57.141.2.50 - - [10/Mar/2026:18:05:28 +0600] "GET /?i=estee-lauder-pure-color-barra-de-labios-mate-27571555 HTTP/1.1" 200 144103 "-" "meta-externalagent/1.1 (+https://developers.facebook.com/docs/sharing/webmasters/crawler)"
57.141.2.22 - - [10/Mar/2026:18:05:28 +0600] "GET /?i=goods-55860854 HTTP/1.1" 200 142834 "-" "meta-externalagent/1.1 (+https://developers.facebook.com/docs/sharing/webmasters/crawler)"
57.141.2.32 - - [10/Mar/2026:18:05:29 +0600] "GET /?i=garcia-de-pou-tapa-1-4-para-codigos-181-73-26-5x16-cm-plateado-inox-7932555 HTTP/1.1" 200 142798 "-" "meta-externalagent/1.1 (+https://developers.facebook.com/docs/sharing/webmasters/crawler)"
57.141.2.62 - - [10/Mar/2026:18:05:29 +0600] "GET /?i=conforama-canape-polipiel-deluxe-marron-80x180-cm-29205255 HTTP/1.1" 200 143465 "-" "meta-externalagent/1.1 (+https://developers.facebook.com/docs/sharing/webmasters/crawler)"
57.141.2.64 - - [10/Mar/2026:18:05:30 +0600] "GET /?i=goods-127243954 HTTP/1.1" 200 142147 "-" "meta-externalagent/1.1 (+https://developers.facebook.com/docs/sharing/webmasters/crawler)"
57.141.2.9 - - [10/Mar/2026:18:05:30 +0600] "GET /?i=loewe-knot-zip-around-wallet-in-shiny-nappa-calfskin-4-colours-34492255 HTTP/1.1" 200 144278 "-" "meta-externalagent/1.1 (+https://developers.facebook.com/docs/sharing/webmasters/crawler)"
57.141.2.61 - - [10/Mar/2026:18:05:31 +0600] "GET /?i=pedro-del-hierro-panty-opaco-negro-sin-demarcacion-40-den-14045955 HTTP/1.1" 200 142600 "-" "meta-externalagent/1.1 (+https://developers.facebook.com/docs/sharing/webmasters/crawler)"
57.141.2.27 - - [10/Mar/2026:18:05:32 +0600] "GET /?i=goods-2683854 HTTP/1.1" 200 139885 "-" "meta-externalagent/1.1 (+https://developers.facebook.com/docs/sharing/webmasters/crawler)"
57.141.2.18 - - [10/Mar/2026:18:05:32 +0600] "GET /?i=hugo-boss-collar-de-cadena-con-monogramas-double-b-37914755 HTTP/1.1" 200 142893 "-" "meta-externalagent/1.1 (+https://developers.facebook.com/docs/sharing/webmasters/crawler)"
57.141.2.6 - - [10/Mar/2026:18:05:32 +0600] "GET /?i=sesderma-zinc-defense-250ml-15450955 HTTP/1.1" 200 142246 "-" "meta-externalagent/1.1 (+https://developers.facebook.com/docs/sharing/webmasters/crawler)"
57.141.2.14 - - [10/Mar/2026:18:05:33 +0600] "GET /?i=givenchy-bogs-lace-up-boots-in-rubber-and-neoprene-34352755 HTTP/1.1" 200 141202 "-" "meta-externalagent/1.1 (+https://developers.facebook.com/docs/sharing/webmasters/crawler)"
57.141.2.70 - - [10/Mar/2026:18:05:33 +0600] "GET /?i=goods-41811554 HTTP/1.1" 200 142032 "-" "meta-externalagent/1.1 (+https://developers.facebook.com/docs/sharing/webmasters/crawler)"
57.141.2.9 - - [10/Mar/2026:18:05:34 +0600] "GET /?i=goods-43013854 HTTP/1.1" 200 140135 "-" "meta-externalagent/1.1 (+https://developers.facebook.com/docs/sharing/webmasters/crawler)"
57.141.2.56 - - [10/Mar/2026:18:05:34 +0600] "GET /?i=goods-82179354 HTTP/1.1" 200 143181 "-" "meta-externalagent/1.1 (+https://developers.facebook.com/docs/sharing/webmasters/crawler)"
57.141.2.47 - - [10/Mar/2026:18:05:35 +0600] "GET /?i=nacnic-lamina-artistica-vintage-de-briozoario-12523055 HTTP/1.1" 200 142570 "-" "meta-externalagent/1.1 (+https://developers.facebook.com/docs/sharing/webmasters/crawler)"
57.141.2.63 - - [10/Mar/2026:18:05:35 +0600] "GET /?i=neosens-s3173-nappa-black-faber-12758555 HTTP/1.1" 200 141297 "-" "meta-externalagent/1.1 (+https://developers.facebook.com/docs/sharing/webmasters/crawler)"
57.141.2.3 - - [10/Mar/2026:18:05:36 +0600] "GET /?i=wala-chanclas-nico-boco-sirlon-caja-21031355 HTTP/1.1" 200 141683 "-" "meta-externalagent/1.1 (+https://developers.facebook.com/docs/sharing/webmasters/crawler)"
57.141.2.3 - - [10/Mar/2026:18:05:36 +0600] "GET /?i=goods-92411954 HTTP/1.1" 200 143937 "-" "meta-externalagent/1.1 (+https://developers.facebook.com/docs/sharing/webmasters/crawler)"
57.141.2.11 - - [10/Mar/2026:18:05:37 +0600] "GET /?i=goods-87296154 HTTP/1.1" 200 142042 "-" "meta-externalagent/1.1 (+https://developers.facebook.com/docs/sharing/webmasters/crawler)"
57.141.2.9 - - [10/Mar/2026:18:05:37 +0600] "GET /?i=hugo-boss-gafas-de-sol-de-acetato-habana-con-componentes-metalicos-e-37889655 HTTP/1.1" 200 143085 "-" "meta-externalagent/1.1 (+https://developers.facebook.com/docs/sharing/webmasters/crawler)"
57.141.2.64 - - [10/Mar/2026:18:05:38 +0600] "GET /?i=samsonite-travel-accessories-mochila-35226155 HTTP/1.1" 200 146251 "-" "meta-externalagent/1.1 (+https://developers.facebook.com/docs/sharing/webmasters/crawler)"
57.141.2.5 - - [10/Mar/2026:18:05:38 +0600] "GET /?i=eurostil-bata-mod-51307830-talla-l-blanca-6759755 HTTP/1.1" 200 140118 "-" "meta-externalagent/1.1 (+https://developers.facebook.com/docs/sharing/webmasters/crawler)"
57.141.2.52 - - [10/Mar/2026:18:05:39 +0600] "GET /?i=conforama-set-3-taburetes-de-madera-29204355 HTTP/1.1" 200 140989 "-" "meta-externalagent/1.1 (+https://developers.facebook.com/docs/sharing/webmasters/crawler)"
57.141.2.62 - - [10/Mar/2026:18:05:39 +0600] "GET /?i=the-glenlivet-distillery-whisky-the-glenlivet-founder-s-reserve-750-27247155 HTTP/1.1" 200 143913 "-" "meta-externalagent/1.1 (+https://developers.facebook.com/docs/sharing/webmasters/crawler)"
57.141.2.2 - - [10/Mar/2026:18:05:40 +0600] "GET /?i=sklum-lampada-da-tavolo-a-led-con-proiettore-russel-kids-star-16853155 HTTP/1.1" 200 142690 "-" "meta-externalagent/1.1 (+https://developers.facebook.com/docs/sharing/webmasters/crawler)"
57.141.2.62 - - [10/Mar/2026:18:05:40 +0600] "GET /?i=goods-36931454 HTTP/1.1" 200 145088 "-" "meta-externalagent/1.1 (+https://developers.facebook.com/docs/sharing/webmasters/crawler)"
57.141.2.26 - - [10/Mar/2026:18:05:41 +0600] "GET /?i=goods-108159554 HTTP/1.1" 200 143017 "-" "meta-externalagent/1.1 (+https://developers.facebook.com/docs/sharing/webmasters/crawler)"
57.141.2.45 - - [10/Mar/2026:18:05:41 +0600] "GET /?i=anekke-anti-theft-backpack-memories-692955 HTTP/1.1" 200 140525 "-" "meta-externalagent/1.1 (+https://developers.facebook.com/docs/sharing/webmasters/crawler)"
57.141.2.65 - - [10/Mar/2026:18:05:42 +0600] "GET /?i=speed-rollers-tenis-casuales-con-rueda-nina-27093255 HTTP/1.1" 200 142647 "-" "meta-externalagent/1.1 (+https://developers.facebook.com/docs/sharing/webmasters/crawler)"
57.141.2.71 - - [10/Mar/2026:18:05:42 +0600] "GET /?i=lakme-lak-2-instant-hair-conditioner-10233555 HTTP/1.1" 200 139716 "-" "meta-externalagent/1.1 (+https://developers.facebook.com/docs/sharing/webmasters/crawler)"
57.141.2.48 - - [10/Mar/2026:18:05:43 +0600] "GET /?i=superdry-chanclas-vintage-37392155 HTTP/1.1" 200 140430 "-" "meta-externalagent/1.1 (+https://developers.facebook.com/docs/sharing/webmasters/crawler)"
57.141.2.37 - - [10/Mar/2026:18:05:43 +0600] "GET /?i=bricomart-latiguillo-reforzado-30cm-1-2-macho-hembra-nylon-30174855 HTTP/1.1" 200 144914 "-" "meta-externalagent/1.1 (+https://developers.facebook.com/docs/sharing/webmasters/crawler)"
57.141.2.62 - - [10/Mar/2026:18:05:44 +0600] "GET /?i=gisele-denis-locion-corporal-hidratante-24h-400ml-8367955 HTTP/1.1" 200 141289 "-" "meta-externalagent/1.1 (+https://developers.facebook.com/docs/sharing/webmasters/crawler)"
57.141.2.4 - - [10/Mar/2026:18:05:44 +0600] "GET /?i=nacnic-lamina-de-constructivismo-abstracto-7-12118355 HTTP/1.1" 200 143154 "-" "meta-externalagent/1.1 (+https://developers.facebook.com/docs/sharing/webmasters/crawler)"
57.141.2.67 - - [10/Mar/2026:18:05:45 +0600] "GET /?i=kenay-home-sofa-rinconera-7-plazas-personalizable-9632155 HTTP/1.1" 200 140548 "-" "meta-externalagent/1.1 (+https://developers.facebook.com/docs/sharing/webmasters/crawler)"
57.141.2.28 - - [10/Mar/2026:18:05:45 +0600] "GET /?i=conforama-portafotos-resina-plateado-20x25-cm-29302655 HTTP/1.1" 200 142200 "-" "meta-externalagent/1.1 (+https://developers.facebook.com/docs/sharing/webmasters/crawler)"
57.141.2.60 - - [10/Mar/2026:18:05:46 +0600] "GET /?i=in-side-bermuda-jogger-deportiva-9276455 HTTP/1.1" 200 139777 "-" "meta-externalagent/1.1 (+https://developers.facebook.com/docs/sharing/webmasters/crawler)"
57.141.2.70 - - [10/Mar/2026:18:05:46 +0600] "GET /?i=koala-bay-mono-corto-tirantes-azul-farin-9923255 HTTP/1.1" 200 140344 "-" "meta-externalagent/1.1 (+https://developers.facebook.com/docs/sharing/webmasters/crawler)"
57.141.2.6 - - [10/Mar/2026:18:05:47 +0600] "GET /?i=jd-sports-adidas-originals-sujetador-de-bikini-adicolor-27526355 HTTP/1.1" 200 141417 "-" "meta-externalagent/1.1 (+https://developers.facebook.com/docs/sharing/webmasters/crawler)"
57.141.2.65 - - [10/Mar/2026:18:05:47 +0600] "GET /?i=goods-124631254 HTTP/1.1" 200 143583 "-" "meta-externalagent/1.1 (+https://developers.facebook.com/docs/sharing/webmasters/crawler)"
57.141.2.42 - - [10/Mar/2026:18:05:48 +0600] "GET /?i=jack-jones-chamarra-con-capucha-hombre-27092555 HTTP/1.1" 200 142225 "-" "meta-externalagent/1.1 (+https://developers.facebook.com/docs/sharing/webmasters/crawler)"
57.141.2.14 - - [10/Mar/2026:18:05:48 +0600] "GET /?i=cortefiel-camisa-vestir-puno-gemelo-non-iron-y-antimanchas-lisa-tail-3172855 HTTP/1.1" 200 143107 "-" "meta-externalagent/1.1 (+https://developers.facebook.com/docs/sharing/webmasters/crawler)"
57.141.2.9 - - [10/Mar/2026:18:05:49 +0600] "GET /?i=system-action-camiseta-de-rayas-con-cuello-redondo-a-contraste-17807755 HTTP/1.1" 200 140646 "-" "meta-externalagent/1.1 (+https://developers.facebook.com/docs/sharing/webmasters/crawler)"
57.141.2.14 - - [10/Mar/2026:18:05:49 +0600] "GET /?i=goods-27273654 HTTP/1.1" 200 144254 "-" "meta-externalagent/1.1 (+https://developers.facebook.com/docs/sharing/webmasters/crawler)"
57.141.2.44 - - [10/Mar/2026:18:05:50 +0600] "GET /?i=dlirioshop-anillo-lolita-5368355 HTTP/1.1" 200 139340 "-" "meta-externalagent/1.1 (+https://developers.facebook.com/docs/sharing/webmasters/crawler)"
203.109.32.125 - - [10/Mar/2026:18:05:50 +0600] "POST /xmlrpc.php HTTP/1.1" 404 35756 "-" "Mozilla/5.0 (Windows NT 6.3; x64) AppleWebKit/537.36 (KHTML, like Gecko) Firefox/73.0.0.0 Safari/537.36"
57.141.2.28 - - [10/Mar/2026:18:05:50 +0600] "GET /?i=in-side-bralette-encaje-rosa-sin-aros-9083855 HTTP/1.1" 200 140370 "-" "meta-externalagent/1.1 (+https://developers.facebook.com/docs/sharing/webmasters/crawler)"
57.141.2.70 - - [10/Mar/2026:18:05:51 +0600] "GET /?i=tejidos-jvr-tela-algodon-modelo-indi-17897555 HTTP/1.1" 200 140826 "-" "meta-externalagent/1.1 (+https://developers.facebook.com/docs/sharing/webmasters/crawler)"
57.141.2.50 - - [10/Mar/2026:18:05:51 +0600] "GET /?i=kenay-home-cama-con-cajones-tirador-blanco-9809955 HTTP/1.1" 200 140049 "-" "meta-externalagent/1.1 (+https://developers.facebook.com/docs/sharing/webmasters/crawler)"
57.141.2.10 - - [10/Mar/2026:18:05:52 +0600] "GET /?i=nacnic-lamina-de-paisajes-abstractos-coloridos-12118155 HTTP/1.1" 200 142764 "-" "meta-externalagent/1.1 (+https://developers.facebook.com/docs/sharing/webmasters/crawler)"
57.141.2.25 - - [10/Mar/2026:18:05:52 +0600] "GET /?i=gant-rugger-de-rayas-anchas-38471155 HTTP/1.1" 200 140976 "-" "meta-externalagent/1.1 (+https://developers.facebook.com/docs/sharing/webmasters/crawler)"
57.141.2.48 - - [10/Mar/2026:18:05:53 +0600] "GET /?i=eurostil-tijera-corte-7-glorious-6677455 HTTP/1.1" 200 139652 "-" "meta-externalagent/1.1 (+https://developers.facebook.com/docs/sharing/webmasters/crawler)"
57.141.2.65 - - [10/Mar/2026:18:05:53 +0600] "GET /?i=garcia-de-pou-papel-antigrasas-abierto-2-lados-fast-food-fitipaldi-3-8020155 HTTP/1.1" 200 144612 "-" "meta-externalagent/1.1 (+https://developers.facebook.com/docs/sharing/webmasters/crawler)"
57.141.2.49 - - [10/Mar/2026:18:05:54 +0600] "GET /?i=gant-cazadora-de-piel-trucker-38472455 HTTP/1.1" 200 141174 "-" "meta-externalagent/1.1 (+https://developers.facebook.com/docs/sharing/webmasters/crawler)"
74.7.242.57 - - [10/Mar/2026:18:05:53 +0600] "GET /519938258.htm HTTP/1.1" 404 35756 "https://inprosysltd.com/sitemap-8.xml" "Mozilla/5.0 AppleWebKit/537.36 (KHTML, like Gecko; compatible; GPTBot/1.3; +https://openai.com/gptbot)"
57.141.2.51 - - [10/Mar/2026:18:05:54 +0600] "GET /?i=conforama-pack-de-canape-polipiel-marron-colchon-viscoelastico-29205455 HTTP/1.1" 200 143675 "-" "meta-externalagent/1.1 (+https://developers.facebook.com/docs/sharing/webmasters/crawler)"
57.141.2.66 - - [10/Mar/2026:18:05:55 +0600] "GET /?i=goods-76158754 HTTP/1.1" 200 141878 "-" "meta-externalagent/1.1 (+https://developers.facebook.com/docs/sharing/webmasters/crawler)"
57.141.2.51 - - [10/Mar/2026:18:05:55 +0600] "GET /?i=vical-home-espejo-kodie-19549455 HTTP/1.1" 200 139793 "-" "meta-externalagent/1.1 (+https://developers.facebook.com/docs/sharing/webmasters/crawler)"
216.73.216.20 - - [10/Mar/2026:18:05:55 +0600] "GET /69902144.htm HTTP/1.1" 404 35756 "-" "Mozilla/5.0 AppleWebKit/537.36 (KHTML, like Gecko; compatible; ClaudeBot/1.0; +claudebot@anthropic.com)"
57.141.2.27 - - [10/Mar/2026:18:05:56 +0600] "GET /?i=alcampo-producto-economico-alcampo-preparado-de-chucrut-800-gr-24591655 HTTP/1.1" 200 142817 "-" "meta-externalagent/1.1 (+https://developers.facebook.com/docs/sharing/webmasters/crawler)"
216.73.216.20 - - [10/Mar/2026:18:05:56 +0600] "GET /47944286.htm HTTP/1.1" 404 35756 "-" "Mozilla/5.0 AppleWebKit/537.36 (KHTML, like Gecko; compatible; ClaudeBot/1.0; +claudebot@anthropic.com)"
216.73.216.20 - - [10/Mar/2026:18:05:56 +0600] "GET /176183288.htm HTTP/1.1" 404 35756 "-" "Mozilla/5.0 AppleWebKit/537.36 (KHTML, like Gecko; compatible; ClaudeBot/1.0; +claudebot@anthropic.com)"
216.73.216.20 - - [10/Mar/2026:18:05:56 +0600] "GET /321505646.htm HTTP/1.1" 404 35756 "-" "Mozilla/5.0 AppleWebKit/537.36 (KHTML, like Gecko; compatible; ClaudeBot/1.0; +claudebot@anthropic.com)"
57.141.2.17 - - [10/Mar/2026:18:05:56 +0600] "GET /?i=wala-chanclas-nico-boco-goliat-caja-21030655 HTTP/1.1" 200 141679 "-" "meta-externalagent/1.1 (+https://developers.facebook.com/docs/sharing/webmasters/crawler)"
57.141.2.71 - - [10/Mar/2026:18:05:57 +0600] "GET /?i=goods-73045254 HTTP/1.1" 200 143514 "-" "meta-externalagent/1.1 (+https://developers.facebook.com/docs/sharing/webmasters/crawler)"
216.73.216.20 - - [10/Mar/2026:18:05:57 +0600] "GET /320109158.htm HTTP/1.1" 404 35756 "-" "Mozilla/5.0 AppleWebKit/537.36 (KHTML, like Gecko; compatible; ClaudeBot/1.0; +claudebot@anthropic.com)"
57.141.2.71 - - [10/Mar/2026:18:05:57 +0600] "GET /?i=ripshop-funda-nordica-100-algodon-gryffindor-scarf-ripshop-15080255 HTTP/1.1" 200 140610 "-" "meta-externalagent/1.1 (+https://developers.facebook.com/docs/sharing/webmasters/crawler)"
216.73.216.20 - - [10/Mar/2026:18:05:57 +0600] "GET /92588564.htm HTTP/1.1" 404 35756 "-" "Mozilla/5.0 AppleWebKit/537.36 (KHTML, like Gecko; compatible; ClaudeBot/1.0; +claudebot@anthropic.com)"
57.141.2.25 - - [10/Mar/2026:18:05:58 +0600] "GET /?i=eurostil-tijera-corte-7-left-dominant-6678055 HTTP/1.1" 200 139781 "-" "meta-externalagent/1.1 (+https://developers.facebook.com/docs/sharing/webmasters/crawler)"
216.73.216.20 - - [10/Mar/2026:18:05:58 +0600] "GET /275407406.htm HTTP/1.1" 404 35756 "-" "Mozilla/5.0 AppleWebKit/537.36 (KHTML, like Gecko; compatible; ClaudeBot/1.0; +claudebot@anthropic.com)"
216.73.216.20 - - [10/Mar/2026:18:05:58 +0600] "GET /57619634.htm HTTP/1.1" 404 35756 "-" "Mozilla/5.0 AppleWebKit/537.36 (KHTML, like Gecko; compatible; ClaudeBot/1.0; +claudebot@anthropic.com)"
57.141.2.45 - - [10/Mar/2026:18:05:58 +0600] "GET /?i=sinned-x-about-you-zapatillas-deportivas-bajas-handball-spezial-adid-15704355 HTTP/1.1" 200 142715 "-" "meta-externalagent/1.1 (+https://developers.facebook.com/docs/sharing/webmasters/crawler)"
216.73.216.20 - - [10/Mar/2026:18:05:59 +0600] "GET /37299692.htm HTTP/1.1" 404 35756 "-" "Mozilla/5.0 AppleWebKit/537.36 (KHTML, like Gecko; compatible; ClaudeBot/1.0; +claudebot@anthropic.com)"
216.73.216.20 - - [10/Mar/2026:18:05:59 +0600] "GET /524486702.htm HTTP/1.1" 404 35756 "-" "Mozilla/5.0 AppleWebKit/537.36 (KHTML, like Gecko; compatible; ClaudeBot/1.0; +claudebot@anthropic.com)"
57.141.2.37 - - [10/Mar/2026:18:05:59 +0600] "GET /?i=samsonite-travel-accessories-funda-de-equipaje-m-spinner-69cm-35225755 HTTP/1.1" 200 147269 "-" "meta-externalagent/1.1 (+https://developers.facebook.com/docs/sharing/webmasters/crawler)"
57.141.2.20 - - [10/Mar/2026:18:05:59 +0600] "GET /?i=sinned-x-about-you-zapatillas-deportivas-bajas-dunk-low-nike-sportsw-15704755 HTTP/1.1" 200 142084 "-" "meta-externalagent/1.1 (+https://developers.facebook.com/docs/sharing/webmasters/crawler)"
216.73.216.20 - - [10/Mar/2026:18:05:59 +0600] "GET /18218324.htm HTTP/1.1" 404 35756 "-" "Mozilla/5.0 AppleWebKit/537.36 (KHTML, like Gecko; compatible; ClaudeBot/1.0; +claudebot@anthropic.com)"
57.141.2.13 - - [10/Mar/2026:18:06:00 +0600] "GET /?i=vical-home-jarron-adib-19442055 HTTP/1.1" 200 140195 "-" "meta-externalagent/1.1 (+https://developers.facebook.com/docs/sharing/webmasters/crawler)"
216.73.216.20 - - [10/Mar/2026:18:06:00 +0600] "GET /504363920.htm HTTP/1.1" 404 35756 "-" "Mozilla/5.0 AppleWebKit/537.36 (KHTML, like Gecko; compatible; ClaudeBot/1.0; +claudebot@anthropic.com)"
216.73.216.20 - - [10/Mar/2026:18:06:00 +0600] "GET /222641996.htm HTTP/1.1" 404 35756 "-" "Mozilla/5.0 AppleWebKit/537.36 (KHTML, like Gecko; compatible; ClaudeBot/1.0; +claudebot@anthropic.com)"
57.141.2.53 - - [10/Mar/2026:18:06:00 +0600] "GET /?i=hugo-boss-chaqueta-de-piel-slim-fit-sin-cuello-37890955 HTTP/1.1" 200 142065 "-" "meta-externalagent/1.1 (+https://developers.facebook.com/docs/sharing/webmasters/crawler)"
57.141.2.25 - - [10/Mar/2026:18:06:00 +0600] "GET /?i=batela-lampara-de-metal-esmaltada-batela-1136655 HTTP/1.1" 200 140234 "-" "meta-externalagent/1.1 (+https://developers.facebook.com/docs/sharing/webmasters/crawler)"
216.73.216.20 - - [10/Mar/2026:18:06:01 +0600] "GET /225418604.htm HTTP/1.1" 404 35756 "-" "Mozilla/5.0 AppleWebKit/537.36 (KHTML, like Gecko; compatible; ClaudeBot/1.0; +claudebot@anthropic.com)"
57.141.2.41 - - [10/Mar/2026:18:06:01 +0600] "GET /?i=anekke-small-wallet-memories-693055 HTTP/1.1" 200 140214 "-" "meta-externalagent/1.1 (+https://developers.facebook.com/docs/sharing/webmasters/crawler)"
216.73.216.20 - - [10/Mar/2026:18:06:01 +0600] "GET /27210494.htm HTTP/1.1" 404 35756 "-" "Mozilla/5.0 AppleWebKit/537.36 (KHTML, like Gecko; compatible; ClaudeBot/1.0; +claudebot@anthropic.com)"
57.141.2.30 - - [10/Mar/2026:18:06:02 +0600] "GET /?i=alcampo-producto-alcampo-agua-mineral-tapon-sport-botella-de-33-cl-25070655 HTTP/1.1" 200 142575 "-" "meta-externalagent/1.1 (+https://developers.facebook.com/docs/sharing/webmasters/crawler)"
216.73.216.20 - - [10/Mar/2026:18:06:02 +0600] "GET /15624182.htm HTTP/1.1" 404 35756 "-" "Mozilla/5.0 AppleWebKit/537.36 (KHTML, like Gecko; compatible; ClaudeBot/1.0; +claudebot@anthropic.com)"
216.73.216.20 - - [10/Mar/2026:18:06:02 +0600] "GET /67327904.htm HTTP/1.1" 404 35756 "-" "Mozilla/5.0 AppleWebKit/537.36 (KHTML, like Gecko; compatible; ClaudeBot/1.0; +claudebot@anthropic.com)"
216.73.216.20 - - [10/Mar/2026:18:06:02 +0600] "GET /300050732.htm HTTP/1.1" 404 35756 "-" "Mozilla/5.0 AppleWebKit/537.36 (KHTML, like Gecko; compatible; ClaudeBot/1.0; +claudebot@anthropic.com)"
57.141.2.67 - - [10/Mar/2026:18:06:02 +0600] "GET /?i=creaciones-meng-hogar-cestos-cesto-ovalado-de-madera-azul-4323655 HTTP/1.1" 200 143270 "-" "meta-externalagent/1.1 (+https://developers.facebook.com/docs/sharing/webmasters/crawler)"
57.141.2.49 - - [10/Mar/2026:18:06:03 +0600] "GET /?i=punto-blanco-jersey-cuello-redondo-lana-merino-14811855 HTTP/1.1" 200 140400 "-" "meta-externalagent/1.1 (+https://developers.facebook.com/docs/sharing/webmasters/crawler)"
57.141.2.29 - - [10/Mar/2026:18:06:03 +0600] "GET /?i=fendi-fendi-show-33941855 HTTP/1.1" 200 140194 "-" "meta-externalagent/1.1 (+https://developers.facebook.com/docs/sharing/webmasters/crawler)"
57.141.2.11 - - [10/Mar/2026:18:06:04 +0600] "GET /?i=mammut-trovat-summer-longsleeve-shirt-men-38906555 HTTP/1.1" 200 140891 "-" "meta-externalagent/1.1 (+https://developers.facebook.com/docs/sharing/webmasters/crawler)"
57.141.2.16 - - [10/Mar/2026:18:06:04 +0600] "GET /?i=goods-126643654 HTTP/1.1" 200 141160 "-" "meta-externalagent/1.1 (+https://developers.facebook.com/docs/sharing/webmasters/crawler)"
57.141.2.2 - - [10/Mar/2026:18:06:05 +0600] "GET /?i=jd-sports-adidas-banador-adicolor-3-bandas-27527055 HTTP/1.1" 200 141074 "-" "meta-externalagent/1.1 (+https://developers.facebook.com/docs/sharing/webmasters/crawler)"
57.141.2.57 - - [10/Mar/2026:18:06:05 +0600] "GET /?i=gisele-denis-pack-2uds-body-lotion-reafirmante-remodelante-400ml-8368555 HTTP/1.1" 200 141677 "-" "meta-externalagent/1.1 (+https://developers.facebook.com/docs/sharing/webmasters/crawler)"
57.141.2.23 - - [10/Mar/2026:18:06:06 +0600] "GET /?i=conforama-maletas-pack-de-3-carton-rosa-29-5x22x10-5cm-28934155 HTTP/1.1" 200 142216 "-" "meta-externalagent/1.1 (+https://developers.facebook.com/docs/sharing/webmasters/crawler)"
57.141.2.37 - - [10/Mar/2026:18:06:06 +0600] "GET /?i=alcampo-nomen-arroz-bomba-1-kg-24730155 HTTP/1.1" 200 141643 "-" "meta-externalagent/1.1 (+https://developers.facebook.com/docs/sharing/webmasters/crawler)"
57.141.2.32 - - [10/Mar/2026:18:06:07 +0600] "GET /?i=fama-fabre-tinte-n-12-11-ultra-super-aclarante-in-hair-smart-7263455 HTTP/1.1" 200 141571 "-" "meta-externalagent/1.1 (+https://developers.facebook.com/docs/sharing/webmasters/crawler)"
57.141.2.8 - - [10/Mar/2026:18:06:07 +0600] "GET /?i=nacnic-lamina-artistica-de-diseno-abstracto-flor-estambul-12120055 HTTP/1.1" 200 143027 "-" "meta-externalagent/1.1 (+https://developers.facebook.com/docs/sharing/webmasters/crawler)"
57.141.2.9 - - [10/Mar/2026:18:06:08 +0600] "GET /?i=sinned-x-about-you-mochila-deportiva-adidas-performance-en-negro-15703355 HTTP/1.1" 200 141607 "-" "meta-externalagent/1.1 (+https://developers.facebook.com/docs/sharing/webmasters/crawler)"
57.141.2.10 - - [10/Mar/2026:18:06:08 +0600] "GET /?i=tejidos-jvr-cojin-jacquard-modelo-irazu-17907155 HTTP/1.1" 200 140802 "-" "meta-externalagent/1.1 (+https://developers.facebook.com/docs/sharing/webmasters/crawler)"
57.141.2.63 - - [10/Mar/2026:18:06:09 +0600] "GET /?i=nacnic-lamina-estetica-de-arte-de-pared-nacnic-con-vestido-humano-am-11863255 HTTP/1.1" 200 144647 "-" "meta-externalagent/1.1 (+https://developers.facebook.com/docs/sharing/webmasters/crawler)"
57.141.2.8 - - [10/Mar/2026:18:06:09 +0600] "GET /?i=creaciones-meng-decoracion-candelabros-candelabro-de-madera-acabado-4259355 HTTP/1.1" 200 144154 "-" "meta-externalagent/1.1 (+https://developers.facebook.com/docs/sharing/webmasters/crawler)"
57.141.2.51 - - [10/Mar/2026:18:06:10 +0600] "GET /?i=goods-22871954 HTTP/1.1" 200 143860 "-" "meta-externalagent/1.1 (+https://developers.facebook.com/docs/sharing/webmasters/crawler)"
57.141.2.43 - - [10/Mar/2026:18:06:10 +0600] "GET /?i=piaget-piaget-rose-earrings-35652555 HTTP/1.1" 200 140283 "-" "meta-externalagent/1.1 (+https://developers.facebook.com/docs/sharing/webmasters/crawler)"
57.141.2.56 - - [10/Mar/2026:18:06:11 +0600] "GET /?i=peace-love-by-calao-vestido-corto-estampado-13788755 HTTP/1.1" 200 140620 "-" "meta-externalagent/1.1 (+https://developers.facebook.com/docs/sharing/webmasters/crawler)"
57.141.2.33 - - [10/Mar/2026:18:06:11 +0600] "GET /?i=lacor-tenaza-para-marisco-10178755 HTTP/1.1" 200 138671 "-" "meta-externalagent/1.1 (+https://developers.facebook.com/docs/sharing/webmasters/crawler)"
57.141.2.36 - - [10/Mar/2026:18:06:12 +0600] "GET /?i=batela-pendientes-de-estrella-de-mar-en-ceramica-y-metal-color-rojo-1135755 HTTP/1.1" 200 141986 "-" "meta-externalagent/1.1 (+https://developers.facebook.com/docs/sharing/webmasters/crawler)"
57.141.2.38 - - [10/Mar/2026:18:06:12 +0600] "GET /?i=conforama-bufe-4-puertas-nera-madera-y-negro-29497755 HTTP/1.1" 200 142238 "-" "meta-externalagent/1.1 (+https://developers.facebook.com/docs/sharing/webmasters/crawler)"
57.141.2.12 - - [10/Mar/2026:18:06:13 +0600] "GET /?i=neosens-s3152-nappa-black-valvin-12757455 HTTP/1.1" 200 141429 "-" "meta-externalagent/1.1 (+https://developers.facebook.com/docs/sharing/webmasters/crawler)"
57.141.2.69 - - [10/Mar/2026:18:06:13 +0600] "GET /?i=conforama-joybos-armario-de-almacenamiento-doble-blanco-29498255 HTTP/1.1" 200 142608 "-" "meta-externalagent/1.1 (+https://developers.facebook.com/docs/sharing/webmasters/crawler)"
57.141.2.33 - - [10/Mar/2026:18:06:14 +0600] "GET /?i=alcampo-margabio-arroz-integral-ecologico-margabio-1-kg-24730855 HTTP/1.1" 200 142446 "-" "meta-externalagent/1.1 (+https://developers.facebook.com/docs/sharing/webmasters/crawler)"
57.141.2.27 - - [10/Mar/2026:18:06:14 +0600] "GET /?i=del-rio-london-python-tarifa-natural-brown-5188655 HTTP/1.1" 200 141945 "-" "meta-externalagent/1.1 (+https://developers.facebook.com/docs/sharing/webmasters/crawler)"
57.141.2.22 - - [10/Mar/2026:18:06:15 +0600] "GET /?i=alcampo-encuentra-a-tu-persona-vitamina-marian-rojas-estape-genero-a-26333755 HTTP/1.1" 200 143578 "-" "meta-externalagent/1.1 (+https://developers.facebook.com/docs/sharing/webmasters/crawler)"
57.141.2.2 - - [10/Mar/2026:18:06:15 +0600] "GET /?i=dekodonia-silla-olmo-y-ratan-envejecida-5179955 HTTP/1.1" 200 140877 "-" "meta-externalagent/1.1 (+https://developers.facebook.com/docs/sharing/webmasters/crawler)"
57.141.2.2 - - [10/Mar/2026:18:06:16 +0600] "GET /?i=alcampo-marques-de-grinon-vino-tinto-criado-en-barrica-y-con-igp-vin-25180855 HTTP/1.1" 200 144152 "-" "meta-externalagent/1.1 (+https://developers.facebook.com/docs/sharing/webmasters/crawler)"
74.7.227.10 - - [10/Mar/2026:18:06:16 +0600] "GET /260692413.phtml HTTP/1.1" 404 36192 "https://www.inprosysltd.com/sitemap-18.xml" "Mozilla/5.0 AppleWebKit/537.36 (KHTML, like Gecko; compatible; GPTBot/1.3; +https://openai.com/gptbot)"
57.141.2.31 - - [10/Mar/2026:18:06:16 +0600] "GET /?i=in-side-jeans-regular-denim-gris-9163355 HTTP/1.1" 200 139919 "-" "meta-externalagent/1.1 (+https://developers.facebook.com/docs/sharing/webmasters/crawler)"
57.141.2.31 - - [10/Mar/2026:18:06:17 +0600] "GET /?i=goods-7248554 HTTP/1.1" 200 140389 "-" "meta-externalagent/1.1 (+https://developers.facebook.com/docs/sharing/webmasters/crawler)"
57.141.2.71 - - [10/Mar/2026:18:06:17 +0600] "GET /?i=goods-109262654 HTTP/1.1" 200 141516 "-" "meta-externalagent/1.1 (+https://developers.facebook.com/docs/sharing/webmasters/crawler)"
57.141.2.65 - - [10/Mar/2026:18:06:18 +0600] "GET /?i=estee-lauder-nutritious-radiant-essence-lotion-locion-27571255 HTTP/1.1" 200 142534 "-" "meta-externalagent/1.1 (+https://developers.facebook.com/docs/sharing/webmasters/crawler)"
57.141.2.52 - - [10/Mar/2026:18:06:18 +0600] "GET /?i=balenciaga-falda-plisada-con-efecto-arrugado-para-mujer-en-negro-34127055 HTTP/1.1" 200 141110 "-" "meta-externalagent/1.1 (+https://developers.facebook.com/docs/sharing/webmasters/crawler)"
57.141.2.34 - - [10/Mar/2026:18:06:19 +0600] "GET /?i=loewe-pebble-coin-cardholder-in-shiny-nappa-calfskin-10-colours-34493655 HTTP/1.1" 200 144118 "-" "meta-externalagent/1.1 (+https://developers.facebook.com/docs/sharing/webmasters/crawler)"
57.141.2.40 - - [10/Mar/2026:18:06:19 +0600] "GET /?i=ternua-chaqueta-jugal-jkt-m-18017955 HTTP/1.1" 200 141149 "-" "meta-externalagent/1.1 (+https://developers.facebook.com/docs/sharing/webmasters/crawler)"
57.141.2.67 - - [10/Mar/2026:18:06:20 +0600] "GET /?i=altonadock-polo-verde-584355 HTTP/1.1" 200 139697 "-" "meta-externalagent/1.1 (+https://developers.facebook.com/docs/sharing/webmasters/crawler)"
57.141.2.3 - - [10/Mar/2026:18:06:20 +0600] "GET /?i=intimissimi-sujetador-balconette-giorgia-glisten-in-the-light-36391855 HTTP/1.1" 200 142854 "-" "meta-externalagent/1.1 (+https://developers.facebook.com/docs/sharing/webmasters/crawler)"
57.141.2.36 - - [10/Mar/2026:18:06:21 +0600] "GET /?i=intimissimi-calzoncillos-washed-collection-de-algodon-superior-elast-36392655 HTTP/1.1" 200 142852 "-" "meta-externalagent/1.1 (+https://developers.facebook.com/docs/sharing/webmasters/crawler)"
57.141.2.12 - - [10/Mar/2026:18:06:21 +0600] "GET /?i=alcampo-cuaderno-de-actividades-iniciacion-a-la-lectura-4-4-anos-vv-26344355 HTTP/1.1" 200 144590 "-" "meta-externalagent/1.1 (+https://developers.facebook.com/docs/sharing/webmasters/crawler)"
57.141.2.16 - - [10/Mar/2026:18:06:22 +0600] "GET /?i=in-side-pack-7-slips-lisos-9106355 HTTP/1.1" 200 139490 "-" "meta-externalagent/1.1 (+https://developers.facebook.com/docs/sharing/webmasters/crawler)"
57.141.2.34 - - [10/Mar/2026:18:06:22 +0600] "GET /?i=punto-blanco-jersey-cuello-redondo-lana-merino-14811955 HTTP/1.1" 200 140303 "-" "meta-externalagent/1.1 (+https://developers.facebook.com/docs/sharing/webmasters/crawler)"
57.141.2.9 - - [10/Mar/2026:18:06:23 +0600] "GET /?i=women-secret-pijama-largo-premama-de-canale-con-capucha-22291255 HTTP/1.1" 200 142669 "-" "meta-externalagent/1.1 (+https://developers.facebook.com/docs/sharing/webmasters/crawler)"
57.141.2.60 - - [10/Mar/2026:18:06:23 +0600] "GET /?i=tous-pulsera-esclava-de-plata-motivos-oso-7-mm-icon-mesh-39942855 HTTP/1.1" 200 142419 "-" "meta-externalagent/1.1 (+https://developers.facebook.com/docs/sharing/webmasters/crawler)"
57.141.2.16 - - [10/Mar/2026:18:06:24 +0600] "GET /?i=maisons-du-monde-c-ur-bombonera-campana-de-vidrio-rosa-alt-12-cm-31127155 HTTP/1.1" 200 143460 "-" "meta-externalagent/1.1 (+https://developers.facebook.com/docs/sharing/webmasters/crawler)"
57.141.2.34 - - [10/Mar/2026:18:06:24 +0600] "GET /?i=cortefiel-vestido-rayas-bicolor-3115755 HTTP/1.1" 200 141202 "-" "meta-externalagent/1.1 (+https://developers.facebook.com/docs/sharing/webmasters/crawler)"
57.141.2.37 - - [10/Mar/2026:18:06:25 +0600] "GET /?i=alcampo-producto-alcampo-guisantes-medianos-al-natural-95-g-24590055 HTTP/1.1" 200 142673 "-" "meta-externalagent/1.1 (+https://developers.facebook.com/docs/sharing/webmasters/crawler)"
57.141.2.47 - - [10/Mar/2026:18:06:25 +0600] "GET /?i=innovagoods-lampara-antimosquitos-por-succion-kl-virvel-innovagoods-9379155 HTTP/1.1" 200 146032 "-" "meta-externalagent/1.1 (+https://developers.facebook.com/docs/sharing/webmasters/crawler)"
57.141.2.38 - - [10/Mar/2026:18:06:25 +0600] "GET /?i=maisons-du-monde-cambronne-chifonier-negro-con-5-cajones-31064755 HTTP/1.1" 200 142678 "-" "meta-externalagent/1.1 (+https://developers.facebook.com/docs/sharing/webmasters/crawler)"
57.141.2.12 - - [10/Mar/2026:18:06:26 +0600] "GET /?i=wala-zapatillas-new-balance-520v8-bungee-lace-20452555 HTTP/1.1" 200 141481 "-" "meta-externalagent/1.1 (+https://developers.facebook.com/docs/sharing/webmasters/crawler)"
57.141.2.51 - - [10/Mar/2026:18:06:27 +0600] "GET /?i=westwing-plafon-regulable-magnolia-32188355 HTTP/1.1" 200 142078 "-" "meta-externalagent/1.1 (+https://developers.facebook.com/docs/sharing/webmasters/crawler)"
57.141.2.17 - - [10/Mar/2026:18:06:27 +0600] "GET /?i=stuart-weitzman-playa-75-knot-block-slide-en-rojizo-de-mujer-stuart-39843355 HTTP/1.1" 200 143485 "-" "meta-externalagent/1.1 (+https://developers.facebook.com/docs/sharing/webmasters/crawler)"
57.141.2.39 - - [10/Mar/2026:18:06:28 +0600] "GET /?i=alma-en-pena-sandalia-con-tacon-detalles-332255 HTTP/1.1" 200 140396 "-" "meta-externalagent/1.1 (+https://developers.facebook.com/docs/sharing/webmasters/crawler)"
57.141.2.57 - - [10/Mar/2026:18:06:29 +0600] "GET /?i=goods-24375358 HTTP/1.1" 200 140969 "-" "meta-externalagent/1.1 (+https://developers.facebook.com/docs/sharing/webmasters/crawler)"
57.141.2.4 - - [10/Mar/2026:18:06:29 +0600] "GET /?i=conforama-banco-sonja-madera-teca-o-cm-28582555 HTTP/1.1" 200 143955 "-" "meta-externalagent/1.1 (+https://developers.facebook.com/docs/sharing/webmasters/crawler)"
57.141.2.11 - - [10/Mar/2026:18:06:29 +0600] "GET /?i=alcampo-aceite-sintetico-para-motocicletas-con-motores-de-4-tiempos-26431255 HTTP/1.1" 200 143626 "-" "meta-externalagent/1.1 (+https://developers.facebook.com/docs/sharing/webmasters/crawler)"
57.141.2.47 - - [10/Mar/2026:18:06:30 +0600] "GET /?i=balenciaga-chaqueta-aviator-para-mujer-en-marron-34019455 HTTP/1.1" 200 140775 "-" "meta-externalagent/1.1 (+https://developers.facebook.com/docs/sharing/webmasters/crawler)"
57.141.2.52 - - [10/Mar/2026:18:06:30 +0600] "GET /?i=koala-bay-falda-midi-beige-closu-9921955 HTTP/1.1" 200 139582 "-" "meta-externalagent/1.1 (+https://developers.facebook.com/docs/sharing/webmasters/crawler)"
57.141.2.62 - - [10/Mar/2026:18:06:31 +0600] "GET /?i=alcampo-alta-cocina-guisantes-al-natural-de-calidad-extra-3-uds-x-95-24590355 HTTP/1.1" 200 142758 "-" "meta-externalagent/1.1 (+https://developers.facebook.com/docs/sharing/webmasters/crawler)"
57.141.2.34 - - [10/Mar/2026:18:06:31 +0600] "GET /?i=goods-147499354 HTTP/1.1" 200 142853 "-" "meta-externalagent/1.1 (+https://developers.facebook.com/docs/sharing/webmasters/crawler)"
57.141.2.57 - - [10/Mar/2026:18:06:32 +0600] "GET /?i=tejidos-jvr-cojin-microfibra-modelo-colman-17908155 HTTP/1.1" 200 140686 "-" "meta-externalagent/1.1 (+https://developers.facebook.com/docs/sharing/webmasters/crawler)"
57.141.2.8 - - [10/Mar/2026:18:06:32 +0600] "GET /?i=burberry-my-burberry-blush-eau-de-parfum-de-90-mlprecio-160-00-33234755 HTTP/1.1" 200 147061 "-" "meta-externalagent/1.1 (+https://developers.facebook.com/docs/sharing/webmasters/crawler)"
57.141.2.20 - - [10/Mar/2026:18:06:33 +0600] "GET /?i=pitillos-mocasin-en-napa-para-mujer-color-cuero-14505755 HTTP/1.1" 200 141173 "-" "meta-externalagent/1.1 (+https://developers.facebook.com/docs/sharing/webmasters/crawler)"
57.141.2.7 - - [10/Mar/2026:18:06:33 +0600] "GET /?i=alcampo-rozenbal-mango-metalico-forrado-de-130-cm-para-escoba-y-freg-25411755 HTTP/1.1" 200 143139 "-" "meta-externalagent/1.1 (+https://developers.facebook.com/docs/sharing/webmasters/crawler)"
57.141.2.5 - - [10/Mar/2026:18:06:34 +0600] "GET /?i=lolitas-l-camiseta-malva-algodon-estampado-cara-lolitas-l-11133655 HTTP/1.1" 200 143057 "-" "meta-externalagent/1.1 (+https://developers.facebook.com/docs/sharing/webmasters/crawler)"
57.141.2.64 - - [10/Mar/2026:18:06:34 +0600] "GET /?i=balenciaga-zapatillas-track-para-mujer-en-negro-34127855 HTTP/1.1" 200 140956 "-" "meta-externalagent/1.1 (+https://developers.facebook.com/docs/sharing/webmasters/crawler)"
57.141.2.39 - - [10/Mar/2026:18:06:35 +0600] "GET /?i=nacnic-lamina-artistica-rotatorio-estilo-vintage-12524455 HTTP/1.1" 200 142579 "-" "meta-externalagent/1.1 (+https://developers.facebook.com/docs/sharing/webmasters/crawler)"
57.141.2.51 - - [10/Mar/2026:18:06:35 +0600] "GET /?i=givenchy-lock-ankle-boots-in-suede-34352555 HTTP/1.1" 200 140673 "-" "meta-externalagent/1.1 (+https://developers.facebook.com/docs/sharing/webmasters/crawler)"
57.141.2.36 - - [10/Mar/2026:18:06:35 +0600] "GET /?i=westwing-mesa-auxiliar-tam-tam-31763055 HTTP/1.1" 200 141789 "-" "meta-externalagent/1.1 (+https://developers.facebook.com/docs/sharing/webmasters/crawler)"
57.141.2.40 - - [10/Mar/2026:18:06:36 +0600] "GET /?i=kenay-home-comoda-roble-4-cajones-9717955 HTTP/1.1" 200 140013 "-" "meta-externalagent/1.1 (+https://developers.facebook.com/docs/sharing/webmasters/crawler)"
57.141.2.42 - - [10/Mar/2026:18:06:37 +0600] "GET /?i=fendi-baguette-33942455 HTTP/1.1" 200 139936 "-" "meta-externalagent/1.1 (+https://developers.facebook.com/docs/sharing/webmasters/crawler)"
216.73.216.20 - - [10/Mar/2026:18:06:37 +0600] "GET /30958580.htm HTTP/1.1" 404 35756 "-" "Mozilla/5.0 AppleWebKit/537.36 (KHTML, like Gecko; compatible; ClaudeBot/1.0; +claudebot@anthropic.com)"
216.73.216.20 - - [10/Mar/2026:18:06:37 +0600] "GET /11104010.htm HTTP/1.1" 404 35756 "-" "Mozilla/5.0 AppleWebKit/537.36 (KHTML, like Gecko; compatible; ClaudeBot/1.0; +claudebot@anthropic.com)"
57.141.2.28 - - [10/Mar/2026:18:06:37 +0600] "GET /?i=alcampo-legumbres-guillermo-chia-legumbres-guillermo-500-g-24729655 HTTP/1.1" 200 142190 "-" "meta-externalagent/1.1 (+https://developers.facebook.com/docs/sharing/webmasters/crawler)"
216.73.216.20 - - [10/Mar/2026:18:06:37 +0600] "GET /61792172.htm HTTP/1.1" 404 35756 "-" "Mozilla/5.0 AppleWebKit/537.36 (KHTML, like Gecko; compatible; ClaudeBot/1.0; +claudebot@anthropic.com)"
57.141.2.31 - - [10/Mar/2026:18:06:38 +0600] "GET /?i=goods-142730158 HTTP/1.1" 200 140876 "-" "meta-externalagent/1.1 (+https://developers.facebook.com/docs/sharing/webmasters/crawler)"
216.73.216.20 - - [10/Mar/2026:18:06:37 +0600] "GET /65690174.htm HTTP/1.1" 404 35756 "-" "Mozilla/5.0 AppleWebKit/537.36 (KHTML, like Gecko; compatible; ClaudeBot/1.0; +claudebot@anthropic.com)"
216.73.216.20 - - [10/Mar/2026:18:06:37 +0600] "GET /76730948.htm HTTP/1.1" 404 35756 "-" "Mozilla/5.0 AppleWebKit/537.36 (KHTML, like Gecko; compatible; ClaudeBot/1.0; +claudebot@anthropic.com)"
57.141.2.23 - - [10/Mar/2026:18:06:38 +0600] "GET /?i=conforama-portafotos-resina-dorado-15x20-cm-29302555 HTTP/1.1" 200 142137 "-" "meta-externalagent/1.1 (+https://developers.facebook.com/docs/sharing/webmasters/crawler)"
57.141.2.55 - - [10/Mar/2026:18:06:39 +0600] "GET /?i=eurostil-tijera-esculpir-6-0-eclipse-rose-gold-6620955 HTTP/1.1" 200 139926 "-" "meta-externalagent/1.1 (+https://developers.facebook.com/docs/sharing/webmasters/crawler)"
216.73.216.20 - - [10/Mar/2026:18:06:39 +0600] "GET /33618008.htm HTTP/1.1" 404 35756 "-" "Mozilla/5.0 AppleWebKit/537.36 (KHTML, like Gecko; compatible; ClaudeBot/1.0; +claudebot@anthropic.com)"
57.141.2.15 - - [10/Mar/2026:18:06:39 +0600] "GET /?i=alcampo-raton-gaming-inalambrico-recargable-trust-gxt-110-felox-26043755 HTTP/1.1" 200 143917 "-" "meta-externalagent/1.1 (+https://developers.facebook.com/docs/sharing/webmasters/crawler)"
216.73.216.20 - - [10/Mar/2026:18:06:39 +0600] "GET /395741594.htm HTTP/1.1" 404 35756 "-" "Mozilla/5.0 AppleWebKit/537.36 (KHTML, like Gecko; compatible; ClaudeBot/1.0; +claudebot@anthropic.com)"
57.141.2.70 - - [10/Mar/2026:18:06:40 +0600] "GET /?i=arganour-pack-limpieza-facial-867355 HTTP/1.1" 200 140879 "-" "meta-externalagent/1.1 (+https://developers.facebook.com/docs/sharing/webmasters/crawler)"
216.73.216.20 - - [10/Mar/2026:18:06:39 +0600] "GET /294235256.htm HTTP/1.1" 404 35756 "-" "Mozilla/5.0 AppleWebKit/537.36 (KHTML, like Gecko; compatible; ClaudeBot/1.0; +claudebot@anthropic.com)"
216.73.216.20 - - [10/Mar/2026:18:06:40 +0600] "GET /423340646.htm HTTP/1.1" 404 35756 "-" "Mozilla/5.0 AppleWebKit/537.36 (KHTML, like Gecko; compatible; ClaudeBot/1.0; +claudebot@anthropic.com)"
216.73.216.20 - - [10/Mar/2026:18:06:40 +0600] "GET /15611534.htm HTTP/1.1" 404 35756 "-" "Mozilla/5.0 AppleWebKit/537.36 (KHTML, like Gecko; compatible; ClaudeBot/1.0; +claudebot@anthropic.com)"
57.141.2.27 - - [10/Mar/2026:18:06:40 +0600] "GET /?i=intimissimi-camiseta-de-manga-corta-ultranatural-con-cashmere-36381755 HTTP/1.1" 200 142744 "-" "meta-externalagent/1.1 (+https://developers.facebook.com/docs/sharing/webmasters/crawler)"
216.73.216.20 - - [10/Mar/2026:18:06:40 +0600] "GET /35849450.htm HTTP/1.1" 404 35756 "-" "Mozilla/5.0 AppleWebKit/537.36 (KHTML, like Gecko; compatible; ClaudeBot/1.0; +claudebot@anthropic.com)"
57.141.2.2 - - [10/Mar/2026:18:06:41 +0600] "GET /?i=alcampo-la-menorquina-cono-de-vainilla-y-chocolate-sin-lactosa-recet-25040655 HTTP/1.1" 200 143756 "-" "meta-externalagent/1.1 (+https://developers.facebook.com/docs/sharing/webmasters/crawler)"
216.73.216.20 - - [10/Mar/2026:18:06:41 +0600] "GET /447791648.htm HTTP/1.1" 404 35756 "-" "Mozilla/5.0 AppleWebKit/537.36 (KHTML, like Gecko; compatible; ClaudeBot/1.0; +claudebot@anthropic.com)"
57.141.2.57 - - [10/Mar/2026:18:06:41 +0600] "GET /?i=goods-92823554 HTTP/1.1" 200 142532 "-" "meta-externalagent/1.1 (+https://developers.facebook.com/docs/sharing/webmasters/crawler)"
216.73.216.20 - - [10/Mar/2026:18:06:41 +0600] "GET /39072830.htm HTTP/1.1" 404 35756 "-" "Mozilla/5.0 AppleWebKit/537.36 (KHTML, like Gecko; compatible; ClaudeBot/1.0; +claudebot@anthropic.com)"
216.73.216.20 - - [10/Mar/2026:18:06:42 +0600] "GET /62080100.htm HTTP/1.1" 404 35756 "-" "Mozilla/5.0 AppleWebKit/537.36 (KHTML, like Gecko; compatible; ClaudeBot/1.0; +claudebot@anthropic.com)"
57.141.2.62 - - [10/Mar/2026:18:06:42 +0600] "GET /?i=bobo-choses-bobo-choses-tote-bag-1369255 HTTP/1.1" 200 143923 "-" "meta-externalagent/1.1 (+https://developers.facebook.com/docs/sharing/webmasters/crawler)"
216.73.216.20 - - [10/Mar/2026:18:06:42 +0600] "GET /66515642.htm HTTP/1.1" 404 35756 "-" "Mozilla/5.0 AppleWebKit/537.36 (KHTML, like Gecko; compatible; ClaudeBot/1.0; +claudebot@anthropic.com)"
216.73.216.20 - - [10/Mar/2026:18:06:42 +0600] "GET /175259426.htm HTTP/1.1" 404 35756 "-" "Mozilla/5.0 AppleWebKit/537.36 (KHTML, like Gecko; compatible; ClaudeBot/1.0; +claudebot@anthropic.com)"
57.141.2.52 - - [10/Mar/2026:18:06:42 +0600] "GET /?i=eurostil-pinza-depilar-9-cm-negra-oblic-6609755 HTTP/1.1" 200 139507 "-" "meta-externalagent/1.1 (+https://developers.facebook.com/docs/sharing/webmasters/crawler)"
216.73.216.20 - - [10/Mar/2026:18:06:42 +0600] "GET /97014620.htm HTTP/1.1" 404 35756 "-" "Mozilla/5.0 AppleWebKit/537.36 (KHTML, like Gecko; compatible; ClaudeBot/1.0; +claudebot@anthropic.com)"
216.73.216.20 - - [10/Mar/2026:18:06:43 +0600] "GET /469059446.htm HTTP/1.1" 404 35756 "-" "Mozilla/5.0 AppleWebKit/537.36 (KHTML, like Gecko; compatible; ClaudeBot/1.0; +claudebot@anthropic.com)"
57.141.2.31 - - [10/Mar/2026:18:06:43 +0600] "GET /?i=goods-8500158 HTTP/1.1" 200 139811 "-" "meta-externalagent/1.1 (+https://developers.facebook.com/docs/sharing/webmasters/crawler)"
57.141.2.32 - - [10/Mar/2026:18:06:43 +0600] "GET /?i=goods-107041158 HTTP/1.1" 200 143144 "-" "meta-externalagent/1.1 (+https://developers.facebook.com/docs/sharing/webmasters/crawler)"
