57.141.2.2 - - [10/Mar/2026:18:12:05 +0600] "GET /?i=tiffany-co-tiffany-titan-by-pharrell-williams-pendientes-de-oro-amar-32883355 HTTP/1.1" 200 142275 "-" "meta-externalagent/1.1 (+https://developers.facebook.com/docs/sharing/webmasters/crawler)"
216.73.216.20 - - [10/Mar/2026:18:12:04 +0600] "GET /446933630.htm HTTP/1.1" 404 35756 "-" "Mozilla/5.0 AppleWebKit/537.36 (KHTML, like Gecko; compatible; ClaudeBot/1.0; +claudebot@anthropic.com)"
216.73.216.20 - - [10/Mar/2026:18:12:05 +0600] "GET /95671514.htm HTTP/1.1" 404 35756 "-" "Mozilla/5.0 AppleWebKit/537.36 (KHTML, like Gecko; compatible; ClaudeBot/1.0; +claudebot@anthropic.com)"
57.141.2.5 - - [10/Mar/2026:18:12:05 +0600] "GET /?i=camper-peu-touring-botines-negros-de-tejido-para-ninos-2059255 HTTP/1.1" 200 140732 "-" "meta-externalagent/1.1 (+https://developers.facebook.com/docs/sharing/webmasters/crawler)"
216.73.216.20 - - [10/Mar/2026:18:12:05 +0600] "GET /335314658.htm HTTP/1.1" 404 35756 "-" "Mozilla/5.0 AppleWebKit/537.36 (KHTML, like Gecko; compatible; ClaudeBot/1.0; +claudebot@anthropic.com)"
57.141.2.55 - - [10/Mar/2026:18:12:06 +0600] "GET /?i=waimari-demi-pants-19812455 HTTP/1.1" 200 139655 "-" "meta-externalagent/1.1 (+https://developers.facebook.com/docs/sharing/webmasters/crawler)"
57.141.2.5 - - [10/Mar/2026:18:12:06 +0600] "GET /?i=bottega-veneta-grandes-pendientes-drop-34695355 HTTP/1.1" 200 140159 "-" "meta-externalagent/1.1 (+https://developers.facebook.com/docs/sharing/webmasters/crawler)"
216.73.216.20 - - [10/Mar/2026:18:12:05 +0600] "GET /33169004.htm HTTP/1.1" 404 35756 "-" "Mozilla/5.0 AppleWebKit/537.36 (KHTML, like Gecko; compatible; ClaudeBot/1.0; +claudebot@anthropic.com)"
57.141.2.34 - - [10/Mar/2026:18:12:07 +0600] "GET /?i=goods-180097758 HTTP/1.1" 200 141082 "-" "meta-externalagent/1.1 (+https://developers.facebook.com/docs/sharing/webmasters/crawler)"
57.141.2.38 - - [10/Mar/2026:18:12:07 +0600] "GET /?i=westwing-reposapies-puf-con-espacio-de-almacenamiento-lennon-31734355 HTTP/1.1" 200 142514 "-" "meta-externalagent/1.1 (+https://developers.facebook.com/docs/sharing/webmasters/crawler)"
216.73.216.20 - - [10/Mar/2026:18:12:06 +0600] "GET /86875760.htm HTTP/1.1" 404 35756 "-" "Mozilla/5.0 AppleWebKit/537.36 (KHTML, like Gecko; compatible; ClaudeBot/1.0; +claudebot@anthropic.com)"
216.73.216.20 - - [10/Mar/2026:18:12:06 +0600] "GET /222914858.htm HTTP/1.1" 404 35756 "-" "Mozilla/5.0 AppleWebKit/537.36 (KHTML, like Gecko; compatible; ClaudeBot/1.0; +claudebot@anthropic.com)"
57.141.2.36 - - [10/Mar/2026:18:12:08 +0600] "GET /?i=gabol-juego-de-3-maletas-cabina-y-mediana-montreal-7680055 HTTP/1.1" 200 141120 "-" "meta-externalagent/1.1 (+https://developers.facebook.com/docs/sharing/webmasters/crawler)"
57.141.2.2 - - [10/Mar/2026:18:12:08 +0600] "GET /?i=goods-7557258 HTTP/1.1" 200 140144 "-" "meta-externalagent/1.1 (+https://developers.facebook.com/docs/sharing/webmasters/crawler)"
74.7.242.57 - - [10/Mar/2026:18:12:06 +0600] "GET /341535428.htm HTTP/1.1" 404 35756 "https://inprosysltd.com/sitemap-9.xml" "Mozilla/5.0 AppleWebKit/537.36 (KHTML, like Gecko; compatible; GPTBot/1.3; +https://openai.com/gptbot)"
216.73.216.20 - - [10/Mar/2026:18:12:07 +0600] "GET /49406618.htm HTTP/1.1" 404 35756 "-" "Mozilla/5.0 AppleWebKit/537.36 (KHTML, like Gecko; compatible; ClaudeBot/1.0; +claudebot@anthropic.com)"
216.73.216.20 - - [10/Mar/2026:18:12:07 +0600] "GET /376536908.htm HTTP/1.1" 404 35756 "-" "Mozilla/5.0 AppleWebKit/537.36 (KHTML, like Gecko; compatible; ClaudeBot/1.0; +claudebot@anthropic.com)"
216.73.216.20 - - [10/Mar/2026:18:12:08 +0600] "GET /85156748.htm HTTP/1.1" 404 35756 "-" "Mozilla/5.0 AppleWebKit/537.36 (KHTML, like Gecko; compatible; ClaudeBot/1.0; +claudebot@anthropic.com)"
57.141.2.32 - - [10/Mar/2026:18:12:09 +0600] "GET /?i=bricomart-manguito-laton-3-8-roscar-30325255 HTTP/1.1" 200 143543 "-" "meta-externalagent/1.1 (+https://developers.facebook.com/docs/sharing/webmasters/crawler)"
216.73.216.20 - - [10/Mar/2026:18:12:08 +0600] "GET /89129894.htm HTTP/1.1" 404 35756 "-" "Mozilla/5.0 AppleWebKit/537.36 (KHTML, like Gecko; compatible; ClaudeBot/1.0; +claudebot@anthropic.com)"
57.141.2.60 - - [10/Mar/2026:18:12:09 +0600] "GET /?i=lacor-cortahuevos-pro-10179155 HTTP/1.1" 200 138556 "-" "meta-externalagent/1.1 (+https://developers.facebook.com/docs/sharing/webmasters/crawler)"
57.141.2.15 - - [10/Mar/2026:18:12:10 +0600] "GET /?i=in-side-botines-de-cuello-combinados-9053955 HTTP/1.1" 200 140425 "-" "meta-externalagent/1.1 (+https://developers.facebook.com/docs/sharing/webmasters/crawler)"
57.141.2.63 - - [10/Mar/2026:18:12:10 +0600] "GET /?i=tiamia-camiseta-m-l-coche-nino-18379755 HTTP/1.1" 200 139650 "-" "meta-externalagent/1.1 (+https://developers.facebook.com/docs/sharing/webmasters/crawler)"
216.73.216.20 - - [10/Mar/2026:18:12:10 +0600] "GET /398938190.htm HTTP/1.1" 404 35756 "-" "Mozilla/5.0 AppleWebKit/537.36 (KHTML, like Gecko; compatible; ClaudeBot/1.0; +claudebot@anthropic.com)"
216.73.216.20 - - [10/Mar/2026:18:12:10 +0600] "GET /445854458.htm HTTP/1.1" 404 35756 "-" "Mozilla/5.0 AppleWebKit/537.36 (KHTML, like Gecko; compatible; ClaudeBot/1.0; +claudebot@anthropic.com)"
57.141.2.10 - - [10/Mar/2026:18:12:11 +0600] "GET /?i=goods-155082858 HTTP/1.1" 200 144473 "-" "meta-externalagent/1.1 (+https://developers.facebook.com/docs/sharing/webmasters/crawler)"
57.141.2.42 - - [10/Mar/2026:18:12:11 +0600] "GET /?i=conforama-alfombra-de-bano-cottage-sepia-45-x-75-cm-29682355 HTTP/1.1" 200 141875 "-" "meta-externalagent/1.1 (+https://developers.facebook.com/docs/sharing/webmasters/crawler)"
216.73.216.20 - - [10/Mar/2026:18:12:10 +0600] "GET /144219002.htm HTTP/1.1" 404 35756 "-" "Mozilla/5.0 AppleWebKit/537.36 (KHTML, like Gecko; compatible; ClaudeBot/1.0; +claudebot@anthropic.com)"
57.141.2.47 - - [10/Mar/2026:18:12:12 +0600] "GET /?i=gant-banador-38466555 HTTP/1.1" 200 140718 "-" "meta-externalagent/1.1 (+https://developers.facebook.com/docs/sharing/webmasters/crawler)"
216.73.216.20 - - [10/Mar/2026:18:12:11 +0600] "GET /220066268.htm HTTP/1.1" 404 35756 "-" "Mozilla/5.0 AppleWebKit/537.36 (KHTML, like Gecko; compatible; ClaudeBot/1.0; +claudebot@anthropic.com)"
216.73.216.20 - - [10/Mar/2026:18:12:11 +0600] "GET /50151548.htm HTTP/1.1" 404 35756 "-" "Mozilla/5.0 AppleWebKit/537.36 (KHTML, like Gecko; compatible; ClaudeBot/1.0; +claudebot@anthropic.com)"
57.141.2.23 - - [10/Mar/2026:18:12:12 +0600] "GET /?i=in-side-camiseta-in-9141455 HTTP/1.1" 200 139411 "-" "meta-externalagent/1.1 (+https://developers.facebook.com/docs/sharing/webmasters/crawler)"
216.73.216.20 - - [10/Mar/2026:18:12:11 +0600] "GET /41242520.htm HTTP/1.1" 404 35756 "-" "Mozilla/5.0 AppleWebKit/537.36 (KHTML, like Gecko; compatible; ClaudeBot/1.0; +claudebot@anthropic.com)"
57.141.2.20 - - [10/Mar/2026:18:12:13 +0600] "GET /?i=conforama-mesa-de-comedor-de-acacia-y-patas-de-metal-240-cm-77x240x1-28973355 HTTP/1.1" 200 142682 "-" "meta-externalagent/1.1 (+https://developers.facebook.com/docs/sharing/webmasters/crawler)"
216.73.216.20 - - [10/Mar/2026:18:12:12 +0600] "GET /452661500.htm HTTP/1.1" 404 35756 "-" "Mozilla/5.0 AppleWebKit/537.36 (KHTML, like Gecko; compatible; ClaudeBot/1.0; +claudebot@anthropic.com)"
216.73.216.20 - - [10/Mar/2026:18:12:12 +0600] "GET /285039416.htm HTTP/1.1" 404 35756 "-" "Mozilla/5.0 AppleWebKit/537.36 (KHTML, like Gecko; compatible; ClaudeBot/1.0; +claudebot@anthropic.com)"
57.141.2.22 - - [10/Mar/2026:18:12:13 +0600] "GET /?i=lola-cruz-alice-heel-sandal-65-10911255 HTTP/1.1" 200 140309 "-" "meta-externalagent/1.1 (+https://developers.facebook.com/docs/sharing/webmasters/crawler)"
74.7.227.10 - - [10/Mar/2026:18:12:13 +0600] "GET /320325272.phtml HTTP/1.1" 404 36192 "https://www.inprosysltd.com/sitemap-18.xml" "Mozilla/5.0 AppleWebKit/537.36 (KHTML, like Gecko; compatible; GPTBot/1.3; +https://openai.com/gptbot)"
57.141.2.56 - - [10/Mar/2026:18:12:14 +0600] "GET /?i=tezenis-sujetador-bandeau-escotado-con-relleno-de-microfibra-recicla-36703555 HTTP/1.1" 200 143027 "-" "meta-externalagent/1.1 (+https://developers.facebook.com/docs/sharing/webmasters/crawler)"
57.141.2.3 - - [10/Mar/2026:18:12:14 +0600] "GET /?i=wala-sudaderas-billabong-coffee-time-cord-21499455 HTTP/1.1" 200 142026 "-" "meta-externalagent/1.1 (+https://developers.facebook.com/docs/sharing/webmasters/crawler)"
57.141.2.8 - - [10/Mar/2026:18:12:15 +0600] "GET /?i=mango-camisa-traje-slim-fit-algodon-popelin-26945255 HTTP/1.1" 200 186554 "-" "meta-externalagent/1.1 (+https://developers.facebook.com/docs/sharing/webmasters/crawler)"
216.73.216.20 - - [10/Mar/2026:18:12:14 +0600] "GET /140094080.htm HTTP/1.1" 404 35756 "-" "Mozilla/5.0 AppleWebKit/537.36 (KHTML, like Gecko; compatible; ClaudeBot/1.0; +claudebot@anthropic.com)"
216.73.216.20 - - [10/Mar/2026:18:12:14 +0600] "GET /210073604.htm HTTP/1.1" 404 35756 "-" "Mozilla/5.0 AppleWebKit/537.36 (KHTML, like Gecko; compatible; ClaudeBot/1.0; +claudebot@anthropic.com)"
57.141.2.16 - - [10/Mar/2026:18:12:15 +0600] "GET /?i=goods-203026358 HTTP/1.1" 200 140814 "-" "meta-externalagent/1.1 (+https://developers.facebook.com/docs/sharing/webmasters/crawler)"
216.73.216.20 - - [10/Mar/2026:18:12:15 +0600] "GET /319126334.htm HTTP/1.1" 404 35756 "-" "Mozilla/5.0 AppleWebKit/537.36 (KHTML, like Gecko; compatible; ClaudeBot/1.0; +claudebot@anthropic.com)"
216.73.216.20 - - [10/Mar/2026:18:12:14 +0600] "GET /224065454.htm HTTP/1.1" 404 35756 "-" "Mozilla/5.0 AppleWebKit/537.36 (KHTML, like Gecko; compatible; ClaudeBot/1.0; +claudebot@anthropic.com)"
57.141.2.40 - - [10/Mar/2026:18:12:16 +0600] "GET /?i=wala-sandalias-sandals-5334-20898455 HTTP/1.1" 200 141524 "-" "meta-externalagent/1.1 (+https://developers.facebook.com/docs/sharing/webmasters/crawler)"
57.141.2.23 - - [10/Mar/2026:18:12:16 +0600] "GET /?i=bricomart-perfil-transicion-pvc-adhesivo-kingston-viena-100-cm-29871255 HTTP/1.1" 200 144972 "-" "meta-externalagent/1.1 (+https://developers.facebook.com/docs/sharing/webmasters/crawler)"
216.73.216.20 - - [10/Mar/2026:18:12:15 +0600] "GET /96708092.htm HTTP/1.1" 404 35756 "-" "Mozilla/5.0 AppleWebKit/537.36 (KHTML, like Gecko; compatible; ClaudeBot/1.0; +claudebot@anthropic.com)"
57.141.2.22 - - [10/Mar/2026:18:12:17 +0600] "GET /?i=alcampo-vitakraft-bonny-bits-snack-para-perros-con-sabor-a-ternera-5-25999455 HTTP/1.1" 200 143080 "-" "meta-externalagent/1.1 (+https://developers.facebook.com/docs/sharing/webmasters/crawler)"
57.141.2.71 - - [10/Mar/2026:18:12:17 +0600] "GET /?i=wala-chaquetas-ternua-valdur-jkt-m-20007155 HTTP/1.1" 200 141439 "-" "meta-externalagent/1.1 (+https://developers.facebook.com/docs/sharing/webmasters/crawler)"
216.73.216.20 - - [10/Mar/2026:18:12:15 +0600] "GET /293441222.htm HTTP/1.1" 404 35756 "-" "Mozilla/5.0 AppleWebKit/537.36 (KHTML, like Gecko; compatible; ClaudeBot/1.0; +claudebot@anthropic.com)"
216.73.216.20 - - [10/Mar/2026:18:12:16 +0600] "GET /189628484.htm HTTP/1.1" 404 35756 "-" "Mozilla/5.0 AppleWebKit/537.36 (KHTML, like Gecko; compatible; ClaudeBot/1.0; +claudebot@anthropic.com)"
216.73.216.20 - - [10/Mar/2026:18:12:17 +0600] "GET /81988424.htm HTTP/1.1" 404 35756 "-" "Mozilla/5.0 AppleWebKit/537.36 (KHTML, like Gecko; compatible; ClaudeBot/1.0; +claudebot@anthropic.com)"
57.141.2.43 - - [10/Mar/2026:18:12:18 +0600] "GET /?i=mango-gorra-algodon-bordado-26952255 HTTP/1.1" 200 185364 "-" "meta-externalagent/1.1 (+https://developers.facebook.com/docs/sharing/webmasters/crawler)"
57.141.2.50 - - [10/Mar/2026:18:12:18 +0600] "GET /?i=cortefiel-mochila-antracita-kaos-new-colores-3731255 HTTP/1.1" 200 141933 "-" "meta-externalagent/1.1 (+https://developers.facebook.com/docs/sharing/webmasters/crawler)"
216.73.216.20 - - [10/Mar/2026:18:12:18 +0600] "GET /76398566.htm HTTP/1.1" 404 35756 "-" "Mozilla/5.0 AppleWebKit/537.36 (KHTML, like Gecko; compatible; ClaudeBot/1.0; +claudebot@anthropic.com)"
216.73.216.20 - - [10/Mar/2026:18:12:18 +0600] "GET /480796790.htm HTTP/1.1" 404 35756 "-" "Mozilla/5.0 AppleWebKit/537.36 (KHTML, like Gecko; compatible; ClaudeBot/1.0; +claudebot@anthropic.com)"
57.141.2.42 - - [10/Mar/2026:18:12:19 +0600] "GET /?i=conforama-briebe-nova-comoda-dormitorio-cajonera-4-cajones-sinfonier-28016755 HTTP/1.1" 200 145766 "-" "meta-externalagent/1.1 (+https://developers.facebook.com/docs/sharing/webmasters/crawler)"
57.141.2.19 - - [10/Mar/2026:18:12:19 +0600] "GET /?i=etnia-barcelona-les-corts-6351355 HTTP/1.1" 200 141106 "-" "meta-externalagent/1.1 (+https://developers.facebook.com/docs/sharing/webmasters/crawler)"
216.73.216.20 - - [10/Mar/2026:18:12:18 +0600] "GET /496522904.htm HTTP/1.1" 404 35756 "-" "Mozilla/5.0 AppleWebKit/537.36 (KHTML, like Gecko; compatible; ClaudeBot/1.0; +claudebot@anthropic.com)"
57.141.2.21 - - [10/Mar/2026:18:12:20 +0600] "GET /?i=westwing-armario-de-madera-de-haya-artesanal-harlequin-32767055 HTTP/1.1" 200 142475 "-" "meta-externalagent/1.1 (+https://developers.facebook.com/docs/sharing/webmasters/crawler)"
216.73.216.20 - - [10/Mar/2026:18:12:19 +0600] "GET /383259692.htm HTTP/1.1" 404 35756 "-" "Mozilla/5.0 AppleWebKit/537.36 (KHTML, like Gecko; compatible; ClaudeBot/1.0; +claudebot@anthropic.com)"
57.141.2.50 - - [10/Mar/2026:18:12:20 +0600] "GET /?i=alma-en-pena-mule-plano-con-estribo-335155 HTTP/1.1" 200 140524 "-" "meta-externalagent/1.1 (+https://developers.facebook.com/docs/sharing/webmasters/crawler)"
216.73.216.20 - - [10/Mar/2026:18:12:20 +0600] "GET /548637314.htm HTTP/1.1" 404 35756 "-" "Mozilla/5.0 AppleWebKit/537.36 (KHTML, like Gecko; compatible; ClaudeBot/1.0; +claudebot@anthropic.com)"
216.73.216.20 - - [10/Mar/2026:18:12:20 +0600] "GET /194064398.htm HTTP/1.1" 404 35756 "-" "Mozilla/5.0 AppleWebKit/537.36 (KHTML, like Gecko; compatible; ClaudeBot/1.0; +claudebot@anthropic.com)"
57.141.2.45 - - [10/Mar/2026:18:12:21 +0600] "GET /?i=nacnic-cartel-de-eye-flash-squid-12291555 HTTP/1.1" 200 140921 "-" "meta-externalagent/1.1 (+https://developers.facebook.com/docs/sharing/webmasters/crawler)"
216.73.216.20 - - [10/Mar/2026:18:12:20 +0600] "GET /402362822.htm HTTP/1.1" 404 35756 "-" "Mozilla/5.0 AppleWebKit/537.36 (KHTML, like Gecko; compatible; ClaudeBot/1.0; +claudebot@anthropic.com)"
57.141.2.67 - - [10/Mar/2026:18:12:21 +0600] "GET /?i=new-rock-ap-51849-s2-12917655 HTTP/1.1" 200 138835 "-" "meta-externalagent/1.1 (+https://developers.facebook.com/docs/sharing/webmasters/crawler)"
216.73.216.20 - - [10/Mar/2026:18:12:20 +0600] "GET /9790292.htm HTTP/1.1" 404 35756 "-" "Mozilla/5.0 AppleWebKit/537.36 (KHTML, like Gecko; compatible; ClaudeBot/1.0; +claudebot@anthropic.com)"
57.141.2.62 - - [10/Mar/2026:18:12:22 +0600] "GET /?i=batela-sudadera-de-nina-en-algodon-terry-batela-dibujo-ancla-y-ocean-1063955 HTTP/1.1" 200 143279 "-" "meta-externalagent/1.1 (+https://developers.facebook.com/docs/sharing/webmasters/crawler)"
216.73.216.20 - - [10/Mar/2026:18:12:22 +0600] "GET /313845236.htm HTTP/1.1" 404 35756 "-" "Mozilla/5.0 AppleWebKit/537.36 (KHTML, like Gecko; compatible; ClaudeBot/1.0; +claudebot@anthropic.com)"
57.141.2.45 - - [10/Mar/2026:18:12:22 +0600] "GET /?i=westwing-sujetalibros-holding-fingers-2-uds-31853755 HTTP/1.1" 200 141693 "-" "meta-externalagent/1.1 (+https://developers.facebook.com/docs/sharing/webmasters/crawler)"
216.73.216.20 - - [10/Mar/2026:18:12:22 +0600] "GET /438470072.htm HTTP/1.1" 404 35756 "-" "Mozilla/5.0 AppleWebKit/537.36 (KHTML, like Gecko; compatible; ClaudeBot/1.0; +claudebot@anthropic.com)"
57.141.2.21 - - [10/Mar/2026:18:12:23 +0600] "GET /?i=westwing-vela-perfumada-de-tres-mechas-statement-jazmin-y-rocio-mari-31933955 HTTP/1.1" 200 143177 "-" "meta-externalagent/1.1 (+https://developers.facebook.com/docs/sharing/webmasters/crawler)"
216.73.216.20 - - [10/Mar/2026:18:12:22 +0600] "GET /258953846.htm HTTP/1.1" 404 35756 "-" "Mozilla/5.0 AppleWebKit/537.36 (KHTML, like Gecko; compatible; ClaudeBot/1.0; +claudebot@anthropic.com)"
57.141.2.25 - - [10/Mar/2026:18:12:23 +0600] "GET /?i=alcampo-pedigree-snack-dental-para-perros-hasta-10-kg-pedigree-denta-26001055 HTTP/1.1" 200 144247 "-" "meta-externalagent/1.1 (+https://developers.facebook.com/docs/sharing/webmasters/crawler)"
216.73.216.20 - - [10/Mar/2026:18:12:22 +0600] "GET /517015268.htm HTTP/1.1" 404 35756 "-" "Mozilla/5.0 AppleWebKit/537.36 (KHTML, like Gecko; compatible; ClaudeBot/1.0; +claudebot@anthropic.com)"
57.141.2.15 - - [10/Mar/2026:18:12:24 +0600] "GET /?i=goods-36854358 HTTP/1.1" 200 142306 "-" "meta-externalagent/1.1 (+https://developers.facebook.com/docs/sharing/webmasters/crawler)"
216.73.216.20 - - [10/Mar/2026:18:12:23 +0600] "GET /101386178.htm HTTP/1.1" 404 35756 "-" "Mozilla/5.0 AppleWebKit/537.36 (KHTML, like Gecko; compatible; ClaudeBot/1.0; +claudebot@anthropic.com)"
57.141.2.28 - - [10/Mar/2026:18:12:24 +0600] "GET /?i=westwing-porta-joyas-tower-31931155 HTTP/1.1" 200 141571 "-" "meta-externalagent/1.1 (+https://developers.facebook.com/docs/sharing/webmasters/crawler)"
57.141.2.51 - - [10/Mar/2026:18:12:25 +0600] "GET /?i=westwing-candelabro-de-ceramica-kea-31934655 HTTP/1.1" 200 141567 "-" "meta-externalagent/1.1 (+https://developers.facebook.com/docs/sharing/webmasters/crawler)"
216.73.216.20 - - [10/Mar/2026:18:12:24 +0600] "GET /123756398.htm HTTP/1.1" 404 35756 "-" "Mozilla/5.0 AppleWebKit/537.36 (KHTML, like Gecko; compatible; ClaudeBot/1.0; +claudebot@anthropic.com)"
57.141.2.41 - - [10/Mar/2026:18:12:25 +0600] "GET /?i=nordikas-zapatillas-de-casa-hombre-vaquero-arena-13339055 HTTP/1.1" 200 141023 "-" "meta-externalagent/1.1 (+https://developers.facebook.com/docs/sharing/webmasters/crawler)"
216.73.216.20 - - [10/Mar/2026:18:12:24 +0600] "GET /385337312.htm HTTP/1.1" 404 35756 "-" "Mozilla/5.0 AppleWebKit/537.36 (KHTML, like Gecko; compatible; ClaudeBot/1.0; +claudebot@anthropic.com)"
216.73.216.20 - - [10/Mar/2026:18:12:24 +0600] "GET /84368480.htm HTTP/1.1" 404 35756 "-" "Mozilla/5.0 AppleWebKit/537.36 (KHTML, like Gecko; compatible; ClaudeBot/1.0; +claudebot@anthropic.com)"
57.141.2.66 - - [10/Mar/2026:18:12:26 +0600] "GET /?i=goods-97507158 HTTP/1.1" 200 141751 "-" "meta-externalagent/1.1 (+https://developers.facebook.com/docs/sharing/webmasters/crawler)"
216.73.216.20 - - [10/Mar/2026:18:12:25 +0600] "GET /206955686.htm HTTP/1.1" 404 35756 "-" "Mozilla/5.0 AppleWebKit/537.36 (KHTML, like Gecko; compatible; ClaudeBot/1.0; +claudebot@anthropic.com)"
216.73.216.20 - - [10/Mar/2026:18:12:25 +0600] "GET /323257394.htm HTTP/1.1" 404 35756 "-" "Mozilla/5.0 AppleWebKit/537.36 (KHTML, like Gecko; compatible; ClaudeBot/1.0; +claudebot@anthropic.com)"
57.141.2.65 - - [10/Mar/2026:18:12:26 +0600] "GET /?i=wala-camisetas-manga-corta-lsn-ss-tshirt-aop-22025055 HTTP/1.1" 200 141358 "-" "meta-externalagent/1.1 (+https://developers.facebook.com/docs/sharing/webmasters/crawler)"
57.141.2.1 - - [10/Mar/2026:18:12:27 +0600] "GET /?i=brava-fabrics-banador-artisan-passion-1496655 HTTP/1.1" 200 140256 "-" "meta-externalagent/1.1 (+https://developers.facebook.com/docs/sharing/webmasters/crawler)"
216.73.216.20 - - [10/Mar/2026:18:12:26 +0600] "GET /62314088.htm HTTP/1.1" 404 35756 "-" "Mozilla/5.0 AppleWebKit/537.36 (KHTML, like Gecko; compatible; ClaudeBot/1.0; +claudebot@anthropic.com)"
57.141.2.11 - - [10/Mar/2026:18:12:27 +0600] "GET /?i=nerthus-kitchenware-botellas-de-doble-pared-de-acero-inoxidable-350-12893355 HTTP/1.1" 200 144191 "-" "meta-externalagent/1.1 (+https://developers.facebook.com/docs/sharing/webmasters/crawler)"
216.73.216.20 - - [10/Mar/2026:18:12:27 +0600] "GET /395053208.htm HTTP/1.1" 404 35756 "-" "Mozilla/5.0 AppleWebKit/537.36 (KHTML, like Gecko; compatible; ClaudeBot/1.0; +claudebot@anthropic.com)"
57.141.2.62 - - [10/Mar/2026:18:12:28 +0600] "GET /?i=kelme-final-turf-9602755 HTTP/1.1" 200 138834 "-" "meta-externalagent/1.1 (+https://developers.facebook.com/docs/sharing/webmasters/crawler)"
216.73.216.20 - - [10/Mar/2026:18:12:27 +0600] "GET /540334832.htm HTTP/1.1" 404 35756 "-" "Mozilla/5.0 AppleWebKit/537.36 (KHTML, like Gecko; compatible; ClaudeBot/1.0; +claudebot@anthropic.com)"
57.141.2.67 - - [10/Mar/2026:18:12:28 +0600] "GET /?i=alcampo-las-aventuras-de-dani-y-evan-el-secreto-de-los-dinosaurios-v-26356455 HTTP/1.1" 200 144224 "-" "meta-externalagent/1.1 (+https://developers.facebook.com/docs/sharing/webmasters/crawler)"
216.73.216.20 - - [10/Mar/2026:18:12:28 +0600] "GET /22843028.htm HTTP/1.1" 404 35756 "-" "Mozilla/5.0 AppleWebKit/537.36 (KHTML, like Gecko; compatible; ClaudeBot/1.0; +claudebot@anthropic.com)"
57.141.2.28 - - [10/Mar/2026:18:12:29 +0600] "GET /?i=westwing-lampara-de-techo-ph-5-32273255 HTTP/1.1" 200 141834 "-" "meta-externalagent/1.1 (+https://developers.facebook.com/docs/sharing/webmasters/crawler)"
216.73.216.20 - - [10/Mar/2026:18:12:28 +0600] "GET /390042740.htm HTTP/1.1" 404 35756 "-" "Mozilla/5.0 AppleWebKit/537.36 (KHTML, like Gecko; compatible; ClaudeBot/1.0; +claudebot@anthropic.com)"
216.73.216.20 - - [10/Mar/2026:18:12:28 +0600] "GET /362013470.htm HTTP/1.1" 404 35756 "-" "Mozilla/5.0 AppleWebKit/537.36 (KHTML, like Gecko; compatible; ClaudeBot/1.0; +claudebot@anthropic.com)"
57.141.2.69 - - [10/Mar/2026:18:12:29 +0600] "GET /?i=dia-avellanas-tostadas-naturmundo-de-dia-bolsa-200-g-26636955 HTTP/1.1" 200 140767 "-" "meta-externalagent/1.1 (+https://developers.facebook.com/docs/sharing/webmasters/crawler)"
216.73.216.20 - - [10/Mar/2026:18:12:29 +0600] "GET /104456480.htm HTTP/1.1" 404 35756 "-" "Mozilla/5.0 AppleWebKit/537.36 (KHTML, like Gecko; compatible; ClaudeBot/1.0; +claudebot@anthropic.com)"
57.141.2.39 - - [10/Mar/2026:18:12:30 +0600] "GET /?i=conforama-mueble-tv-180cm-de-panel-de-particulas-con-2-puertas-1-caj-29069155 HTTP/1.1" 200 143893 "-" "meta-externalagent/1.1 (+https://developers.facebook.com/docs/sharing/webmasters/crawler)"
57.141.2.31 - - [10/Mar/2026:18:12:30 +0600] "GET /?i=twenty-one-camiseta-unisex-interior-super-thermal-2-0-19082055 HTTP/1.1" 200 141324 "-" "meta-externalagent/1.1 (+https://developers.facebook.com/docs/sharing/webmasters/crawler)"
216.73.216.20 - - [10/Mar/2026:18:12:29 +0600] "GET /299109944.htm HTTP/1.1" 404 35756 "-" "Mozilla/5.0 AppleWebKit/537.36 (KHTML, like Gecko; compatible; ClaudeBot/1.0; +claudebot@anthropic.com)"
57.141.2.34 - - [10/Mar/2026:18:12:31 +0600] "GET /?i=cortefiel-chaqueta-cuello-chal-3113855 HTTP/1.1" 200 141164 "-" "meta-externalagent/1.1 (+https://developers.facebook.com/docs/sharing/webmasters/crawler)"
216.73.216.20 - - [10/Mar/2026:18:12:30 +0600] "GET /550823744.htm HTTP/1.1" 404 35756 "-" "Mozilla/5.0 AppleWebKit/537.36 (KHTML, like Gecko; compatible; ClaudeBot/1.0; +claudebot@anthropic.com)"
57.141.2.25 - - [10/Mar/2026:18:12:31 +0600] "GET /?i=hugo-boss-chaqueta-guateada-con-acabado-repelente-al-agua-38074355 HTTP/1.1" 200 142533 "-" "meta-externalagent/1.1 (+https://developers.facebook.com/docs/sharing/webmasters/crawler)"
216.73.216.20 - - [10/Mar/2026:18:12:31 +0600] "GET /206000762.htm HTTP/1.1" 404 35756 "-" "Mozilla/5.0 AppleWebKit/537.36 (KHTML, like Gecko; compatible; ClaudeBot/1.0; +claudebot@anthropic.com)"
57.141.2.15 - - [10/Mar/2026:18:12:32 +0600] "GET /?i=bricomart-tapa-abierta-120x200mm-acero-30206755 HTTP/1.1" 200 143497 "-" "meta-externalagent/1.1 (+https://developers.facebook.com/docs/sharing/webmasters/crawler)"
216.73.216.20 - - [10/Mar/2026:18:12:31 +0600] "GET /551383418.htm HTTP/1.1" 404 35756 "-" "Mozilla/5.0 AppleWebKit/537.36 (KHTML, like Gecko; compatible; ClaudeBot/1.0; +claudebot@anthropic.com)"
216.73.216.20 - - [10/Mar/2026:18:12:31 +0600] "GET /31813808.htm HTTP/1.1" 404 35756 "-" "Mozilla/5.0 AppleWebKit/537.36 (KHTML, like Gecko; compatible; ClaudeBot/1.0; +claudebot@anthropic.com)"
216.73.216.20 - - [10/Mar/2026:18:12:31 +0600] "GET /332385902.htm HTTP/1.1" 404 35756 "-" "Mozilla/5.0 AppleWebKit/537.36 (KHTML, like Gecko; compatible; ClaudeBot/1.0; +claudebot@anthropic.com)"
57.141.2.70 - - [10/Mar/2026:18:12:32 +0600] "GET /?i=aniston-selected-sommerkleid-mit-bluten-und-blattermuster-allover-ne-138374654 HTTP/1.1" 200 144230 "-" "meta-externalagent/1.1 (+https://developers.facebook.com/docs/sharing/webmasters/crawler)"
216.73.216.20 - - [10/Mar/2026:18:12:32 +0600] "GET /265806086.htm HTTP/1.1" 404 35756 "-" "Mozilla/5.0 AppleWebKit/537.36 (KHTML, like Gecko; compatible; ClaudeBot/1.0; +claudebot@anthropic.com)"
57.141.2.12 - - [10/Mar/2026:18:12:33 +0600] "GET /?i=goods-215089858 HTTP/1.1" 200 142245 "-" "meta-externalagent/1.1 (+https://developers.facebook.com/docs/sharing/webmasters/crawler)"
216.73.216.20 - - [10/Mar/2026:18:12:33 +0600] "GET /352132964.htm HTTP/1.1" 404 35756 "-" "Mozilla/5.0 AppleWebKit/537.36 (KHTML, like Gecko; compatible; ClaudeBot/1.0; +claudebot@anthropic.com)"
57.141.2.27 - - [10/Mar/2026:18:12:33 +0600] "GET /?i=ripshop-funda-de-almohada-100-algodon-dealthy-hallows-ripshop-15059055 HTTP/1.1" 200 141203 "-" "meta-externalagent/1.1 (+https://developers.facebook.com/docs/sharing/webmasters/crawler)"
57.141.2.70 - - [10/Mar/2026:18:12:34 +0600] "GET /?i=wala-zapatos-fluchos-jaden-21274055 HTTP/1.1" 200 140924 "-" "meta-externalagent/1.1 (+https://developers.facebook.com/docs/sharing/webmasters/crawler)"
57.141.2.22 - - [10/Mar/2026:18:12:34 +0600] "GET /?i=westwing-lamina-decorativa-white-fern-31895455 HTTP/1.1" 200 142609 "-" "meta-externalagent/1.1 (+https://developers.facebook.com/docs/sharing/webmasters/crawler)"
216.73.216.20 - - [10/Mar/2026:18:12:34 +0600] "GET /346932032.htm HTTP/1.1" 404 35756 "-" "Mozilla/5.0 AppleWebKit/537.36 (KHTML, like Gecko; compatible; ClaudeBot/1.0; +claudebot@anthropic.com)"
57.141.2.65 - - [10/Mar/2026:18:12:35 +0600] "GET /?i=asus-laptop-zenbook-14-intel-arc-graphics-procesador-intel-core-ultr-27390255 HTTP/1.1" 200 145348 "-" "meta-externalagent/1.1 (+https://developers.facebook.com/docs/sharing/webmasters/crawler)"
216.73.216.20 - - [10/Mar/2026:18:12:34 +0600] "GET /46372028.htm HTTP/1.1" 404 35756 "-" "Mozilla/5.0 AppleWebKit/537.36 (KHTML, like Gecko; compatible; ClaudeBot/1.0; +claudebot@anthropic.com)"
216.73.216.20 - - [10/Mar/2026:18:12:34 +0600] "GET /229753892.htm HTTP/1.1" 404 35756 "-" "Mozilla/5.0 AppleWebKit/537.36 (KHTML, like Gecko; compatible; ClaudeBot/1.0; +claudebot@anthropic.com)"
57.141.2.19 - - [10/Mar/2026:18:12:35 +0600] "GET /?i=d-franklin-df-patch-socks-black-4481455 HTTP/1.1" 200 139965 "-" "meta-externalagent/1.1 (+https://developers.facebook.com/docs/sharing/webmasters/crawler)"
216.73.216.20 - - [10/Mar/2026:18:12:34 +0600] "GET /309085682.htm HTTP/1.1" 404 35756 "-" "Mozilla/5.0 AppleWebKit/537.36 (KHTML, like Gecko; compatible; ClaudeBot/1.0; +claudebot@anthropic.com)"
216.73.216.20 - - [10/Mar/2026:18:12:34 +0600] "GET /11334464.htm HTTP/1.1" 404 35756 "-" "Mozilla/5.0 AppleWebKit/537.36 (KHTML, like Gecko; compatible; ClaudeBot/1.0; +claudebot@anthropic.com)"
57.141.2.54 - - [10/Mar/2026:18:12:36 +0600] "GET /?i=ortiz-reed-mocasin-de-ante-con-antifaz-color-azul-shome-azul-13638255 HTTP/1.1" 200 141678 "-" "meta-externalagent/1.1 (+https://developers.facebook.com/docs/sharing/webmasters/crawler)"
216.73.216.20 - - [10/Mar/2026:18:12:35 +0600] "GET /306993740.htm HTTP/1.1" 404 35756 "-" "Mozilla/5.0 AppleWebKit/537.36 (KHTML, like Gecko; compatible; ClaudeBot/1.0; +claudebot@anthropic.com)"
57.141.2.70 - - [10/Mar/2026:18:12:36 +0600] "GET /?i=balenciaga-monday-shoe-para-hombre-en-blanco-negro-gris-34018755 HTTP/1.1" 200 141178 "-" "meta-externalagent/1.1 (+https://developers.facebook.com/docs/sharing/webmasters/crawler)"
216.73.216.20 - - [10/Mar/2026:18:12:36 +0600] "GET /294615254.htm HTTP/1.1" 404 35756 "-" "Mozilla/5.0 AppleWebKit/537.36 (KHTML, like Gecko; compatible; ClaudeBot/1.0; +claudebot@anthropic.com)"
57.141.2.21 - - [10/Mar/2026:18:12:37 +0600] "GET /?i=eurostil-exp-12-mascarillas-faciales-surtidas-100ml-6814455 HTTP/1.1" 200 140154 "-" "meta-externalagent/1.1 (+https://developers.facebook.com/docs/sharing/webmasters/crawler)"
216.73.216.20 - - [10/Mar/2026:18:12:37 +0600] "GET /537469874.htm HTTP/1.1" 404 35756 "-" "Mozilla/5.0 AppleWebKit/537.36 (KHTML, like Gecko; compatible; ClaudeBot/1.0; +claudebot@anthropic.com)"
57.141.2.8 - - [10/Mar/2026:18:12:37 +0600] "GET /?i=h-m-blusa-con-cuello-mao-verde-estampado-mujer-40105355 HTTP/1.1" 200 141169 "-" "meta-externalagent/1.1 (+https://developers.facebook.com/docs/sharing/webmasters/crawler)"
216.73.216.20 - - [10/Mar/2026:18:12:37 +0600] "GET /545256764.htm HTTP/1.1" 404 35756 "-" "Mozilla/5.0 AppleWebKit/537.36 (KHTML, like Gecko; compatible; ClaudeBot/1.0; +claudebot@anthropic.com)"
57.141.2.52 - - [10/Mar/2026:18:12:38 +0600] "GET /?i=bobo-choses-poma-bobo-choses-ecru-t-shirt-1320655 HTTP/1.1" 200 147288 "-" "meta-externalagent/1.1 (+https://developers.facebook.com/docs/sharing/webmasters/crawler)"
57.141.2.43 - - [10/Mar/2026:18:12:38 +0600] "GET /?i=goods-106049458 HTTP/1.1" 200 143126 "-" "meta-externalagent/1.1 (+https://developers.facebook.com/docs/sharing/webmasters/crawler)"
216.73.216.20 - - [10/Mar/2026:18:12:37 +0600] "GET /368226986.htm HTTP/1.1" 404 35756 "-" "Mozilla/5.0 AppleWebKit/537.36 (KHTML, like Gecko; compatible; ClaudeBot/1.0; +claudebot@anthropic.com)"
57.141.2.41 - - [10/Mar/2026:18:12:39 +0600] "GET /?i=alcampo-purina-gourmet-surtido-de-comida-para-gatos-humeda-a-base-de-26026255 HTTP/1.1" 200 143854 "-" "meta-externalagent/1.1 (+https://developers.facebook.com/docs/sharing/webmasters/crawler)"
216.73.216.20 - - [10/Mar/2026:18:12:38 +0600] "GET /376507334.htm HTTP/1.1" 404 35756 "-" "Mozilla/5.0 AppleWebKit/537.36 (KHTML, like Gecko; compatible; ClaudeBot/1.0; +claudebot@anthropic.com)"
57.141.2.56 - - [10/Mar/2026:18:12:39 +0600] "GET /?i=fama-fabre-gorro-mechas-desechable-az-b-50-7079055 HTTP/1.1" 200 140641 "-" "meta-externalagent/1.1 (+https://developers.facebook.com/docs/sharing/webmasters/crawler)"
216.73.216.20 - - [10/Mar/2026:18:12:38 +0600] "GET /52656782.htm HTTP/1.1" 404 35756 "-" "Mozilla/5.0 AppleWebKit/537.36 (KHTML, like Gecko; compatible; ClaudeBot/1.0; +claudebot@anthropic.com)"
57.141.2.32 - - [10/Mar/2026:18:12:42 +0600] "GET /?i=h-m-pack-de-6-velas-conicas-marron-oscuro-home-40069255 HTTP/1.1" 508 288 "-" "meta-externalagent/1.1 (+https://developers.facebook.com/docs/sharing/webmasters/crawler)"
57.141.2.1 - - [10/Mar/2026:18:12:40 +0600] "GET /?i=dolce-gabbana-cojin-de-seda-mediano-33329355 HTTP/1.1" 200 141586 "-" "meta-externalagent/1.1 (+https://developers.facebook.com/docs/sharing/webmasters/crawler)"
216.73.216.20 - - [10/Mar/2026:18:12:38 +0600] "GET /394065548.htm HTTP/1.1" 404 35756 "-" "Mozilla/5.0 AppleWebKit/537.36 (KHTML, like Gecko; compatible; ClaudeBot/1.0; +claudebot@anthropic.com)"
57.141.2.49 - - [10/Mar/2026:18:12:41 +0600] "GET /?i=goods-94922758 HTTP/1.1" 200 143561 "-" "meta-externalagent/1.1 (+https://developers.facebook.com/docs/sharing/webmasters/crawler)"
57.141.2.44 - - [10/Mar/2026:18:12:41 +0600] "GET /?i=conforama-cama-box-spring-con-colchon-terciopelo-gris-oscuro-100x200-28489655 HTTP/1.1" 200 144466 "-" "meta-externalagent/1.1 (+https://developers.facebook.com/docs/sharing/webmasters/crawler)"
216.73.216.20 - - [10/Mar/2026:18:12:39 +0600] "GET /408612608.htm HTTP/1.1" 404 35756 "-" "Mozilla/5.0 AppleWebKit/537.36 (KHTML, like Gecko; compatible; ClaudeBot/1.0; +claudebot@anthropic.com)"
216.73.216.20 - - [10/Mar/2026:18:12:39 +0600] "GET /288405830.htm HTTP/1.1" 404 35756 "-" "Mozilla/5.0 AppleWebKit/537.36 (KHTML, like Gecko; compatible; ClaudeBot/1.0; +claudebot@anthropic.com)"
57.141.2.37 - - [10/Mar/2026:18:12:41 +0600] "GET /?i=goods-80218658 HTTP/1.1" 200 142517 "-" "meta-externalagent/1.1 (+https://developers.facebook.com/docs/sharing/webmasters/crawler)"
216.73.216.20 - - [10/Mar/2026:18:12:39 +0600] "GET /15185408.htm HTTP/1.1" 404 35756 "-" "Mozilla/5.0 AppleWebKit/537.36 (KHTML, like Gecko; compatible; ClaudeBot/1.0; +claudebot@anthropic.com)"
216.73.216.20 - - [10/Mar/2026:18:12:39 +0600] "GET /375371246.htm HTTP/1.1" 404 35756 "-" "Mozilla/5.0 AppleWebKit/537.36 (KHTML, like Gecko; compatible; ClaudeBot/1.0; +claudebot@anthropic.com)"
216.73.216.20 - - [10/Mar/2026:18:12:39 +0600] "GET /405034340.htm HTTP/1.1" 404 35756 "-" "Mozilla/5.0 AppleWebKit/537.36 (KHTML, like Gecko; compatible; ClaudeBot/1.0; +claudebot@anthropic.com)"
216.73.216.20 - - [10/Mar/2026:18:12:39 +0600] "GET /447373520.htm HTTP/1.1" 404 35756 "-" "Mozilla/5.0 AppleWebKit/537.36 (KHTML, like Gecko; compatible; ClaudeBot/1.0; +claudebot@anthropic.com)"
216.73.216.20 - - [10/Mar/2026:18:12:39 +0600] "GET /439988948.htm HTTP/1.1" 404 35756 "-" "Mozilla/5.0 AppleWebKit/537.36 (KHTML, like Gecko; compatible; ClaudeBot/1.0; +claudebot@anthropic.com)"
57.141.2.29 - - [10/Mar/2026:18:12:42 +0600] "GET /?i=bricomart-llave-corte-escuadra-1-2-1-2-30189855 HTTP/1.1" 200 143866 "-" "meta-externalagent/1.1 (+https://developers.facebook.com/docs/sharing/webmasters/crawler)"
216.73.216.20 - - [10/Mar/2026:18:12:40 +0600] "GET /522055124.htm HTTP/1.1" 404 35756 "-" "Mozilla/5.0 AppleWebKit/537.36 (KHTML, like Gecko; compatible; ClaudeBot/1.0; +claudebot@anthropic.com)"
57.141.2.5 - - [10/Mar/2026:18:12:43 +0600] "GET /?i=estoralis-t4053-estor-enrollable-digital-6236655 HTTP/1.1" 200 140829 "-" "meta-externalagent/1.1 (+https://developers.facebook.com/docs/sharing/webmasters/crawler)"
57.141.2.21 - - [10/Mar/2026:18:12:43 +0600] "GET /?i=agatha-ruiz-de-la-prada-vestido-canale-rosa-215255 HTTP/1.1" 200 140527 "-" "meta-externalagent/1.1 (+https://developers.facebook.com/docs/sharing/webmasters/crawler)"
57.141.2.67 - - [10/Mar/2026:18:12:44 +0600] "GET /?i=cortefiel-blusa-rustica-algodon-flores-3776255 HTTP/1.1" 200 141380 "-" "meta-externalagent/1.1 (+https://developers.facebook.com/docs/sharing/webmasters/crawler)"
57.141.2.41 - - [10/Mar/2026:18:12:44 +0600] "GET /?i=lasportiva-pocketshell-jkt-m-38997255 HTTP/1.1" 200 140161 "-" "meta-externalagent/1.1 (+https://developers.facebook.com/docs/sharing/webmasters/crawler)"
216.73.216.20 - - [10/Mar/2026:18:12:41 +0600] "GET /116887604.htm HTTP/1.1" 404 35756 "-" "Mozilla/5.0 AppleWebKit/537.36 (KHTML, like Gecko; compatible; ClaudeBot/1.0; +claudebot@anthropic.com)"
216.73.216.20 - - [10/Mar/2026:18:12:41 +0600] "GET /73910258.htm HTTP/1.1" 404 35756 "-" "Mozilla/5.0 AppleWebKit/537.36 (KHTML, like Gecko; compatible; ClaudeBot/1.0; +claudebot@anthropic.com)"
57.141.2.7 - - [10/Mar/2026:18:12:45 +0600] "GET /?i=wala-camisetas-manga-corta-new-balance-sport-essentials-logo-t-shirt-22048455 HTTP/1.1" 200 142085 "-" "meta-externalagent/1.1 (+https://developers.facebook.com/docs/sharing/webmasters/crawler)"
57.141.2.35 - - [10/Mar/2026:18:12:45 +0600] "GET /?i=goods-182001058 HTTP/1.1" 200 143161 "-" "meta-externalagent/1.1 (+https://developers.facebook.com/docs/sharing/webmasters/crawler)"
57.141.2.20 - - [10/Mar/2026:18:12:46 +0600] "GET /?i=alcampo-auriculares-con-microfono-para-ordenador-trust-ayda-conexion-26059955 HTTP/1.1" 200 143142 "-" "meta-externalagent/1.1 (+https://developers.facebook.com/docs/sharing/webmasters/crawler)"
216.73.216.20 - - [10/Mar/2026:18:12:42 +0600] "GET /209768564.htm HTTP/1.1" 404 35756 "-" "Mozilla/5.0 AppleWebKit/537.36 (KHTML, like Gecko; compatible; ClaudeBot/1.0; +claudebot@anthropic.com)"
216.73.216.20 - - [10/Mar/2026:18:12:43 +0600] "GET /296957552.htm HTTP/1.1" 404 35756 "-" "Mozilla/5.0 AppleWebKit/537.36 (KHTML, like Gecko; compatible; ClaudeBot/1.0; +claudebot@anthropic.com)"
57.141.2.41 - - [10/Mar/2026:18:12:46 +0600] "GET /?i=cortefiel-chaqueta-de-pano-3875055 HTTP/1.1" 200 141171 "-" "meta-externalagent/1.1 (+https://developers.facebook.com/docs/sharing/webmasters/crawler)"
216.73.216.20 - - [10/Mar/2026:18:12:44 +0600] "GET /557733458.htm HTTP/1.1" 404 35756 "-" "Mozilla/5.0 AppleWebKit/537.36 (KHTML, like Gecko; compatible; ClaudeBot/1.0; +claudebot@anthropic.com)"
216.73.216.20 - - [10/Mar/2026:18:12:45 +0600] "GET /49652324.htm HTTP/1.1" 404 35756 "-" "Mozilla/5.0 AppleWebKit/537.36 (KHTML, like Gecko; compatible; ClaudeBot/1.0; +claudebot@anthropic.com)"
216.73.216.20 - - [10/Mar/2026:18:12:44 +0600] "GET /195545330.htm HTTP/1.1" 404 35756 "-" "Mozilla/5.0 AppleWebKit/537.36 (KHTML, like Gecko; compatible; ClaudeBot/1.0; +claudebot@anthropic.com)"
216.73.216.20 - - [10/Mar/2026:18:12:44 +0600] "GET /563131364.htm HTTP/1.1" 404 35756 "-" "Mozilla/5.0 AppleWebKit/537.36 (KHTML, like Gecko; compatible; ClaudeBot/1.0; +claudebot@anthropic.com)"
57.141.2.65 - - [10/Mar/2026:18:12:47 +0600] "GET /?i=vical-home-aplique-ninfa-19389255 HTTP/1.1" 200 139866 "-" "meta-externalagent/1.1 (+https://developers.facebook.com/docs/sharing/webmasters/crawler)"
57.141.2.70 - - [10/Mar/2026:18:12:47 +0600] "GET /?i=goods-132676558 HTTP/1.1" 200 141646 "-" "meta-externalagent/1.1 (+https://developers.facebook.com/docs/sharing/webmasters/crawler)"
216.73.216.20 - - [10/Mar/2026:18:12:44 +0600] "GET /227903192.htm HTTP/1.1" 404 35756 "-" "Mozilla/5.0 AppleWebKit/537.36 (KHTML, like Gecko; compatible; ClaudeBot/1.0; +claudebot@anthropic.com)"
216.73.216.20 - - [10/Mar/2026:18:12:45 +0600] "GET /58602086.htm HTTP/1.1" 404 35756 "-" "Mozilla/5.0 AppleWebKit/537.36 (KHTML, like Gecko; compatible; ClaudeBot/1.0; +claudebot@anthropic.com)"
216.73.216.20 - - [10/Mar/2026:18:12:45 +0600] "GET /351114800.htm HTTP/1.1" 404 35756 "-" "Mozilla/5.0 AppleWebKit/537.36 (KHTML, like Gecko; compatible; ClaudeBot/1.0; +claudebot@anthropic.com)"
57.141.2.58 - - [10/Mar/2026:18:12:48 +0600] "GET /?i=mango-bolso-hombro-piel-asa-metalica-26926355 HTTP/1.1" 200 191151 "-" "meta-externalagent/1.1 (+https://developers.facebook.com/docs/sharing/webmasters/crawler)"
57.141.2.22 - - [10/Mar/2026:18:12:48 +0600] "GET /?i=eurostil-dousse-n-9-1-rubio-extraclaro-ceniza-6406055 HTTP/1.1" 200 140420 "-" "meta-externalagent/1.1 (+https://developers.facebook.com/docs/sharing/webmasters/crawler)"
57.141.2.40 - - [10/Mar/2026:18:12:49 +0600] "GET /?i=andres-machado-bailarina-piel-marino-nudo-marinero-643355 HTTP/1.1" 200 141639 "-" "meta-externalagent/1.1 (+https://developers.facebook.com/docs/sharing/webmasters/crawler)"
57.141.2.22 - - [10/Mar/2026:18:12:49 +0600] "GET /?i=alcampo-producto-alcampo-te-english-breakfast-te-negro-25-uds-43-75-24985355 HTTP/1.1" 200 142548 "-" "meta-externalagent/1.1 (+https://developers.facebook.com/docs/sharing/webmasters/crawler)"
216.73.216.20 - - [10/Mar/2026:18:12:47 +0600] "GET /441099554.htm HTTP/1.1" 404 35756 "-" "Mozilla/5.0 AppleWebKit/537.36 (KHTML, like Gecko; compatible; ClaudeBot/1.0; +claudebot@anthropic.com)"
216.73.216.20 - - [10/Mar/2026:18:12:47 +0600] "GET /481198922.htm HTTP/1.1" 404 35756 "-" "Mozilla/5.0 AppleWebKit/537.36 (KHTML, like Gecko; compatible; ClaudeBot/1.0; +claudebot@anthropic.com)"
57.141.2.20 - - [10/Mar/2026:18:12:50 +0600] "GET /?i=goods-121211958 HTTP/1.1" 200 141033 "-" "meta-externalagent/1.1 (+https://developers.facebook.com/docs/sharing/webmasters/crawler)"
216.73.216.20 - - [10/Mar/2026:18:12:48 +0600] "GET /171476744.htm HTTP/1.1" 404 35756 "-" "Mozilla/5.0 AppleWebKit/537.36 (KHTML, like Gecko; compatible; ClaudeBot/1.0; +claudebot@anthropic.com)"
216.73.216.20 - - [10/Mar/2026:18:12:49 +0600] "GET /320081444.htm HTTP/1.1" 404 35756 "-" "Mozilla/5.0 AppleWebKit/537.36 (KHTML, like Gecko; compatible; ClaudeBot/1.0; +claudebot@anthropic.com)"
57.141.2.40 - - [10/Mar/2026:18:12:50 +0600] "GET /?i=goods-183653658 HTTP/1.1" 200 142785 "-" "meta-externalagent/1.1 (+https://developers.facebook.com/docs/sharing/webmasters/crawler)"
216.73.216.20 - - [10/Mar/2026:18:12:49 +0600] "GET /547412504.htm HTTP/1.1" 404 35756 "-" "Mozilla/5.0 AppleWebKit/537.36 (KHTML, like Gecko; compatible; ClaudeBot/1.0; +claudebot@anthropic.com)"
216.73.216.20 - - [10/Mar/2026:18:12:50 +0600] "GET /59852750.htm HTTP/1.1" 404 35756 "-" "Mozilla/5.0 AppleWebKit/537.36 (KHTML, like Gecko; compatible; ClaudeBot/1.0; +claudebot@anthropic.com)"
57.141.2.13 - - [10/Mar/2026:18:12:51 +0600] "GET /?i=cecotec-power-matic-ccino-9000-serie-nera-s-cafetera-superautomatica-2452555 HTTP/1.1" 200 150142 "-" "meta-externalagent/1.1 (+https://developers.facebook.com/docs/sharing/webmasters/crawler)"
216.73.216.20 - - [10/Mar/2026:18:12:50 +0600] "GET /12698216.htm HTTP/1.1" 404 35756 "-" "Mozilla/5.0 AppleWebKit/537.36 (KHTML, like Gecko; compatible; ClaudeBot/1.0; +claudebot@anthropic.com)"
57.141.2.65 - - [10/Mar/2026:18:12:51 +0600] "GET /?i=conforama-sifonier-con-6-cajones-paris-blanco-27847355 HTTP/1.1" 200 141564 "-" "meta-externalagent/1.1 (+https://developers.facebook.com/docs/sharing/webmasters/crawler)"
57.141.2.67 - - [10/Mar/2026:18:12:52 +0600] "GET /?i=goods-147207058 HTTP/1.1" 200 144068 "-" "meta-externalagent/1.1 (+https://developers.facebook.com/docs/sharing/webmasters/crawler)"
57.141.2.66 - - [10/Mar/2026:18:12:52 +0600] "GET /?i=trangoworld-chaqueta-mujer-bains-18974055 HTTP/1.1" 200 141283 "-" "meta-externalagent/1.1 (+https://developers.facebook.com/docs/sharing/webmasters/crawler)"
216.73.216.20 - - [10/Mar/2026:18:12:52 +0600] "GET /366558194.htm HTTP/1.1" 404 35756 "-" "Mozilla/5.0 AppleWebKit/537.36 (KHTML, like Gecko; compatible; ClaudeBot/1.0; +claudebot@anthropic.com)"
57.141.2.7 - - [10/Mar/2026:18:12:53 +0600] "GET /?i=conjunto-de-bar-mesa-alta-4-taburetes-de-jardin-de-acacia-y-cuerda-s-23659055 HTTP/1.1" 200 143295 "-" "meta-externalagent/1.1 (+https://developers.facebook.com/docs/sharing/webmasters/crawler)"
216.73.216.20 - - [10/Mar/2026:18:12:53 +0600] "GET /417537632.htm HTTP/1.1" 404 35756 "-" "Mozilla/5.0 AppleWebKit/537.36 (KHTML, like Gecko; compatible; ClaudeBot/1.0; +claudebot@anthropic.com)"
57.141.2.33 - - [10/Mar/2026:18:12:53 +0600] "GET /?i=cortefiel-camiseta-nino-unisex-3509755 HTTP/1.1" 200 141491 "-" "meta-externalagent/1.1 (+https://developers.facebook.com/docs/sharing/webmasters/crawler)"
57.141.2.12 - - [10/Mar/2026:18:12:54 +0600] "GET /?i=naturvital-champu-bio-anticaida-12736255 HTTP/1.1" 200 141133 "-" "meta-externalagent/1.1 (+https://developers.facebook.com/docs/sharing/webmasters/crawler)"
57.141.2.61 - - [10/Mar/2026:18:12:55 +0600] "GET /?i=prada-polo-de-lana-de-estambre-33142055 HTTP/1.1" 200 141285 "-" "meta-externalagent/1.1 (+https://developers.facebook.com/docs/sharing/webmasters/crawler)"
216.73.216.20 - - [10/Mar/2026:18:12:54 +0600] "GET /73417358.htm HTTP/1.1" 404 35756 "-" "Mozilla/5.0 AppleWebKit/537.36 (KHTML, like Gecko; compatible; ClaudeBot/1.0; +claudebot@anthropic.com)"
216.73.216.20 - - [10/Mar/2026:18:12:55 +0600] "GET /532634804.htm HTTP/1.1" 404 35756 "-" "Mozilla/5.0 AppleWebKit/537.36 (KHTML, like Gecko; compatible; ClaudeBot/1.0; +claudebot@anthropic.com)"
57.141.2.54 - - [10/Mar/2026:18:12:55 +0600] "GET /?i=givenchy-polka-dots-top-in-silk-with-lavalliere-34372855 HTTP/1.1" 200 141227 "-" "meta-externalagent/1.1 (+https://developers.facebook.com/docs/sharing/webmasters/crawler)"
57.141.2.36 - - [10/Mar/2026:18:12:55 +0600] "GET /?i=westwing-caja-premium-31931555 HTTP/1.1" 200 140994 "-" "meta-externalagent/1.1 (+https://developers.facebook.com/docs/sharing/webmasters/crawler)"
57.141.2.67 - - [10/Mar/2026:18:12:56 +0600] "GET /?i=wala-gorras-y-sombreros-fox-fox-x-honda-flexfit-hat-22061955 HTTP/1.1" 200 142847 "-" "meta-externalagent/1.1 (+https://developers.facebook.com/docs/sharing/webmasters/crawler)"
216.73.216.20 - - [10/Mar/2026:18:12:56 +0600] "GET /113643764.htm HTTP/1.1" 404 35756 "-" "Mozilla/5.0 AppleWebKit/537.36 (KHTML, like Gecko; compatible; ClaudeBot/1.0; +claudebot@anthropic.com)"
57.141.2.7 - - [10/Mar/2026:18:12:57 +0600] "GET /?i=goods-22134454 HTTP/1.1" 200 143504 "-" "meta-externalagent/1.1 (+https://developers.facebook.com/docs/sharing/webmasters/crawler)"
216.73.216.20 - - [10/Mar/2026:18:12:56 +0600] "GET /389974850.htm HTTP/1.1" 404 35756 "-" "Mozilla/5.0 AppleWebKit/537.36 (KHTML, like Gecko; compatible; ClaudeBot/1.0; +claudebot@anthropic.com)"
57.141.2.45 - - [10/Mar/2026:18:12:57 +0600] "GET /?i=sombreros-albero-sombrero-sinfoni-natural-lazo-marron-17156255 HTTP/1.1" 200 140913 "-" "meta-externalagent/1.1 (+https://developers.facebook.com/docs/sharing/webmasters/crawler)"
57.141.2.62 - - [10/Mar/2026:18:12:57 +0600] "GET /?i=goods-86668854 HTTP/1.1" 200 144247 "-" "meta-externalagent/1.1 (+https://developers.facebook.com/docs/sharing/webmasters/crawler)"
57.141.2.63 - - [10/Mar/2026:18:12:58 +0600] "GET /?i=goods-70561458 HTTP/1.1" 200 140805 "-" "meta-externalagent/1.1 (+https://developers.facebook.com/docs/sharing/webmasters/crawler)"
216.73.216.20 - - [10/Mar/2026:18:12:58 +0600] "GET /211456142.htm HTTP/1.1" 404 35756 "-" "Mozilla/5.0 AppleWebKit/537.36 (KHTML, like Gecko; compatible; ClaudeBot/1.0; +claudebot@anthropic.com)"
216.73.216.20 - - [10/Mar/2026:18:12:58 +0600] "GET /33221456.htm HTTP/1.1" 404 35756 "-" "Mozilla/5.0 AppleWebKit/537.36 (KHTML, like Gecko; compatible; ClaudeBot/1.0; +claudebot@anthropic.com)"
57.141.2.9 - - [10/Mar/2026:18:12:58 +0600] "GET /?i=hugo-boss-jersey-de-lana-y-algodon-con-palmeras-de-jacquard-38117055 HTTP/1.1" 200 143828 "-" "meta-externalagent/1.1 (+https://developers.facebook.com/docs/sharing/webmasters/crawler)"
57.141.2.16 - - [10/Mar/2026:18:12:59 +0600] "GET /?i=sinned-x-about-you-cinturon-tamaris-en-beige-15910755 HTTP/1.1" 200 141012 "-" "meta-externalagent/1.1 (+https://developers.facebook.com/docs/sharing/webmasters/crawler)"
57.141.2.56 - - [10/Mar/2026:18:12:59 +0600] "GET /?i=mimub-la-relevancia-de-la-deteccion-temprana-del-cancer-ginecologico-35758155 HTTP/1.1" 200 146338 "-" "meta-externalagent/1.1 (+https://developers.facebook.com/docs/sharing/webmasters/crawler)"
216.73.216.20 - - [10/Mar/2026:18:13:00 +0600] "GET /434825402.htm HTTP/1.1" 404 35756 "-" "Mozilla/5.0 AppleWebKit/537.36 (KHTML, like Gecko; compatible; ClaudeBot/1.0; +claudebot@anthropic.com)"
57.141.2.15 - - [10/Mar/2026:18:13:00 +0600] "GET /?i=maisons-du-monde-portobello-mueble-semanario-vintage-de-7-cajones-31064355 HTTP/1.1" 200 143116 "-" "meta-externalagent/1.1 (+https://developers.facebook.com/docs/sharing/webmasters/crawler)"
216.73.216.20 - - [10/Mar/2026:18:13:00 +0600] "GET /467063852.htm HTTP/1.1" 404 35756 "-" "Mozilla/5.0 AppleWebKit/537.36 (KHTML, like Gecko; compatible; ClaudeBot/1.0; +claudebot@anthropic.com)"
57.141.2.71 - - [10/Mar/2026:18:13:00 +0600] "GET /?i=bricomart-alargadera-marsella-laton-1-1-2-hembra-macho-roscar-roscar-30325055 HTTP/1.1" 200 144405 "-" "meta-externalagent/1.1 (+https://developers.facebook.com/docs/sharing/webmasters/crawler)"
57.141.2.44 - - [10/Mar/2026:18:13:01 +0600] "GET /?i=hugo-boss-blusa-en-mezcla-de-seda-con-estampado-de-temporada-38118855 HTTP/1.1" 200 142884 "-" "meta-externalagent/1.1 (+https://developers.facebook.com/docs/sharing/webmasters/crawler)"
57.141.2.17 - - [10/Mar/2026:18:13:01 +0600] "GET /?i=alpe-alpe-leyna-524355 HTTP/1.1" 200 138750 "-" "meta-externalagent/1.1 (+https://developers.facebook.com/docs/sharing/webmasters/crawler)"
216.73.216.20 - - [10/Mar/2026:18:13:01 +0600] "GET /246880958.htm HTTP/1.1" 404 35756 "-" "Mozilla/5.0 AppleWebKit/537.36 (KHTML, like Gecko; compatible; ClaudeBot/1.0; +claudebot@anthropic.com)"
216.73.216.20 - - [10/Mar/2026:18:13:02 +0600] "GET /67086848.htm HTTP/1.1" 404 35756 "-" "Mozilla/5.0 AppleWebKit/537.36 (KHTML, like Gecko; compatible; ClaudeBot/1.0; +claudebot@anthropic.com)"
57.141.2.20 - - [10/Mar/2026:18:13:02 +0600] "GET /?i=goods-21232058 HTTP/1.1" 200 141701 "-" "meta-externalagent/1.1 (+https://developers.facebook.com/docs/sharing/webmasters/crawler)"
57.141.2.11 - - [10/Mar/2026:18:13:02 +0600] "GET /?i=ikea-omar-estanteria-galvanizado-92x36x94-cm-23946955 HTTP/1.1" 200 141531 "-" "meta-externalagent/1.1 (+https://developers.facebook.com/docs/sharing/webmasters/crawler)"
57.141.2.67 - - [10/Mar/2026:18:13:03 +0600] "GET /?i=bricomart-electrovalvula-9v-d-2400-dc-irritrol-30393055 HTTP/1.1" 200 143897 "-" "meta-externalagent/1.1 (+https://developers.facebook.com/docs/sharing/webmasters/crawler)"
216.73.216.20 - - [10/Mar/2026:18:13:03 +0600] "GET /409092488.htm HTTP/1.1" 404 35756 "-" "Mozilla/5.0 AppleWebKit/537.36 (KHTML, like Gecko; compatible; ClaudeBot/1.0; +claudebot@anthropic.com)"
74.7.227.10 - - [10/Mar/2026:18:13:03 +0600] "GET /300346027.phtml HTTP/1.1" 404 36192 "https://www.inprosysltd.com/sitemap-18.xml" "Mozilla/5.0 AppleWebKit/537.36 (KHTML, like Gecko; compatible; GPTBot/1.3; +https://openai.com/gptbot)"
57.141.2.14 - - [10/Mar/2026:18:13:03 +0600] "GET /?i=conforama-cuadro-dkd-home-decor-60-x-2-5-x-80-cm-60-x-2-5-x-80-cm-ve-29381855 HTTP/1.1" 200 143506 "-" "meta-externalagent/1.1 (+https://developers.facebook.com/docs/sharing/webmasters/crawler)"
216.73.216.20 - - [10/Mar/2026:18:13:04 +0600] "GET /344859620.htm HTTP/1.1" 404 35756 "-" "Mozilla/5.0 AppleWebKit/537.36 (KHTML, like Gecko; compatible; ClaudeBot/1.0; +claudebot@anthropic.com)"
57.141.2.7 - - [10/Mar/2026:18:13:04 +0600] "GET /?i=alcampo-alce-nero-salsa-de-tomate-ecologica-con-seitan-de-espelta-20-24615155 HTTP/1.1" 200 142882 "-" "meta-externalagent/1.1 (+https://developers.facebook.com/docs/sharing/webmasters/crawler)"
57.141.2.58 - - [10/Mar/2026:18:13:04 +0600] "GET /?i=alcampo-sanicentro-limpiador-clorado-desinfectante-con-lejia-cocinas-25362155 HTTP/1.1" 200 143172 "-" "meta-externalagent/1.1 (+https://developers.facebook.com/docs/sharing/webmasters/crawler)"
57.141.2.12 - - [10/Mar/2026:18:13:05 +0600] "GET /?i=burberry-zapatillas-deportivas-neptune-en-punto-checkprecio-590-00-33171655 HTTP/1.1" 200 145034 "-" "meta-externalagent/1.1 (+https://developers.facebook.com/docs/sharing/webmasters/crawler)"
216.73.216.20 - - [10/Mar/2026:18:13:05 +0600] "GET /257912246.htm HTTP/1.1" 404 35756 "-" "Mozilla/5.0 AppleWebKit/537.36 (KHTML, like Gecko; compatible; ClaudeBot/1.0; +claudebot@anthropic.com)"
57.141.2.48 - - [10/Mar/2026:18:13:05 +0600] "GET /?i=westwing-sofa-modular-de-mezcla-de-lino-lennon-4-plazas-31367055 HTTP/1.1" 200 143764 "-" "meta-externalagent/1.1 (+https://developers.facebook.com/docs/sharing/webmasters/crawler)"
