57.141.2.32 - - [10/Mar/2026:18:53:39 +0600] "GET /?i=wala-camisetas-manga-corta-dc-shoes-dc-star-fill-hss-21475355 HTTP/1.1" 200 142916 "-" "meta-externalagent/1.1 (+https://developers.facebook.com/docs/sharing/webmasters/crawler)"
216.73.216.20 - - [10/Mar/2026:18:53:38 +0600] "GET /121247258.htm HTTP/1.1" 404 35756 "-" "Mozilla/5.0 AppleWebKit/537.36 (KHTML, like Gecko; compatible; ClaudeBot/1.0; +claudebot@anthropic.com)"
216.73.216.20 - - [10/Mar/2026:18:53:39 +0600] "GET /116743082.htm HTTP/1.1" 404 35756 "-" "Mozilla/5.0 AppleWebKit/537.36 (KHTML, like Gecko; compatible; ClaudeBot/1.0; +claudebot@anthropic.com)"
57.141.2.30 - - [10/Mar/2026:18:53:40 +0600] "GET /?i=goods-95319554 HTTP/1.1" 200 143120 "-" "meta-externalagent/1.1 (+https://developers.facebook.com/docs/sharing/webmasters/crawler)"
216.73.216.20 - - [10/Mar/2026:18:53:39 +0600] "GET /387400238.htm HTTP/1.1" 404 35756 "-" "Mozilla/5.0 AppleWebKit/537.36 (KHTML, like Gecko; compatible; ClaudeBot/1.0; +claudebot@anthropic.com)"
57.141.2.2 - - [10/Mar/2026:18:53:40 +0600] "GET /?i=goods-146365854 HTTP/1.1" 200 143818 "-" "meta-externalagent/1.1 (+https://developers.facebook.com/docs/sharing/webmasters/crawler)"
216.73.216.20 - - [10/Mar/2026:18:53:40 +0600] "GET /176490560.htm HTTP/1.1" 404 35756 "-" "Mozilla/5.0 AppleWebKit/537.36 (KHTML, like Gecko; compatible; ClaudeBot/1.0; +claudebot@anthropic.com)"
216.73.216.20 - - [10/Mar/2026:18:53:41 +0600] "GET /520520624.htm HTTP/1.1" 404 35756 "-" "Mozilla/5.0 AppleWebKit/537.36 (KHTML, like Gecko; compatible; ClaudeBot/1.0; +claudebot@anthropic.com)"
57.141.2.14 - - [10/Mar/2026:18:53:41 +0600] "GET /?i=goods-37868054 HTTP/1.1" 200 140739 "-" "meta-externalagent/1.1 (+https://developers.facebook.com/docs/sharing/webmasters/crawler)"
57.141.2.13 - - [10/Mar/2026:18:53:41 +0600] "GET /?i=goods-144401054 HTTP/1.1" 200 141384 "-" "meta-externalagent/1.1 (+https://developers.facebook.com/docs/sharing/webmasters/crawler)"
57.141.2.52 - - [10/Mar/2026:18:53:42 +0600] "GET /?i=tiamia-conjunto-3-piezas-peto-cuadros-recien-nacido-18468655 HTTP/1.1" 200 139765 "-" "meta-externalagent/1.1 (+https://developers.facebook.com/docs/sharing/webmasters/crawler)"
216.73.216.20 - - [10/Mar/2026:18:53:41 +0600] "GET /26157734.htm HTTP/1.1" 404 35756 "-" "Mozilla/5.0 AppleWebKit/537.36 (KHTML, like Gecko; compatible; ClaudeBot/1.0; +claudebot@anthropic.com)"
216.73.216.20 - - [10/Mar/2026:18:53:41 +0600] "GET /215015810.htm HTTP/1.1" 404 35756 "-" "Mozilla/5.0 AppleWebKit/537.36 (KHTML, like Gecko; compatible; ClaudeBot/1.0; +claudebot@anthropic.com)"
216.73.216.20 - - [10/Mar/2026:18:53:41 +0600] "GET /373907798.htm HTTP/1.1" 404 35756 "-" "Mozilla/5.0 AppleWebKit/537.36 (KHTML, like Gecko; compatible; ClaudeBot/1.0; +claudebot@anthropic.com)"
57.141.2.52 - - [10/Mar/2026:18:53:42 +0600] "GET /?i=goods-46263654 HTTP/1.1" 200 140700 "-" "meta-externalagent/1.1 (+https://developers.facebook.com/docs/sharing/webmasters/crawler)"
57.141.2.50 - - [10/Mar/2026:18:53:43 +0600] "GET /?i=goods-142331054 HTTP/1.1" 200 144163 "-" "meta-externalagent/1.1 (+https://developers.facebook.com/docs/sharing/webmasters/crawler)"
57.141.2.58 - - [10/Mar/2026:18:53:43 +0600] "GET /?i=goods-52062154 HTTP/1.1" 200 140412 "-" "meta-externalagent/1.1 (+https://developers.facebook.com/docs/sharing/webmasters/crawler)"
57.141.2.67 - - [10/Mar/2026:18:53:44 +0600] "GET /?i=maisons-du-monde-songe-cielo-de-cama-infantil-blanco-y-gris-31204755 HTTP/1.1" 200 143036 "-" "meta-externalagent/1.1 (+https://developers.facebook.com/docs/sharing/webmasters/crawler)"
57.141.2.69 - - [10/Mar/2026:18:53:44 +0600] "GET /?i=tiffany-co-tiffany-soleste-colgante-32857255 HTTP/1.1" 200 140372 "-" "meta-externalagent/1.1 (+https://developers.facebook.com/docs/sharing/webmasters/crawler)"
57.141.2.64 - - [10/Mar/2026:18:53:45 +0600] "GET /?i=alcampo-pechos-cocidos-24322155 HTTP/1.1" 200 141226 "-" "meta-externalagent/1.1 (+https://developers.facebook.com/docs/sharing/webmasters/crawler)"
57.141.2.56 - - [10/Mar/2026:18:53:45 +0600] "GET /?i=alcampo-bacalada-salada-entero-24334655 HTTP/1.1" 200 141300 "-" "meta-externalagent/1.1 (+https://developers.facebook.com/docs/sharing/webmasters/crawler)"
57.141.2.67 - - [10/Mar/2026:18:53:46 +0600] "GET /?i=goods-148343254 HTTP/1.1" 200 145081 "-" "meta-externalagent/1.1 (+https://developers.facebook.com/docs/sharing/webmasters/crawler)"
57.141.2.32 - - [10/Mar/2026:18:53:46 +0600] "GET /?i=delfy-blemish-control-antimanchas-5195555 HTTP/1.1" 200 141353 "-" "meta-externalagent/1.1 (+https://developers.facebook.com/docs/sharing/webmasters/crawler)"
57.141.2.3 - - [10/Mar/2026:18:53:47 +0600] "GET /?i=goods-61147854 HTTP/1.1" 200 143042 "-" "meta-externalagent/1.1 (+https://developers.facebook.com/docs/sharing/webmasters/crawler)"
57.141.2.67 - - [10/Mar/2026:18:53:47 +0600] "GET /?i=in-side-skort-cruzada-9128155 HTTP/1.1" 200 139356 "-" "meta-externalagent/1.1 (+https://developers.facebook.com/docs/sharing/webmasters/crawler)"
57.141.2.30 - - [10/Mar/2026:18:53:48 +0600] "GET /?i=alcampo-bacalao-mostrador-entero-limpio-24334255 HTTP/1.1" 200 141676 "-" "meta-externalagent/1.1 (+https://developers.facebook.com/docs/sharing/webmasters/crawler)"
57.141.2.65 - - [10/Mar/2026:18:53:48 +0600] "GET /?i=crocs-zuecos-de-ninos-classic-batmobile-t-39200955 HTTP/1.1" 200 140894 "-" "meta-externalagent/1.1 (+https://developers.facebook.com/docs/sharing/webmasters/crawler)"
57.141.2.4 - - [10/Mar/2026:18:53:48 +0600] "GET /?i=goods-125227154 HTTP/1.1" 200 146674 "-" "meta-externalagent/1.1 (+https://developers.facebook.com/docs/sharing/webmasters/crawler)"
57.141.2.14 - - [10/Mar/2026:18:53:49 +0600] "GET /?i=goods-89223254 HTTP/1.1" 200 148857 "-" "meta-externalagent/1.1 (+https://developers.facebook.com/docs/sharing/webmasters/crawler)"
57.141.2.67 - - [10/Mar/2026:18:53:50 +0600] "GET /?i=luanvi-balon-molten-v5m5000-balones-deportivos-online-11446555 HTTP/1.1" 200 141573 "-" "meta-externalagent/1.1 (+https://developers.facebook.com/docs/sharing/webmasters/crawler)"
57.141.2.57 - - [10/Mar/2026:18:53:50 +0600] "GET /?i=goods-70733754 HTTP/1.1" 200 143144 "-" "meta-externalagent/1.1 (+https://developers.facebook.com/docs/sharing/webmasters/crawler)"
57.141.2.17 - - [10/Mar/2026:18:53:51 +0600] "GET /?i=goods-43090954 HTTP/1.1" 200 144066 "-" "meta-externalagent/1.1 (+https://developers.facebook.com/docs/sharing/webmasters/crawler)"
57.141.2.53 - - [10/Mar/2026:18:53:51 +0600] "GET /?i=goods-5158154 HTTP/1.1" 200 143486 "-" "meta-externalagent/1.1 (+https://developers.facebook.com/docs/sharing/webmasters/crawler)"
57.141.2.10 - - [10/Mar/2026:18:53:52 +0600] "GET /?i=goods-58952054 HTTP/1.1" 200 143035 "-" "meta-externalagent/1.1 (+https://developers.facebook.com/docs/sharing/webmasters/crawler)"
57.141.2.3 - - [10/Mar/2026:18:53:52 +0600] "GET /?i=goods-73441354 HTTP/1.1" 200 142172 "-" "meta-externalagent/1.1 (+https://developers.facebook.com/docs/sharing/webmasters/crawler)"
57.141.2.67 - - [10/Mar/2026:18:53:53 +0600] "GET /?i=wala-banadores-speedo-boys-plastisol-placement-aquashort-20478155 HTTP/1.1" 200 143494 "-" "meta-externalagent/1.1 (+https://developers.facebook.com/docs/sharing/webmasters/crawler)"
57.141.2.39 - - [10/Mar/2026:18:53:53 +0600] "GET /?i=sinned-x-about-you-jumpsuit-s-oliver-en-rojo-15642455 HTTP/1.1" 200 140754 "-" "meta-externalagent/1.1 (+https://developers.facebook.com/docs/sharing/webmasters/crawler)"
57.141.2.59 - - [10/Mar/2026:18:53:54 +0600] "GET /?i=goods-126737454 HTTP/1.1" 200 142565 "-" "meta-externalagent/1.1 (+https://developers.facebook.com/docs/sharing/webmasters/crawler)"
57.141.2.67 - - [10/Mar/2026:18:53:54 +0600] "GET /?i=wala-camisetas-manga-corta-nike-m-nk-df-tee-rlgd-oc-verb-21096255 HTTP/1.1" 200 142589 "-" "meta-externalagent/1.1 (+https://developers.facebook.com/docs/sharing/webmasters/crawler)"
57.141.2.33 - - [10/Mar/2026:18:53:55 +0600] "GET /?i=goods-77607354 HTTP/1.1" 200 140598 "-" "meta-externalagent/1.1 (+https://developers.facebook.com/docs/sharing/webmasters/crawler)"
57.141.2.11 - - [10/Mar/2026:18:53:55 +0600] "GET /?i=goods-114359354 HTTP/1.1" 200 142141 "-" "meta-externalagent/1.1 (+https://developers.facebook.com/docs/sharing/webmasters/crawler)"
57.141.2.67 - - [10/Mar/2026:18:53:56 +0600] "GET /?i=cortefiel-camiseta-de-manga-corta-3251155 HTTP/1.1" 200 141169 "-" "meta-externalagent/1.1 (+https://developers.facebook.com/docs/sharing/webmasters/crawler)"
57.141.2.52 - - [10/Mar/2026:18:53:56 +0600] "GET /?i=nacnic-lamina-vintage-de-francia-italia-y-usa-12625455 HTTP/1.1" 200 142529 "-" "meta-externalagent/1.1 (+https://developers.facebook.com/docs/sharing/webmasters/crawler)"
74.7.227.10 - - [10/Mar/2026:18:53:56 +0600] "GET /97997309.phtml HTTP/1.1" 404 36192 "https://www.inprosysltd.com/sitemap-18.xml" "Mozilla/5.0 AppleWebKit/537.36 (KHTML, like Gecko; compatible; GPTBot/1.3; +https://openai.com/gptbot)"
57.141.2.27 - - [10/Mar/2026:18:53:57 +0600] "GET /?i=goods-209446058 HTTP/1.1" 200 142623 "-" "meta-externalagent/1.1 (+https://developers.facebook.com/docs/sharing/webmasters/crawler)"
57.141.2.38 - - [10/Mar/2026:18:53:57 +0600] "GET /?i=goods-32012954 HTTP/1.1" 200 140392 "-" "meta-externalagent/1.1 (+https://developers.facebook.com/docs/sharing/webmasters/crawler)"
57.141.2.28 - - [10/Mar/2026:18:53:58 +0600] "GET /?i=alma-en-pena-sneaker-con-detalle-379055 HTTP/1.1" 200 140729 "-" "meta-externalagent/1.1 (+https://developers.facebook.com/docs/sharing/webmasters/crawler)"
57.141.2.67 - - [10/Mar/2026:18:53:58 +0600] "GET /?i=goods-127138254 HTTP/1.1" 200 143354 "-" "meta-externalagent/1.1 (+https://developers.facebook.com/docs/sharing/webmasters/crawler)"
57.141.2.42 - - [10/Mar/2026:18:53:59 +0600] "GET /?i=goods-142500654 HTTP/1.1" 200 145960 "-" "meta-externalagent/1.1 (+https://developers.facebook.com/docs/sharing/webmasters/crawler)"
57.141.2.2 - - [10/Mar/2026:18:53:59 +0600] "GET /?i=goods-56145754 HTTP/1.1" 200 142888 "-" "meta-externalagent/1.1 (+https://developers.facebook.com/docs/sharing/webmasters/crawler)"
57.141.2.14 - - [10/Mar/2026:18:54:00 +0600] "GET /?i=goods-98827154 HTTP/1.1" 200 143102 "-" "meta-externalagent/1.1 (+https://developers.facebook.com/docs/sharing/webmasters/crawler)"
57.141.2.60 - - [10/Mar/2026:18:54:00 +0600] "GET /?i=goods-53833254 HTTP/1.1" 200 142927 "-" "meta-externalagent/1.1 (+https://developers.facebook.com/docs/sharing/webmasters/crawler)"
57.141.2.22 - - [10/Mar/2026:18:54:01 +0600] "GET /?i=hoff-sneakers-de-mujer-paris-ii-by-hoff-8772855 HTTP/1.1" 200 140131 "-" "meta-externalagent/1.1 (+https://developers.facebook.com/docs/sharing/webmasters/crawler)"
57.141.2.54 - - [10/Mar/2026:18:54:01 +0600] "GET /?i=goods-73777254 HTTP/1.1" 200 143052 "-" "meta-externalagent/1.1 (+https://developers.facebook.com/docs/sharing/webmasters/crawler)"
57.141.2.61 - - [10/Mar/2026:18:54:02 +0600] "GET /?i=chie-mihara-lunares-black-2841755 HTTP/1.1" 200 139257 "-" "meta-externalagent/1.1 (+https://developers.facebook.com/docs/sharing/webmasters/crawler)"
57.141.2.69 - - [10/Mar/2026:18:54:02 +0600] "GET /?i=goods-64893054 HTTP/1.1" 200 141885 "-" "meta-externalagent/1.1 (+https://developers.facebook.com/docs/sharing/webmasters/crawler)"
57.141.2.2 - - [10/Mar/2026:18:54:03 +0600] "GET /?i=goods-73206254 HTTP/1.1" 200 144820 "-" "meta-externalagent/1.1 (+https://developers.facebook.com/docs/sharing/webmasters/crawler)"
57.141.2.10 - - [10/Mar/2026:18:54:03 +0600] "GET /?i=goods-207843658 HTTP/1.1" 200 142068 "-" "meta-externalagent/1.1 (+https://developers.facebook.com/docs/sharing/webmasters/crawler)"
57.141.2.13 - - [10/Mar/2026:18:54:04 +0600] "GET /?i=goods-124773654 HTTP/1.1" 200 144536 "-" "meta-externalagent/1.1 (+https://developers.facebook.com/docs/sharing/webmasters/crawler)"
57.141.2.67 - - [10/Mar/2026:18:54:04 +0600] "GET /?i=goods-93890154 HTTP/1.1" 200 142844 "-" "meta-externalagent/1.1 (+https://developers.facebook.com/docs/sharing/webmasters/crawler)"
57.141.2.2 - - [10/Mar/2026:18:54:05 +0600] "GET /?i=goods-88753854 HTTP/1.1" 200 141515 "-" "meta-externalagent/1.1 (+https://developers.facebook.com/docs/sharing/webmasters/crawler)"
57.141.2.17 - - [10/Mar/2026:18:54:05 +0600] "GET /?i=conforama-mesa-extensible-de-jardin-dago-gris-27898855 HTTP/1.1" 200 142455 "-" "meta-externalagent/1.1 (+https://developers.facebook.com/docs/sharing/webmasters/crawler)"
57.141.2.49 - - [10/Mar/2026:18:54:06 +0600] "GET /?i=goods-136964754 HTTP/1.1" 200 144660 "-" "meta-externalagent/1.1 (+https://developers.facebook.com/docs/sharing/webmasters/crawler)"
57.141.2.67 - - [10/Mar/2026:18:54:06 +0600] "GET /?i=goods-75115654 HTTP/1.1" 200 140558 "-" "meta-externalagent/1.1 (+https://developers.facebook.com/docs/sharing/webmasters/crawler)"
57.141.2.3 - - [10/Mar/2026:18:54:07 +0600] "GET /?i=goods-129436454 HTTP/1.1" 200 143628 "-" "meta-externalagent/1.1 (+https://developers.facebook.com/docs/sharing/webmasters/crawler)"
57.141.2.61 - - [10/Mar/2026:18:54:07 +0600] "GET /?i=alcampo-antioqueno-aguardiente-de-colomibia-sin-azucar-antioqueno-bo-25281055 HTTP/1.1" 200 143299 "-" "meta-externalagent/1.1 (+https://developers.facebook.com/docs/sharing/webmasters/crawler)"
57.141.2.44 - - [10/Mar/2026:18:54:08 +0600] "GET /?i=dessata-color-gel-polish-dnka-12-ml-0117-5256355 HTTP/1.1" 200 147360 "-" "meta-externalagent/1.1 (+https://developers.facebook.com/docs/sharing/webmasters/crawler)"
57.141.2.23 - - [10/Mar/2026:18:54:08 +0600] "GET /?i=arual-curly-extreme-activador-rizos-880455 HTTP/1.1" 200 139981 "-" "meta-externalagent/1.1 (+https://developers.facebook.com/docs/sharing/webmasters/crawler)"
57.141.2.18 - - [10/Mar/2026:18:54:09 +0600] "GET /?i=goods-16357654 HTTP/1.1" 200 144118 "-" "meta-externalagent/1.1 (+https://developers.facebook.com/docs/sharing/webmasters/crawler)"
57.141.2.49 - - [10/Mar/2026:18:54:09 +0600] "GET /?i=goods-63668654 HTTP/1.1" 200 141687 "-" "meta-externalagent/1.1 (+https://developers.facebook.com/docs/sharing/webmasters/crawler)"
57.141.2.21 - - [10/Mar/2026:18:54:10 +0600] "GET /?i=goods-88135654 HTTP/1.1" 200 142888 "-" "meta-externalagent/1.1 (+https://developers.facebook.com/docs/sharing/webmasters/crawler)"
57.141.2.67 - - [10/Mar/2026:18:54:10 +0600] "GET /?i=goods-59186454 HTTP/1.1" 200 141533 "-" "meta-externalagent/1.1 (+https://developers.facebook.com/docs/sharing/webmasters/crawler)"
216.73.216.20 - - [10/Mar/2026:18:54:10 +0600] "GET /285670886.htm HTTP/1.1" 404 35756 "-" "Mozilla/5.0 AppleWebKit/537.36 (KHTML, like Gecko; compatible; ClaudeBot/1.0; +claudebot@anthropic.com)"
216.73.216.20 - - [10/Mar/2026:18:54:10 +0600] "GET /310361084.htm HTTP/1.1" 404 35756 "-" "Mozilla/5.0 AppleWebKit/537.36 (KHTML, like Gecko; compatible; ClaudeBot/1.0; +claudebot@anthropic.com)"
57.141.2.47 - - [10/Mar/2026:18:54:11 +0600] "GET /?i=goods-67187658 HTTP/1.1" 200 143948 "-" "meta-externalagent/1.1 (+https://developers.facebook.com/docs/sharing/webmasters/crawler)"
216.73.216.20 - - [10/Mar/2026:18:54:10 +0600] "GET /422986688.htm HTTP/1.1" 404 35756 "-" "Mozilla/5.0 AppleWebKit/537.36 (KHTML, like Gecko; compatible; ClaudeBot/1.0; +claudebot@anthropic.com)"
216.73.216.20 - - [10/Mar/2026:18:54:10 +0600] "GET /372917906.htm HTTP/1.1" 404 35756 "-" "Mozilla/5.0 AppleWebKit/537.36 (KHTML, like Gecko; compatible; ClaudeBot/1.0; +claudebot@anthropic.com)"
57.141.2.7 - - [10/Mar/2026:18:54:11 +0600] "GET /?i=new-rock-m-nrsglasses1-s1-13026455 HTTP/1.1" 200 139023 "-" "meta-externalagent/1.1 (+https://developers.facebook.com/docs/sharing/webmasters/crawler)"
216.73.216.20 - - [10/Mar/2026:18:54:10 +0600] "GET /132747080.htm HTTP/1.1" 404 35756 "-" "Mozilla/5.0 AppleWebKit/537.36 (KHTML, like Gecko; compatible; ClaudeBot/1.0; +claudebot@anthropic.com)"
216.73.216.20 - - [10/Mar/2026:18:54:10 +0600] "GET /50384048.htm HTTP/1.1" 404 35756 "-" "Mozilla/5.0 AppleWebKit/537.36 (KHTML, like Gecko; compatible; ClaudeBot/1.0; +claudebot@anthropic.com)"
57.141.2.67 - - [10/Mar/2026:18:54:12 +0600] "GET /?i=hugo-boss-montura-para-gafas-graduadas-de-acetato-gris-con-terminale-38062555 HTTP/1.1" 200 142692 "-" "meta-externalagent/1.1 (+https://developers.facebook.com/docs/sharing/webmasters/crawler)"
57.141.2.1 - - [10/Mar/2026:18:54:12 +0600] "GET /?i=goods-129831654 HTTP/1.1" 200 142131 "-" "meta-externalagent/1.1 (+https://developers.facebook.com/docs/sharing/webmasters/crawler)"
57.141.2.9 - - [10/Mar/2026:18:54:13 +0600] "GET /?i=garcia-de-pou-bandejas-productos-acogida-23x11-5-cm-blanco-ps-10-uni-7981955 HTTP/1.1" 200 142434 "-" "meta-externalagent/1.1 (+https://developers.facebook.com/docs/sharing/webmasters/crawler)"
216.73.216.20 - - [10/Mar/2026:18:54:12 +0600] "GET /341061128.htm HTTP/1.1" 404 35756 "-" "Mozilla/5.0 AppleWebKit/537.36 (KHTML, like Gecko; compatible; ClaudeBot/1.0; +claudebot@anthropic.com)"
216.73.216.20 - - [10/Mar/2026:18:54:12 +0600] "GET /216381794.htm HTTP/1.1" 404 35756 "-" "Mozilla/5.0 AppleWebKit/537.36 (KHTML, like Gecko; compatible; ClaudeBot/1.0; +claudebot@anthropic.com)"
216.73.216.20 - - [10/Mar/2026:18:54:13 +0600] "GET /133612724.htm HTTP/1.1" 404 35756 "-" "Mozilla/5.0 AppleWebKit/537.36 (KHTML, like Gecko; compatible; ClaudeBot/1.0; +claudebot@anthropic.com)"
57.141.2.24 - - [10/Mar/2026:18:54:14 +0600] "GET /?i=edmmond-studios-slime-black-5649455 HTTP/1.1" 200 139688 "-" "meta-externalagent/1.1 (+https://developers.facebook.com/docs/sharing/webmasters/crawler)"
216.73.216.20 - - [10/Mar/2026:18:54:13 +0600] "GET /318354434.htm HTTP/1.1" 404 35756 "-" "Mozilla/5.0 AppleWebKit/537.36 (KHTML, like Gecko; compatible; ClaudeBot/1.0; +claudebot@anthropic.com)"
57.141.2.67 - - [10/Mar/2026:18:54:13 +0600] "GET /?i=goods-21525954 HTTP/1.1" 200 142793 "-" "meta-externalagent/1.1 (+https://developers.facebook.com/docs/sharing/webmasters/crawler)"
216.73.216.20 - - [10/Mar/2026:18:54:13 +0600] "GET /384009272.htm HTTP/1.1" 404 35756 "-" "Mozilla/5.0 AppleWebKit/537.36 (KHTML, like Gecko; compatible; ClaudeBot/1.0; +claudebot@anthropic.com)"
216.73.216.20 - - [10/Mar/2026:18:54:13 +0600] "GET /132527228.htm HTTP/1.1" 404 35756 "-" "Mozilla/5.0 AppleWebKit/537.36 (KHTML, like Gecko; compatible; ClaudeBot/1.0; +claudebot@anthropic.com)"
57.141.2.24 - - [10/Mar/2026:18:54:14 +0600] "GET /?i=edmmond-studios-out-of-the-path-shirt-light-blue-5650255 HTTP/1.1" 200 140750 "-" "meta-externalagent/1.1 (+https://developers.facebook.com/docs/sharing/webmasters/crawler)"
57.141.2.60 - - [10/Mar/2026:18:54:15 +0600] "GET /?i=goods-34263354 HTTP/1.1" 200 140935 "-" "meta-externalagent/1.1 (+https://developers.facebook.com/docs/sharing/webmasters/crawler)"
57.141.2.52 - - [10/Mar/2026:18:54:15 +0600] "GET /?i=goods-136712254 HTTP/1.1" 200 142291 "-" "meta-externalagent/1.1 (+https://developers.facebook.com/docs/sharing/webmasters/crawler)"
57.141.2.52 - - [10/Mar/2026:18:54:16 +0600] "GET /?i=goods-63826754 HTTP/1.1" 200 141845 "-" "meta-externalagent/1.1 (+https://developers.facebook.com/docs/sharing/webmasters/crawler)"
216.73.216.20 - - [10/Mar/2026:18:54:15 +0600] "GET /509705468.htm HTTP/1.1" 404 35756 "-" "Mozilla/5.0 AppleWebKit/537.36 (KHTML, like Gecko; compatible; ClaudeBot/1.0; +claudebot@anthropic.com)"
216.73.216.20 - - [10/Mar/2026:18:54:15 +0600] "GET /130518428.htm HTTP/1.1" 404 35756 "-" "Mozilla/5.0 AppleWebKit/537.36 (KHTML, like Gecko; compatible; ClaudeBot/1.0; +claudebot@anthropic.com)"
57.141.2.18 - - [10/Mar/2026:18:54:16 +0600] "GET /?i=alcampo-dr-oetker-pizza-4-quesos-de-masa-fina-horneada-directamente-25042755 HTTP/1.1" 200 144008 "-" "meta-externalagent/1.1 (+https://developers.facebook.com/docs/sharing/webmasters/crawler)"
216.73.216.20 - - [10/Mar/2026:18:54:16 +0600] "GET /252086354.htm HTTP/1.1" 404 35756 "-" "Mozilla/5.0 AppleWebKit/537.36 (KHTML, like Gecko; compatible; ClaudeBot/1.0; +claudebot@anthropic.com)"
216.73.216.20 - - [10/Mar/2026:18:54:15 +0600] "GET /509112872.htm HTTP/1.1" 404 35756 "-" "Mozilla/5.0 AppleWebKit/537.36 (KHTML, like Gecko; compatible; ClaudeBot/1.0; +claudebot@anthropic.com)"
216.73.216.20 - - [10/Mar/2026:18:54:16 +0600] "GET /512831198.htm HTTP/1.1" 404 35756 "-" "Mozilla/5.0 AppleWebKit/537.36 (KHTML, like Gecko; compatible; ClaudeBot/1.0; +claudebot@anthropic.com)"
216.73.216.20 - - [10/Mar/2026:18:54:15 +0600] "GET /541390010.htm HTTP/1.1" 404 35756 "-" "Mozilla/5.0 AppleWebKit/537.36 (KHTML, like Gecko; compatible; ClaudeBot/1.0; +claudebot@anthropic.com)"
57.141.2.67 - - [10/Mar/2026:18:54:17 +0600] "GET /?i=goods-109574554 HTTP/1.1" 200 143319 "-" "meta-externalagent/1.1 (+https://developers.facebook.com/docs/sharing/webmasters/crawler)"
57.141.2.32 - - [10/Mar/2026:18:54:17 +0600] "GET /?i=carmela-bolso-de-mujer-carmela-18608603-2197355 HTTP/1.1" 200 140999 "-" "meta-externalagent/1.1 (+https://developers.facebook.com/docs/sharing/webmasters/crawler)"
66.249.71.204 - - [10/Mar/2026:18:54:18 +0600] "GET /?i=barbara-bui-tee-shirt-en-jersey-de-coton-bord-roulotte-2534256 HTTP/1.1" 200 140973 "-" "Mozilla/5.0 (Linux; Android 6.0.1; Nexus 5X Build/MMB29P) AppleWebKit/537.36 (KHTML, like Gecko) Chrome/145.0.7632.116 Mobile Safari/537.36 (compatible; Googlebot/2.1; +http://www.google.com/bot.html)"
57.141.2.18 - - [10/Mar/2026:18:54:18 +0600] "GET /?i=goods-56431254 HTTP/1.1" 200 142752 "-" "meta-externalagent/1.1 (+https://developers.facebook.com/docs/sharing/webmasters/crawler)"
57.141.2.33 - - [10/Mar/2026:18:54:18 +0600] "GET /?i=goods-92704458 HTTP/1.1" 200 141691 "-" "meta-externalagent/1.1 (+https://developers.facebook.com/docs/sharing/webmasters/crawler)"
216.73.216.20 - - [10/Mar/2026:18:54:17 +0600] "GET /248111348.htm HTTP/1.1" 404 35756 "-" "Mozilla/5.0 AppleWebKit/537.36 (KHTML, like Gecko; compatible; ClaudeBot/1.0; +claudebot@anthropic.com)"
216.73.216.20 - - [10/Mar/2026:18:54:18 +0600] "GET /217571078.htm HTTP/1.1" 404 35756 "-" "Mozilla/5.0 AppleWebKit/537.36 (KHTML, like Gecko; compatible; ClaudeBot/1.0; +claudebot@anthropic.com)"
57.141.2.29 - - [10/Mar/2026:18:54:19 +0600] "GET /?i=ikea-skytta-hokksund-puerta-corredera-combi-negro-al-br-gr-cl-226x24-23943055 HTTP/1.1" 200 142773 "-" "meta-externalagent/1.1 (+https://developers.facebook.com/docs/sharing/webmasters/crawler)"
216.73.216.20 - - [10/Mar/2026:18:54:18 +0600] "GET /310814180.htm HTTP/1.1" 404 35756 "-" "Mozilla/5.0 AppleWebKit/537.36 (KHTML, like Gecko; compatible; ClaudeBot/1.0; +claudebot@anthropic.com)"
57.141.2.10 - - [10/Mar/2026:18:54:19 +0600] "GET /?i=goods-7595954 HTTP/1.1" 200 141315 "-" "meta-externalagent/1.1 (+https://developers.facebook.com/docs/sharing/webmasters/crawler)"
216.73.216.20 - - [10/Mar/2026:18:54:19 +0600] "GET /141773474.htm HTTP/1.1" 404 35756 "-" "Mozilla/5.0 AppleWebKit/537.36 (KHTML, like Gecko; compatible; ClaudeBot/1.0; +claudebot@anthropic.com)"
216.73.216.20 - - [10/Mar/2026:18:54:18 +0600] "GET /168078524.htm HTTP/1.1" 404 35756 "-" "Mozilla/5.0 AppleWebKit/537.36 (KHTML, like Gecko; compatible; ClaudeBot/1.0; +claudebot@anthropic.com)"
216.73.216.20 - - [10/Mar/2026:18:54:18 +0600] "GET /539154662.htm HTTP/1.1" 404 35756 "-" "Mozilla/5.0 AppleWebKit/537.36 (KHTML, like Gecko; compatible; ClaudeBot/1.0; +claudebot@anthropic.com)"
57.141.2.39 - - [10/Mar/2026:18:54:20 +0600] "GET /?i=westwing-portaesponjas-galia-3-pzas-32583155 HTTP/1.1" 200 142506 "-" "meta-externalagent/1.1 (+https://developers.facebook.com/docs/sharing/webmasters/crawler)"
216.73.216.20 - - [10/Mar/2026:18:54:20 +0600] "GET /275006018.htm HTTP/1.1" 404 35756 "-" "Mozilla/5.0 AppleWebKit/537.36 (KHTML, like Gecko; compatible; ClaudeBot/1.0; +claudebot@anthropic.com)"
57.141.2.71 - - [10/Mar/2026:18:54:20 +0600] "GET /?i=goods-23139558 HTTP/1.1" 200 145386 "-" "meta-externalagent/1.1 (+https://developers.facebook.com/docs/sharing/webmasters/crawler)"
57.141.2.22 - - [10/Mar/2026:18:54:21 +0600] "GET /?i=goods-144849954 HTTP/1.1" 200 141736 "-" "meta-externalagent/1.1 (+https://developers.facebook.com/docs/sharing/webmasters/crawler)"
216.73.216.20 - - [10/Mar/2026:18:54:20 +0600] "GET /265502534.htm HTTP/1.1" 404 35756 "-" "Mozilla/5.0 AppleWebKit/537.36 (KHTML, like Gecko; compatible; ClaudeBot/1.0; +claudebot@anthropic.com)"
57.141.2.50 - - [10/Mar/2026:18:54:21 +0600] "GET /?i=hannibal-laguna-look-38-flandes-vestido-de-fiesta-en-gasa-devore-con-8532555 HTTP/1.1" 200 142429 "-" "meta-externalagent/1.1 (+https://developers.facebook.com/docs/sharing/webmasters/crawler)"
216.73.216.20 - - [10/Mar/2026:18:54:21 +0600] "GET /171940814.htm HTTP/1.1" 404 35756 "-" "Mozilla/5.0 AppleWebKit/537.36 (KHTML, like Gecko; compatible; ClaudeBot/1.0; +claudebot@anthropic.com)"
57.141.2.32 - - [10/Mar/2026:18:54:22 +0600] "GET /?i=alcampo-actimel-leche-fermentada-con-lcasei-0-materia-grasa-y-sabor-24068655 HTTP/1.1" 200 144149 "-" "meta-externalagent/1.1 (+https://developers.facebook.com/docs/sharing/webmasters/crawler)"
216.73.216.20 - - [10/Mar/2026:18:54:21 +0600] "GET /539897360.htm HTTP/1.1" 404 35756 "-" "Mozilla/5.0 AppleWebKit/537.36 (KHTML, like Gecko; compatible; ClaudeBot/1.0; +claudebot@anthropic.com)"
57.141.2.42 - - [10/Mar/2026:18:54:22 +0600] "GET /?i=goods-16048054 HTTP/1.1" 200 143830 "-" "meta-externalagent/1.1 (+https://developers.facebook.com/docs/sharing/webmasters/crawler)"
216.73.216.20 - - [10/Mar/2026:18:54:21 +0600] "GET /138879314.htm HTTP/1.1" 404 35756 "-" "Mozilla/5.0 AppleWebKit/537.36 (KHTML, like Gecko; compatible; ClaudeBot/1.0; +claudebot@anthropic.com)"
57.141.2.11 - - [10/Mar/2026:18:54:23 +0600] "GET /?i=goods-145134254 HTTP/1.1" 200 141680 "-" "meta-externalagent/1.1 (+https://developers.facebook.com/docs/sharing/webmasters/crawler)"
216.73.216.20 - - [10/Mar/2026:18:54:22 +0600] "GET /295115966.htm HTTP/1.1" 404 35756 "-" "Mozilla/5.0 AppleWebKit/537.36 (KHTML, like Gecko; compatible; ClaudeBot/1.0; +claudebot@anthropic.com)"
216.73.216.20 - - [10/Mar/2026:18:54:22 +0600] "GET /515009630.htm HTTP/1.1" 404 35756 "-" "Mozilla/5.0 AppleWebKit/537.36 (KHTML, like Gecko; compatible; ClaudeBot/1.0; +claudebot@anthropic.com)"
74.7.242.57 - - [10/Mar/2026:18:54:22 +0600] "GET /221348738.htm HTTP/1.1" 404 35756 "https://inprosysltd.com/sitemap-6.xml" "Mozilla/5.0 AppleWebKit/537.36 (KHTML, like Gecko; compatible; GPTBot/1.3; +https://openai.com/gptbot)"
57.141.2.17 - - [10/Mar/2026:18:54:23 +0600] "GET /?i=goods-96536254 HTTP/1.1" 200 144232 "-" "meta-externalagent/1.1 (+https://developers.facebook.com/docs/sharing/webmasters/crawler)"
57.141.2.55 - - [10/Mar/2026:18:54:24 +0600] "GET /?i=hugo-boss-traje-slim-fit-de-pano-elastico-con-microestampado-37969155 HTTP/1.1" 200 142799 "-" "meta-externalagent/1.1 (+https://developers.facebook.com/docs/sharing/webmasters/crawler)"
216.73.216.20 - - [10/Mar/2026:18:54:23 +0600] "GET /518819468.htm HTTP/1.1" 404 35756 "-" "Mozilla/5.0 AppleWebKit/537.36 (KHTML, like Gecko; compatible; ClaudeBot/1.0; +claudebot@anthropic.com)"
57.141.2.60 - - [10/Mar/2026:18:54:24 +0600] "GET /?i=goods-34962354 HTTP/1.1" 200 142071 "-" "meta-externalagent/1.1 (+https://developers.facebook.com/docs/sharing/webmasters/crawler)"
216.73.216.20 - - [10/Mar/2026:18:54:23 +0600] "GET /260666720.htm HTTP/1.1" 404 35756 "-" "Mozilla/5.0 AppleWebKit/537.36 (KHTML, like Gecko; compatible; ClaudeBot/1.0; +claudebot@anthropic.com)"
57.141.2.54 - - [10/Mar/2026:18:54:25 +0600] "GET /?i=goods-50162354 HTTP/1.1" 200 142054 "-" "meta-externalagent/1.1 (+https://developers.facebook.com/docs/sharing/webmasters/crawler)"
216.73.216.20 - - [10/Mar/2026:18:54:24 +0600] "GET /220920008.htm HTTP/1.1" 404 35756 "-" "Mozilla/5.0 AppleWebKit/537.36 (KHTML, like Gecko; compatible; ClaudeBot/1.0; +claudebot@anthropic.com)"
57.141.2.63 - - [10/Mar/2026:18:54:25 +0600] "GET /?i=goods-98297758 HTTP/1.1" 200 142439 "-" "meta-externalagent/1.1 (+https://developers.facebook.com/docs/sharing/webmasters/crawler)"
216.73.216.20 - - [10/Mar/2026:18:54:24 +0600] "GET /245624156.htm HTTP/1.1" 404 35756 "-" "Mozilla/5.0 AppleWebKit/537.36 (KHTML, like Gecko; compatible; ClaudeBot/1.0; +claudebot@anthropic.com)"
216.73.216.20 - - [10/Mar/2026:18:54:25 +0600] "GET /553153952.htm HTTP/1.1" 404 35756 "-" "Mozilla/5.0 AppleWebKit/537.36 (KHTML, like Gecko; compatible; ClaudeBot/1.0; +claudebot@anthropic.com)"
216.73.216.20 - - [10/Mar/2026:18:54:25 +0600] "GET /252447194.htm HTTP/1.1" 404 35756 "-" "Mozilla/5.0 AppleWebKit/537.36 (KHTML, like Gecko; compatible; ClaudeBot/1.0; +claudebot@anthropic.com)"
57.141.2.2 - - [10/Mar/2026:18:54:26 +0600] "GET /?i=goods-73283954 HTTP/1.1" 200 144380 "-" "meta-externalagent/1.1 (+https://developers.facebook.com/docs/sharing/webmasters/crawler)"
216.73.216.20 - - [10/Mar/2026:18:54:26 +0600] "GET /28004900.htm HTTP/1.1" 404 35756 "-" "Mozilla/5.0 AppleWebKit/537.36 (KHTML, like Gecko; compatible; ClaudeBot/1.0; +claudebot@anthropic.com)"
57.141.2.37 - - [10/Mar/2026:18:54:26 +0600] "GET /?i=toni-pons-terra-nz-alpargata-vegana-en-rafia-multicolor-terra-nz-18797155 HTTP/1.1" 200 141655 "-" "meta-externalagent/1.1 (+https://developers.facebook.com/docs/sharing/webmasters/crawler)"
216.73.216.20 - - [10/Mar/2026:18:54:26 +0600] "GET /420240770.htm HTTP/1.1" 404 35756 "-" "Mozilla/5.0 AppleWebKit/537.36 (KHTML, like Gecko; compatible; ClaudeBot/1.0; +claudebot@anthropic.com)"
57.141.2.16 - - [10/Mar/2026:18:54:27 +0600] "GET /?i=westwing-manteles-individuales-asimetricos-de-cuero-curve-4-uds-32374655 HTTP/1.1" 200 143074 "-" "meta-externalagent/1.1 (+https://developers.facebook.com/docs/sharing/webmasters/crawler)"
216.73.216.20 - - [10/Mar/2026:18:54:27 +0600] "GET /131500508.htm HTTP/1.1" 404 35756 "-" "Mozilla/5.0 AppleWebKit/537.36 (KHTML, like Gecko; compatible; ClaudeBot/1.0; +claudebot@anthropic.com)"
57.141.2.63 - - [10/Mar/2026:18:54:27 +0600] "GET /?i=goods-126054154 HTTP/1.1" 200 141634 "-" "meta-externalagent/1.1 (+https://developers.facebook.com/docs/sharing/webmasters/crawler)"
216.73.216.20 - - [10/Mar/2026:18:54:27 +0600] "GET /500592770.htm HTTP/1.1" 404 35756 "-" "Mozilla/5.0 AppleWebKit/537.36 (KHTML, like Gecko; compatible; ClaudeBot/1.0; +claudebot@anthropic.com)"
57.141.2.26 - - [10/Mar/2026:18:54:28 +0600] "GET /?i=goods-141272054 HTTP/1.1" 200 148484 "-" "meta-externalagent/1.1 (+https://developers.facebook.com/docs/sharing/webmasters/crawler)"
216.73.216.20 - - [10/Mar/2026:18:54:27 +0600] "GET /104300054.htm HTTP/1.1" 404 35756 "-" "Mozilla/5.0 AppleWebKit/537.36 (KHTML, like Gecko; compatible; ClaudeBot/1.0; +claudebot@anthropic.com)"
57.141.2.67 - - [10/Mar/2026:18:54:28 +0600] "GET /?i=goods-144975454 HTTP/1.1" 200 143870 "-" "meta-externalagent/1.1 (+https://developers.facebook.com/docs/sharing/webmasters/crawler)"
216.73.216.20 - - [10/Mar/2026:18:54:27 +0600] "GET /81981542.htm HTTP/1.1" 404 35756 "-" "Mozilla/5.0 AppleWebKit/537.36 (KHTML, like Gecko; compatible; ClaudeBot/1.0; +claudebot@anthropic.com)"
57.141.2.44 - - [10/Mar/2026:18:54:29 +0600] "GET /?i=conforama-acomoda-textil-edredon-nordico-reversible-relleno-nordico-29398055 HTTP/1.1" 200 145560 "-" "meta-externalagent/1.1 (+https://developers.facebook.com/docs/sharing/webmasters/crawler)"
216.73.216.20 - - [10/Mar/2026:18:54:28 +0600] "GET /99300932.htm HTTP/1.1" 404 35756 "-" "Mozilla/5.0 AppleWebKit/537.36 (KHTML, like Gecko; compatible; ClaudeBot/1.0; +claudebot@anthropic.com)"
216.73.216.20 - - [10/Mar/2026:18:54:28 +0600] "GET /52184900.htm HTTP/1.1" 404 35756 "-" "Mozilla/5.0 AppleWebKit/537.36 (KHTML, like Gecko; compatible; ClaudeBot/1.0; +claudebot@anthropic.com)"
57.141.2.1 - - [10/Mar/2026:18:54:29 +0600] "GET /?i=goods-61303154 HTTP/1.1" 200 142153 "-" "meta-externalagent/1.1 (+https://developers.facebook.com/docs/sharing/webmasters/crawler)"
216.73.216.20 - - [10/Mar/2026:18:54:29 +0600] "GET /440261624.htm HTTP/1.1" 404 35756 "-" "Mozilla/5.0 AppleWebKit/537.36 (KHTML, like Gecko; compatible; ClaudeBot/1.0; +claudebot@anthropic.com)"
57.141.2.53 - - [10/Mar/2026:18:54:29 +0600] "GET /?i=mimub-polaris-renewable-energy-presenta-resultados-anuales-y-del-cua-35724355 HTTP/1.1" 200 146019 "-" "meta-externalagent/1.1 (+https://developers.facebook.com/docs/sharing/webmasters/crawler)"
216.73.216.20 - - [10/Mar/2026:18:54:30 +0600] "GET /204618782.htm HTTP/1.1" 404 35756 "-" "Mozilla/5.0 AppleWebKit/537.36 (KHTML, like Gecko; compatible; ClaudeBot/1.0; +claudebot@anthropic.com)"
57.141.2.64 - - [10/Mar/2026:18:54:30 +0600] "GET /?i=goods-60553454 HTTP/1.1" 200 144068 "-" "meta-externalagent/1.1 (+https://developers.facebook.com/docs/sharing/webmasters/crawler)"
57.141.2.70 - - [10/Mar/2026:18:54:30 +0600] "GET /?i=goods-126474954 HTTP/1.1" 200 141465 "-" "meta-externalagent/1.1 (+https://developers.facebook.com/docs/sharing/webmasters/crawler)"
216.73.216.20 - - [10/Mar/2026:18:54:30 +0600] "GET /553952822.htm HTTP/1.1" 404 35756 "-" "Mozilla/5.0 AppleWebKit/537.36 (KHTML, like Gecko; compatible; ClaudeBot/1.0; +claudebot@anthropic.com)"
216.73.216.20 - - [10/Mar/2026:18:54:30 +0600] "GET /526801472.htm HTTP/1.1" 404 35756 "-" "Mozilla/5.0 AppleWebKit/537.36 (KHTML, like Gecko; compatible; ClaudeBot/1.0; +claudebot@anthropic.com)"
57.141.2.36 - - [10/Mar/2026:18:54:31 +0600] "GET /?i=goods-111585254 HTTP/1.1" 200 141643 "-" "meta-externalagent/1.1 (+https://developers.facebook.com/docs/sharing/webmasters/crawler)"
216.73.216.20 - - [10/Mar/2026:18:54:31 +0600] "GET /473151632.htm HTTP/1.1" 404 35756 "-" "Mozilla/5.0 AppleWebKit/537.36 (KHTML, like Gecko; compatible; ClaudeBot/1.0; +claudebot@anthropic.com)"
57.141.2.67 - - [10/Mar/2026:18:54:32 +0600] "GET /?i=superdry-camisa-militar-de-manga-corta-37425955 HTTP/1.1" 200 140715 "-" "meta-externalagent/1.1 (+https://developers.facebook.com/docs/sharing/webmasters/crawler)"
216.73.216.20 - - [10/Mar/2026:18:54:31 +0600] "GET /171915332.htm HTTP/1.1" 404 35756 "-" "Mozilla/5.0 AppleWebKit/537.36 (KHTML, like Gecko; compatible; ClaudeBot/1.0; +claudebot@anthropic.com)"
216.73.216.20 - - [10/Mar/2026:18:54:31 +0600] "GET /386667956.htm HTTP/1.1" 404 35756 "-" "Mozilla/5.0 AppleWebKit/537.36 (KHTML, like Gecko; compatible; ClaudeBot/1.0; +claudebot@anthropic.com)"
57.141.2.67 - - [10/Mar/2026:18:54:32 +0600] "GET /?i=goods-47152654 HTTP/1.1" 200 140107 "-" "meta-externalagent/1.1 (+https://developers.facebook.com/docs/sharing/webmasters/crawler)"
216.73.216.20 - - [10/Mar/2026:18:54:32 +0600] "GET /298557524.htm HTTP/1.1" 404 35756 "-" "Mozilla/5.0 AppleWebKit/537.36 (KHTML, like Gecko; compatible; ClaudeBot/1.0; +claudebot@anthropic.com)"
216.73.216.20 - - [10/Mar/2026:18:54:32 +0600] "GET /374573678.htm HTTP/1.1" 404 35756 "-" "Mozilla/5.0 AppleWebKit/537.36 (KHTML, like Gecko; compatible; ClaudeBot/1.0; +claudebot@anthropic.com)"
57.141.2.30 - - [10/Mar/2026:18:54:33 +0600] "GET /?i=goods-23881854 HTTP/1.1" 200 147867 "-" "meta-externalagent/1.1 (+https://developers.facebook.com/docs/sharing/webmasters/crawler)"
57.141.2.49 - - [10/Mar/2026:18:54:33 +0600] "GET /?i=gant-camiseta-logo-en-contraste-38484055 HTTP/1.1" 200 141097 "-" "meta-externalagent/1.1 (+https://developers.facebook.com/docs/sharing/webmasters/crawler)"
216.73.216.20 - - [10/Mar/2026:18:54:32 +0600] "GET /524052764.htm HTTP/1.1" 404 35756 "-" "Mozilla/5.0 AppleWebKit/537.36 (KHTML, like Gecko; compatible; ClaudeBot/1.0; +claudebot@anthropic.com)"
57.141.2.38 - - [10/Mar/2026:18:54:33 +0600] "GET /?i=goods-1673654 HTTP/1.1" 200 141197 "-" "meta-externalagent/1.1 (+https://developers.facebook.com/docs/sharing/webmasters/crawler)"
216.73.216.20 - - [10/Mar/2026:18:54:33 +0600] "GET /194827742.htm HTTP/1.1" 404 35756 "-" "Mozilla/5.0 AppleWebKit/537.36 (KHTML, like Gecko; compatible; ClaudeBot/1.0; +claudebot@anthropic.com)"
57.141.2.60 - - [10/Mar/2026:18:54:34 +0600] "GET /?i=cienta-valenciana-flores-cachemir-2910655 HTTP/1.1" 200 141395 "-" "meta-externalagent/1.1 (+https://developers.facebook.com/docs/sharing/webmasters/crawler)"
57.141.2.47 - - [10/Mar/2026:18:54:35 +0600] "GET /?i=goods-119674154 HTTP/1.1" 200 140986 "-" "meta-externalagent/1.1 (+https://developers.facebook.com/docs/sharing/webmasters/crawler)"
216.73.216.20 - - [10/Mar/2026:18:54:34 +0600] "GET /166602800.htm HTTP/1.1" 404 35756 "-" "Mozilla/5.0 AppleWebKit/537.36 (KHTML, like Gecko; compatible; ClaudeBot/1.0; +claudebot@anthropic.com)"
57.141.2.19 - - [10/Mar/2026:18:54:35 +0600] "GET /?i=goods-39836754 HTTP/1.1" 200 139645 "-" "meta-externalagent/1.1 (+https://developers.facebook.com/docs/sharing/webmasters/crawler)"
216.73.216.20 - - [10/Mar/2026:18:54:34 +0600] "GET /544853144.htm HTTP/1.1" 404 35756 "-" "Mozilla/5.0 AppleWebKit/537.36 (KHTML, like Gecko; compatible; ClaudeBot/1.0; +claudebot@anthropic.com)"
216.73.216.20 - - [10/Mar/2026:18:54:35 +0600] "GET /143035298.htm HTTP/1.1" 404 35756 "-" "Mozilla/5.0 AppleWebKit/537.36 (KHTML, like Gecko; compatible; ClaudeBot/1.0; +claudebot@anthropic.com)"
216.73.216.20 - - [10/Mar/2026:18:54:35 +0600] "GET /209843894.htm HTTP/1.1" 404 35756 "-" "Mozilla/5.0 AppleWebKit/537.36 (KHTML, like Gecko; compatible; ClaudeBot/1.0; +claudebot@anthropic.com)"
57.141.2.21 - - [10/Mar/2026:18:54:36 +0600] "GET /?i=goods-74018054 HTTP/1.1" 200 143358 "-" "meta-externalagent/1.1 (+https://developers.facebook.com/docs/sharing/webmasters/crawler)"
216.73.216.20 - - [10/Mar/2026:18:54:35 +0600] "GET /372814304.htm HTTP/1.1" 404 35756 "-" "Mozilla/5.0 AppleWebKit/537.36 (KHTML, like Gecko; compatible; ClaudeBot/1.0; +claudebot@anthropic.com)"
57.141.2.41 - - [10/Mar/2026:18:54:36 +0600] "GET /?i=ecoalf-juan-shorts-navy-blue-5533655 HTTP/1.1" 200 139774 "-" "meta-externalagent/1.1 (+https://developers.facebook.com/docs/sharing/webmasters/crawler)"
216.73.216.20 - - [10/Mar/2026:18:54:35 +0600] "GET /260556794.htm HTTP/1.1" 404 35756 "-" "Mozilla/5.0 AppleWebKit/537.36 (KHTML, like Gecko; compatible; ClaudeBot/1.0; +claudebot@anthropic.com)"
216.73.216.20 - - [10/Mar/2026:18:54:36 +0600] "GET /139320878.htm HTTP/1.1" 404 35756 "-" "Mozilla/5.0 AppleWebKit/537.36 (KHTML, like Gecko; compatible; ClaudeBot/1.0; +claudebot@anthropic.com)"
57.141.2.25 - - [10/Mar/2026:18:54:37 +0600] "GET /?i=goods-7109754 HTTP/1.1" 200 140993 "-" "meta-externalagent/1.1 (+https://developers.facebook.com/docs/sharing/webmasters/crawler)"
216.73.216.20 - - [10/Mar/2026:18:54:37 +0600] "GET /542330426.htm HTTP/1.1" 404 35756 "-" "Mozilla/5.0 AppleWebKit/537.36 (KHTML, like Gecko; compatible; ClaudeBot/1.0; +claudebot@anthropic.com)"
57.141.2.45 - - [10/Mar/2026:18:54:37 +0600] "GET /?i=goods-70201754 HTTP/1.1" 200 145280 "-" "meta-externalagent/1.1 (+https://developers.facebook.com/docs/sharing/webmasters/crawler)"
57.141.2.17 - - [10/Mar/2026:18:54:38 +0600] "GET /?i=goods-127938754 HTTP/1.1" 200 146624 "-" "meta-externalagent/1.1 (+https://developers.facebook.com/docs/sharing/webmasters/crawler)"
216.73.216.20 - - [10/Mar/2026:18:54:38 +0600] "GET /514271768.htm HTTP/1.1" 404 35756 "-" "Mozilla/5.0 AppleWebKit/537.36 (KHTML, like Gecko; compatible; ClaudeBot/1.0; +claudebot@anthropic.com)"
57.141.2.4 - - [10/Mar/2026:18:54:38 +0600] "GET /?i=goods-45891354 HTTP/1.1" 200 140410 "-" "meta-externalagent/1.1 (+https://developers.facebook.com/docs/sharing/webmasters/crawler)"
216.73.216.20 - - [10/Mar/2026:18:54:38 +0600] "GET /269891390.htm HTTP/1.1" 404 35756 "-" "Mozilla/5.0 AppleWebKit/537.36 (KHTML, like Gecko; compatible; ClaudeBot/1.0; +claudebot@anthropic.com)"
216.73.216.20 - - [10/Mar/2026:18:54:38 +0600] "GET /182213408.htm HTTP/1.1" 404 35756 "-" "Mozilla/5.0 AppleWebKit/537.36 (KHTML, like Gecko; compatible; ClaudeBot/1.0; +claudebot@anthropic.com)"
216.73.216.20 - - [10/Mar/2026:18:54:38 +0600] "GET /247518008.htm HTTP/1.1" 404 35756 "-" "Mozilla/5.0 AppleWebKit/537.36 (KHTML, like Gecko; compatible; ClaudeBot/1.0; +claudebot@anthropic.com)"
57.141.2.54 - - [10/Mar/2026:18:54:39 +0600] "GET /?i=goods-87112754 HTTP/1.1" 200 142233 "-" "meta-externalagent/1.1 (+https://developers.facebook.com/docs/sharing/webmasters/crawler)"
57.141.2.38 - - [10/Mar/2026:18:54:39 +0600] "GET /?i=goods-80862654 HTTP/1.1" 200 142596 "-" "meta-externalagent/1.1 (+https://developers.facebook.com/docs/sharing/webmasters/crawler)"
216.73.216.20 - - [10/Mar/2026:18:54:38 +0600] "GET /521517770.htm HTTP/1.1" 404 35756 "-" "Mozilla/5.0 AppleWebKit/537.36 (KHTML, like Gecko; compatible; ClaudeBot/1.0; +claudebot@anthropic.com)"
57.141.2.25 - - [10/Mar/2026:18:54:40 +0600] "GET /?i=ho-soccer-kid-keeper-set-furious-naranja-8760555 HTTP/1.1" 200 139972 "-" "meta-externalagent/1.1 (+https://developers.facebook.com/docs/sharing/webmasters/crawler)"
216.73.216.20 - - [10/Mar/2026:18:54:39 +0600] "GET /94232246.htm HTTP/1.1" 404 35756 "-" "Mozilla/5.0 AppleWebKit/537.36 (KHTML, like Gecko; compatible; ClaudeBot/1.0; +claudebot@anthropic.com)"
57.141.2.67 - - [10/Mar/2026:18:54:40 +0600] "GET /?i=goods-104112454 HTTP/1.1" 200 141133 "-" "meta-externalagent/1.1 (+https://developers.facebook.com/docs/sharing/webmasters/crawler)"
57.141.2.67 - - [10/Mar/2026:18:54:41 +0600] "GET /?i=goods-121452758 HTTP/1.1" 200 142672 "-" "meta-externalagent/1.1 (+https://developers.facebook.com/docs/sharing/webmasters/crawler)"
216.73.216.20 - - [10/Mar/2026:18:54:40 +0600] "GET /265784138.htm HTTP/1.1" 404 35756 "-" "Mozilla/5.0 AppleWebKit/537.36 (KHTML, like Gecko; compatible; ClaudeBot/1.0; +claudebot@anthropic.com)"
57.141.2.59 - - [10/Mar/2026:18:54:41 +0600] "GET /?i=goods-61613554 HTTP/1.1" 200 142102 "-" "meta-externalagent/1.1 (+https://developers.facebook.com/docs/sharing/webmasters/crawler)"
216.73.216.20 - - [10/Mar/2026:18:54:40 +0600] "GET /103910012.htm HTTP/1.1" 404 35756 "-" "Mozilla/5.0 AppleWebKit/537.36 (KHTML, like Gecko; compatible; ClaudeBot/1.0; +claudebot@anthropic.com)"
57.141.2.67 - - [10/Mar/2026:18:54:42 +0600] "GET /?i=goods-129875054 HTTP/1.1" 200 141810 "-" "meta-externalagent/1.1 (+https://developers.facebook.com/docs/sharing/webmasters/crawler)"
216.73.216.20 - - [10/Mar/2026:18:54:40 +0600] "GET /125681498.htm HTTP/1.1" 404 35756 "-" "Mozilla/5.0 AppleWebKit/537.36 (KHTML, like Gecko; compatible; ClaudeBot/1.0; +claudebot@anthropic.com)"
216.73.216.20 - - [10/Mar/2026:18:54:40 +0600] "GET /421138778.htm HTTP/1.1" 404 35756 "-" "Mozilla/5.0 AppleWebKit/537.36 (KHTML, like Gecko; compatible; ClaudeBot/1.0; +claudebot@anthropic.com)"
216.73.216.20 - - [10/Mar/2026:18:54:40 +0600] "GET /289994828.htm HTTP/1.1" 404 35756 "-" "Mozilla/5.0 AppleWebKit/537.36 (KHTML, like Gecko; compatible; ClaudeBot/1.0; +claudebot@anthropic.com)"
216.73.216.20 - - [10/Mar/2026:18:54:40 +0600] "GET /144621320.htm HTTP/1.1" 404 35756 "-" "Mozilla/5.0 AppleWebKit/537.36 (KHTML, like Gecko; compatible; ClaudeBot/1.0; +claudebot@anthropic.com)"
57.141.2.16 - - [10/Mar/2026:18:54:42 +0600] "GET /?i=cortefiel-polo-de-manga-corta-slim-fit-confeccionado-con-algodon-org-3334455 HTTP/1.1" 200 142613 "-" "meta-externalagent/1.1 (+https://developers.facebook.com/docs/sharing/webmasters/crawler)"
57.141.2.18 - - [10/Mar/2026:18:54:43 +0600] "GET /?i=conforama-adorno-navideno-multicolor-ardilla-13-x-10-x-19-cm-29690555 HTTP/1.1" 200 142538 "-" "meta-externalagent/1.1 (+https://developers.facebook.com/docs/sharing/webmasters/crawler)"
57.141.2.45 - - [10/Mar/2026:18:54:43 +0600] "GET /?i=goods-59563254 HTTP/1.1" 200 141685 "-" "meta-externalagent/1.1 (+https://developers.facebook.com/docs/sharing/webmasters/crawler)"
57.141.2.23 - - [10/Mar/2026:18:54:44 +0600] "GET /?i=goods-126052154 HTTP/1.1" 200 142023 "-" "meta-externalagent/1.1 (+https://developers.facebook.com/docs/sharing/webmasters/crawler)"
216.73.216.20 - - [10/Mar/2026:18:54:43 +0600] "GET /228362798.htm HTTP/1.1" 404 35756 "-" "Mozilla/5.0 AppleWebKit/537.36 (KHTML, like Gecko; compatible; ClaudeBot/1.0; +claudebot@anthropic.com)"
57.141.2.2 - - [10/Mar/2026:18:54:44 +0600] "GET /?i=goods-152731954 HTTP/1.1" 200 140778 "-" "meta-externalagent/1.1 (+https://developers.facebook.com/docs/sharing/webmasters/crawler)"
216.73.216.20 - - [10/Mar/2026:18:54:44 +0600] "GET /120758822.htm HTTP/1.1" 404 35756 "-" "Mozilla/5.0 AppleWebKit/537.36 (KHTML, like Gecko; compatible; ClaudeBot/1.0; +claudebot@anthropic.com)"
216.73.216.20 - - [10/Mar/2026:18:54:44 +0600] "GET /242615606.htm HTTP/1.1" 404 35756 "-" "Mozilla/5.0 AppleWebKit/537.36 (KHTML, like Gecko; compatible; ClaudeBot/1.0; +claudebot@anthropic.com)"
216.73.216.20 - - [10/Mar/2026:18:54:44 +0600] "GET /193806044.htm HTTP/1.1" 404 35756 "-" "Mozilla/5.0 AppleWebKit/537.36 (KHTML, like Gecko; compatible; ClaudeBot/1.0; +claudebot@anthropic.com)"
57.141.2.7 - - [10/Mar/2026:18:54:45 +0600] "GET /?i=goods-99357654 HTTP/1.1" 200 143146 "-" "meta-externalagent/1.1 (+https://developers.facebook.com/docs/sharing/webmasters/crawler)"
216.73.216.20 - - [10/Mar/2026:18:54:44 +0600] "GET /402311300.htm HTTP/1.1" 404 35756 "-" "Mozilla/5.0 AppleWebKit/537.36 (KHTML, like Gecko; compatible; ClaudeBot/1.0; +claudebot@anthropic.com)"
57.141.2.67 - - [10/Mar/2026:18:54:45 +0600] "GET /?i=cortana-luna-cinturon-en-ante-beige-3004855 HTTP/1.1" 200 140313 "-" "meta-externalagent/1.1 (+https://developers.facebook.com/docs/sharing/webmasters/crawler)"
57.141.2.63 - - [10/Mar/2026:18:54:46 +0600] "GET /?i=goods-18919954 HTTP/1.1" 200 145287 "-" "meta-externalagent/1.1 (+https://developers.facebook.com/docs/sharing/webmasters/crawler)"
216.73.216.20 - - [10/Mar/2026:18:54:45 +0600] "GET /205971374.htm HTTP/1.1" 404 35756 "-" "Mozilla/5.0 AppleWebKit/537.36 (KHTML, like Gecko; compatible; ClaudeBot/1.0; +claudebot@anthropic.com)"
57.141.2.27 - - [10/Mar/2026:18:54:46 +0600] "GET /?i=xti-bolso-de-mujer-refresh-18327402-23333055 HTTP/1.1" 200 139660 "-" "meta-externalagent/1.1 (+https://developers.facebook.com/docs/sharing/webmasters/crawler)"
216.73.216.20 - - [10/Mar/2026:18:54:46 +0600] "GET /463795088.htm HTTP/1.1" 404 35756 "-" "Mozilla/5.0 AppleWebKit/537.36 (KHTML, like Gecko; compatible; ClaudeBot/1.0; +claudebot@anthropic.com)"
57.141.2.67 - - [10/Mar/2026:18:54:47 +0600] "GET /?i=goods-75481354 HTTP/1.1" 200 140713 "-" "meta-externalagent/1.1 (+https://developers.facebook.com/docs/sharing/webmasters/crawler)"
216.73.216.20 - - [10/Mar/2026:18:54:46 +0600] "GET /242655782.htm HTTP/1.1" 404 35756 "-" "Mozilla/5.0 AppleWebKit/537.36 (KHTML, like Gecko; compatible; ClaudeBot/1.0; +claudebot@anthropic.com)"
216.73.216.20 - - [10/Mar/2026:18:54:46 +0600] "GET /273215582.htm HTTP/1.1" 404 35756 "-" "Mozilla/5.0 AppleWebKit/537.36 (KHTML, like Gecko; compatible; ClaudeBot/1.0; +claudebot@anthropic.com)"
57.141.2.67 - - [10/Mar/2026:18:54:47 +0600] "GET /?i=cortefiel-camiseta-regular-fit-3234555 HTTP/1.1" 200 141171 "-" "meta-externalagent/1.1 (+https://developers.facebook.com/docs/sharing/webmasters/crawler)"
216.73.216.20 - - [10/Mar/2026:18:54:47 +0600] "GET /207821330.htm HTTP/1.1" 404 35756 "-" "Mozilla/5.0 AppleWebKit/537.36 (KHTML, like Gecko; compatible; ClaudeBot/1.0; +claudebot@anthropic.com)"
57.141.2.23 - - [10/Mar/2026:18:54:48 +0600] "GET /?i=arganour-pack-limpieza-facial-876355 HTTP/1.1" 200 140922 "-" "meta-externalagent/1.1 (+https://developers.facebook.com/docs/sharing/webmasters/crawler)"
57.141.2.53 - - [10/Mar/2026:18:54:48 +0600] "GET /?i=goods-58732254 HTTP/1.1" 200 143159 "-" "meta-externalagent/1.1 (+https://developers.facebook.com/docs/sharing/webmasters/crawler)"
216.73.216.20 - - [10/Mar/2026:18:54:48 +0600] "GET /260723450.htm HTTP/1.1" 404 35756 "-" "Mozilla/5.0 AppleWebKit/537.36 (KHTML, like Gecko; compatible; ClaudeBot/1.0; +claudebot@anthropic.com)"
216.73.216.20 - - [10/Mar/2026:18:54:48 +0600] "GET /74370980.htm HTTP/1.1" 404 35756 "-" "Mozilla/5.0 AppleWebKit/537.36 (KHTML, like Gecko; compatible; ClaudeBot/1.0; +claudebot@anthropic.com)"
74.7.227.10 - - [10/Mar/2026:18:54:47 +0600] "GET /32283232.phtml HTTP/1.1" 404 36192 "https://www.inprosysltd.com/sitemap-18.xml" "Mozilla/5.0 AppleWebKit/537.36 (KHTML, like Gecko; compatible; GPTBot/1.3; +https://openai.com/gptbot)"
57.141.2.54 - - [10/Mar/2026:18:54:49 +0600] "GET /?i=goods-46054754 HTTP/1.1" 200 139957 "-" "meta-externalagent/1.1 (+https://developers.facebook.com/docs/sharing/webmasters/crawler)"
216.73.216.20 - - [10/Mar/2026:18:54:48 +0600] "GET /392183600.htm HTTP/1.1" 404 35756 "-" "Mozilla/5.0 AppleWebKit/537.36 (KHTML, like Gecko; compatible; ClaudeBot/1.0; +claudebot@anthropic.com)"
57.141.2.39 - - [10/Mar/2026:18:54:49 +0600] "GET /?i=goods-138895454 HTTP/1.1" 200 144039 "-" "meta-externalagent/1.1 (+https://developers.facebook.com/docs/sharing/webmasters/crawler)"
216.73.216.20 - - [10/Mar/2026:18:54:49 +0600] "GET /243117992.htm HTTP/1.1" 404 35756 "-" "Mozilla/5.0 AppleWebKit/537.36 (KHTML, like Gecko; compatible; ClaudeBot/1.0; +claudebot@anthropic.com)"
216.73.216.20 - - [10/Mar/2026:18:54:49 +0600] "GET /153318308.htm HTTP/1.1" 404 35756 "-" "Mozilla/5.0 AppleWebKit/537.36 (KHTML, like Gecko; compatible; ClaudeBot/1.0; +claudebot@anthropic.com)"
57.141.2.21 - - [10/Mar/2026:18:54:50 +0600] "GET /?i=tiny-cottons-sudadera-stripes-logo-18593555 HTTP/1.1" 200 141385 "-" "meta-externalagent/1.1 (+https://developers.facebook.com/docs/sharing/webmasters/crawler)"
57.141.2.24 - - [10/Mar/2026:18:54:50 +0600] "GET /?i=sklum-tumbona-reclinable-en-madera-de-acacia-karvia-16063255 HTTP/1.1" 200 143203 "-" "meta-externalagent/1.1 (+https://developers.facebook.com/docs/sharing/webmasters/crawler)"
216.73.216.20 - - [10/Mar/2026:18:54:50 +0600] "GET /243016622.htm HTTP/1.1" 404 35756 "-" "Mozilla/5.0 AppleWebKit/537.36 (KHTML, like Gecko; compatible; ClaudeBot/1.0; +claudebot@anthropic.com)"
57.141.2.41 - - [10/Mar/2026:18:54:51 +0600] "GET /?i=bricomart-clorador-salino-con-regulador-de-ph-aquatronics-wireless-2-30272155 HTTP/1.1" 200 145267 "-" "meta-externalagent/1.1 (+https://developers.facebook.com/docs/sharing/webmasters/crawler)"
216.73.216.20 - - [10/Mar/2026:18:54:50 +0600] "GET /263054402.htm HTTP/1.1" 404 35756 "-" "Mozilla/5.0 AppleWebKit/537.36 (KHTML, like Gecko; compatible; ClaudeBot/1.0; +claudebot@anthropic.com)"
