216.73.216.20 - - [10/Mar/2026:18:03:36 +0600] "GET /41208482.htm HTTP/1.1" 404 35756 "-" "Mozilla/5.0 AppleWebKit/537.36 (KHTML, like Gecko; compatible; ClaudeBot/1.0; +claudebot@anthropic.com)"
57.141.2.56 - - [10/Mar/2026:18:03:37 +0600] "GET /?i=westwing-lampara-de-mesa-exterior-led-lito-portatil-32247255 HTTP/1.1" 200 142826 "-" "meta-externalagent/1.1 (+https://developers.facebook.com/docs/sharing/webmasters/crawler)"
57.141.2.63 - - [10/Mar/2026:18:03:37 +0600] "GET /?i=dolce-gabbana-falda-longuette-tubo-de-lana-con-logotipo-dg-33427755 HTTP/1.1" 200 142193 "-" "meta-externalagent/1.1 (+https://developers.facebook.com/docs/sharing/webmasters/crawler)"
57.141.2.22 - - [10/Mar/2026:18:03:38 +0600] "GET /?i=arcos-cuchillo-chuletero-monoblock-filo-con-sierra-110-mm-835255 HTTP/1.1" 200 143977 "-" "meta-externalagent/1.1 (+https://developers.facebook.com/docs/sharing/webmasters/crawler)"
216.73.216.20 - - [10/Mar/2026:18:03:37 +0600] "GET /449779802.htm HTTP/1.1" 404 35756 "-" "Mozilla/5.0 AppleWebKit/537.36 (KHTML, like Gecko; compatible; ClaudeBot/1.0; +claudebot@anthropic.com)"
57.141.2.30 - - [10/Mar/2026:18:03:38 +0600] "GET /?i=new-rock-m-106wall-c48-12960455 HTTP/1.1" 200 138773 "-" "meta-externalagent/1.1 (+https://developers.facebook.com/docs/sharing/webmasters/crawler)"
216.73.216.20 - - [10/Mar/2026:18:03:38 +0600] "GET /221237882.htm HTTP/1.1" 404 35756 "-" "Mozilla/5.0 AppleWebKit/537.36 (KHTML, like Gecko; compatible; ClaudeBot/1.0; +claudebot@anthropic.com)"
216.73.216.20 - - [10/Mar/2026:18:03:38 +0600] "GET /35530646.htm HTTP/1.1" 404 35756 "-" "Mozilla/5.0 AppleWebKit/537.36 (KHTML, like Gecko; compatible; ClaudeBot/1.0; +claudebot@anthropic.com)"
57.141.2.40 - - [10/Mar/2026:18:03:38 +0600] "GET /?i=saxoline-maleta-de-cabina-dream-rider-zebra-15208155 HTTP/1.1" 200 141675 "-" "meta-externalagent/1.1 (+https://developers.facebook.com/docs/sharing/webmasters/crawler)"
57.141.2.4 - - [10/Mar/2026:18:03:39 +0600] "GET /?i=pepe-jeans-jeans-fit-slim-y-tiro-regular-track-36027755 HTTP/1.1" 200 142248 "-" "meta-externalagent/1.1 (+https://developers.facebook.com/docs/sharing/webmasters/crawler)"
57.141.2.15 - - [10/Mar/2026:18:03:40 +0600] "GET /?i=maisons-du-monde-albin-estatuilla-conejo-de-vidrio-transparente-altu-31126455 HTTP/1.1" 200 144319 "-" "meta-externalagent/1.1 (+https://developers.facebook.com/docs/sharing/webmasters/crawler)"
216.73.216.20 - - [10/Mar/2026:18:03:40 +0600] "GET /432881144.htm HTTP/1.1" 404 35756 "-" "Mozilla/5.0 AppleWebKit/537.36 (KHTML, like Gecko; compatible; ClaudeBot/1.0; +claudebot@anthropic.com)"
216.73.216.20 - - [10/Mar/2026:18:03:40 +0600] "GET /200060294.htm HTTP/1.1" 404 35756 "-" "Mozilla/5.0 AppleWebKit/537.36 (KHTML, like Gecko; compatible; ClaudeBot/1.0; +claudebot@anthropic.com)"
57.141.2.53 - - [10/Mar/2026:18:03:40 +0600] "GET /?i=sinned-x-about-you-top-de-bikini-trendyol-en-negro-15841555 HTTP/1.1" 200 141067 "-" "meta-externalagent/1.1 (+https://developers.facebook.com/docs/sharing/webmasters/crawler)"
216.73.216.20 - - [10/Mar/2026:18:03:40 +0600] "GET /463555334.htm HTTP/1.1" 404 35756 "-" "Mozilla/5.0 AppleWebKit/537.36 (KHTML, like Gecko; compatible; ClaudeBot/1.0; +claudebot@anthropic.com)"
57.141.2.60 - - [10/Mar/2026:18:03:41 +0600] "GET /?i=kenay-home-cabecero-tapizado-150-160-menta-9651355 HTTP/1.1" 200 140120 "-" "meta-externalagent/1.1 (+https://developers.facebook.com/docs/sharing/webmasters/crawler)"
57.141.2.10 - - [10/Mar/2026:18:03:41 +0600] "GET /?i=viva-la-diva-revival-hydrating-concealer-2-miracle-19796755 HTTP/1.1" 200 142157 "-" "meta-externalagent/1.1 (+https://developers.facebook.com/docs/sharing/webmasters/crawler)"
57.141.2.8 - - [10/Mar/2026:18:03:42 +0600] "GET /?i=bricomart-codo-45-pared-simple-o200mm-inoxidable-30491555 HTTP/1.1" 200 143738 "-" "meta-externalagent/1.1 (+https://developers.facebook.com/docs/sharing/webmasters/crawler)"
216.73.216.20 - - [10/Mar/2026:18:03:42 +0600] "GET /157440068.htm HTTP/1.1" 404 35756 "-" "Mozilla/5.0 AppleWebKit/537.36 (KHTML, like Gecko; compatible; ClaudeBot/1.0; +claudebot@anthropic.com)"
57.141.2.56 - - [10/Mar/2026:18:03:42 +0600] "GET /?i=goods-121602354 HTTP/1.1" 200 142421 "-" "meta-externalagent/1.1 (+https://developers.facebook.com/docs/sharing/webmasters/crawler)"
216.73.216.20 - - [10/Mar/2026:18:03:42 +0600] "GET /123728684.htm HTTP/1.1" 404 35756 "-" "Mozilla/5.0 AppleWebKit/537.36 (KHTML, like Gecko; compatible; ClaudeBot/1.0; +claudebot@anthropic.com)"
216.73.216.20 - - [10/Mar/2026:18:03:42 +0600] "GET /465458114.htm HTTP/1.1" 404 35756 "-" "Mozilla/5.0 AppleWebKit/537.36 (KHTML, like Gecko; compatible; ClaudeBot/1.0; +claudebot@anthropic.com)"
57.141.2.33 - - [10/Mar/2026:18:03:43 +0600] "GET /?i=goods-83813354 HTTP/1.1" 200 141639 "-" "meta-externalagent/1.1 (+https://developers.facebook.com/docs/sharing/webmasters/crawler)"
74.7.227.10 - - [10/Mar/2026:18:03:43 +0600] "GET /117819111.phtml HTTP/1.1" 404 36192 "https://www.inprosysltd.com/sitemap-18.xml" "Mozilla/5.0 AppleWebKit/537.36 (KHTML, like Gecko; compatible; GPTBot/1.3; +https://openai.com/gptbot)"
57.141.2.10 - - [10/Mar/2026:18:03:43 +0600] "GET /?i=cecotec-rock-ngrill-smart-2000w-parrilla-electrica-de-potencia-siste-2533255 HTTP/1.1" 200 146976 "-" "meta-externalagent/1.1 (+https://developers.facebook.com/docs/sharing/webmasters/crawler)"
216.73.216.20 - - [10/Mar/2026:18:03:43 +0600] "GET /536756006.htm HTTP/1.1" 404 35756 "-" "Mozilla/5.0 AppleWebKit/537.36 (KHTML, like Gecko; compatible; ClaudeBot/1.0; +claudebot@anthropic.com)"
74.7.242.57 - - [10/Mar/2026:18:03:44 +0600] "GET /257655380.htm HTTP/1.1" 404 35756 "https://inprosysltd.com/sitemap-2.xml" "Mozilla/5.0 AppleWebKit/537.36 (KHTML, like Gecko; compatible; GPTBot/1.3; +https://openai.com/gptbot)"
216.73.216.20 - - [10/Mar/2026:18:03:44 +0600] "GET /416229122.htm HTTP/1.1" 404 35756 "-" "Mozilla/5.0 AppleWebKit/537.36 (KHTML, like Gecko; compatible; ClaudeBot/1.0; +claudebot@anthropic.com)"
57.141.2.3 - - [10/Mar/2026:18:03:44 +0600] "GET /?i=ho-soccer-camiseta-termica-sin-cuello-gris-8746655 HTTP/1.1" 200 140482 "-" "meta-externalagent/1.1 (+https://developers.facebook.com/docs/sharing/webmasters/crawler)"
216.73.216.20 - - [10/Mar/2026:18:03:45 +0600] "GET /39709136.htm HTTP/1.1" 404 35756 "-" "Mozilla/5.0 AppleWebKit/537.36 (KHTML, like Gecko; compatible; ClaudeBot/1.0; +claudebot@anthropic.com)"
57.141.2.28 - - [10/Mar/2026:18:03:45 +0600] "GET /?i=goods-95198954 HTTP/1.1" 200 141414 "-" "meta-externalagent/1.1 (+https://developers.facebook.com/docs/sharing/webmasters/crawler)"
57.141.2.46 - - [10/Mar/2026:18:03:45 +0600] "GET /?i=westwing-silla-de-madera-con-asiento-tejido-a-mano-ch24-31578455 HTTP/1.1" 200 142807 "-" "meta-externalagent/1.1 (+https://developers.facebook.com/docs/sharing/webmasters/crawler)"
216.73.216.20 - - [10/Mar/2026:18:03:45 +0600] "GET /308016554.htm HTTP/1.1" 404 35756 "-" "Mozilla/5.0 AppleWebKit/537.36 (KHTML, like Gecko; compatible; ClaudeBot/1.0; +claudebot@anthropic.com)"
57.141.2.62 - - [10/Mar/2026:18:03:46 +0600] "GET /?i=tocoto-vintage-abrigo-berenjena-bebe-18720955 HTTP/1.1" 200 139648 "-" "meta-externalagent/1.1 (+https://developers.facebook.com/docs/sharing/webmasters/crawler)"
216.73.216.20 - - [10/Mar/2026:18:03:46 +0600] "GET /226028126.htm HTTP/1.1" 404 35756 "-" "Mozilla/5.0 AppleWebKit/537.36 (KHTML, like Gecko; compatible; ClaudeBot/1.0; +claudebot@anthropic.com)"
57.141.2.58 - - [10/Mar/2026:18:03:46 +0600] "GET /?i=cortefiel-zapatilla-icono-piso-goma-3123455 HTTP/1.1" 200 141331 "-" "meta-externalagent/1.1 (+https://developers.facebook.com/docs/sharing/webmasters/crawler)"
216.73.216.20 - - [10/Mar/2026:18:03:46 +0600] "GET /281828126.htm HTTP/1.1" 404 35756 "-" "Mozilla/5.0 AppleWebKit/537.36 (KHTML, like Gecko; compatible; ClaudeBot/1.0; +claudebot@anthropic.com)"
57.141.2.24 - - [10/Mar/2026:18:03:46 +0600] "GET /?i=tiffany-co-tiffany-titan-by-pharrell-williams-pendientes-de-perlas-d-32865155 HTTP/1.1" 200 142438 "-" "meta-externalagent/1.1 (+https://developers.facebook.com/docs/sharing/webmasters/crawler)"
57.141.2.57 - - [10/Mar/2026:18:03:47 +0600] "GET /?i=mcqueen-tenis-de-piel-con-logotipo-en-talon-hombre-27077255 HTTP/1.1" 200 142371 "-" "meta-externalagent/1.1 (+https://developers.facebook.com/docs/sharing/webmasters/crawler)"
57.141.2.71 - - [10/Mar/2026:18:03:48 +0600] "GET /?i=goods-27728954 HTTP/1.1" 200 139593 "-" "meta-externalagent/1.1 (+https://developers.facebook.com/docs/sharing/webmasters/crawler)"
57.141.2.57 - - [10/Mar/2026:18:03:48 +0600] "GET /?i=eysa-funda-silla-elastica-sin-respaldo-iria-6858355 HTTP/1.1" 200 140418 "-" "meta-externalagent/1.1 (+https://developers.facebook.com/docs/sharing/webmasters/crawler)"
57.141.2.41 - - [10/Mar/2026:18:03:49 +0600] "GET /?i=sklum-rega-z-drewna-tekowego-melvil-16265255 HTTP/1.1" 200 140918 "-" "meta-externalagent/1.1 (+https://developers.facebook.com/docs/sharing/webmasters/crawler)"
57.141.2.57 - - [10/Mar/2026:18:03:49 +0600] "GET /?i=cecotec-conga-9990-ai-spin-evolution-power-home-robot-aspirador-con-2285755 HTTP/1.1" 200 150144 "-" "meta-externalagent/1.1 (+https://developers.facebook.com/docs/sharing/webmasters/crawler)"
57.141.2.59 - - [10/Mar/2026:18:03:50 +0600] "GET /?i=bricomart-llave-estrella-acodada-16x17mm-bellota-30804655 HTTP/1.1" 200 143827 "-" "meta-externalagent/1.1 (+https://developers.facebook.com/docs/sharing/webmasters/crawler)"
57.141.2.40 - - [10/Mar/2026:18:03:51 +0600] "GET /?i=wala-gorros-salomon-cross-neck-head-tube-20991255 HTTP/1.1" 200 3 "-" "meta-externalagent/1.1 (+https://developers.facebook.com/docs/sharing/webmasters/crawler)"
57.141.2.27 - - [10/Mar/2026:18:03:50 +0600] "GET /?i=conforama-cama-con-somier-de-metal-negro-y-beige-claro-180-x-200-cm-29409255 HTTP/1.1" 200 143867 "-" "meta-externalagent/1.1 (+https://developers.facebook.com/docs/sharing/webmasters/crawler)"
57.141.2.6 - - [10/Mar/2026:18:03:51 +0600] "GET /?i=goods-36796854 HTTP/1.1" 200 144944 "-" "meta-externalagent/1.1 (+https://developers.facebook.com/docs/sharing/webmasters/crawler)"
57.141.2.31 - - [10/Mar/2026:18:03:44 +0600] "GET /?i=dessata-ultra-bond-dnka-12-ml-5248255 HTTP/1.1" 200 145265 "-" "meta-externalagent/1.1 (+https://developers.facebook.com/docs/sharing/webmasters/crawler)"
57.141.2.54 - - [10/Mar/2026:18:03:52 +0600] "GET /?i=lekue-molde-gofres-10566055 HTTP/1.1" 200 140630 "-" "meta-externalagent/1.1 (+https://developers.facebook.com/docs/sharing/webmasters/crawler)"
57.141.2.7 - - [10/Mar/2026:18:03:52 +0600] "GET /?i=leds-c4-rack-wall-fixture-10485955 HTTP/1.1" 200 139664 "-" "meta-externalagent/1.1 (+https://developers.facebook.com/docs/sharing/webmasters/crawler)"
57.141.2.19 - - [10/Mar/2026:18:03:53 +0600] "GET /?i=saxoline-maleta-de-cabina-titanium-impact-pro-rosada-15208355 HTTP/1.1" 200 141829 "-" "meta-externalagent/1.1 (+https://developers.facebook.com/docs/sharing/webmasters/crawler)"
57.141.2.2 - - [10/Mar/2026:18:03:53 +0600] "GET /?i=conforama-espumadera-metaltex-imperial-28353055 HTTP/1.1" 200 142226 "-" "meta-externalagent/1.1 (+https://developers.facebook.com/docs/sharing/webmasters/crawler)"
57.141.2.63 - - [10/Mar/2026:18:03:54 +0600] "GET /?i=piqueras-y-crespo-sillon-madrono-similpiel-negro-14273955 HTTP/1.1" 200 142120 "-" "meta-externalagent/1.1 (+https://developers.facebook.com/docs/sharing/webmasters/crawler)"
57.141.2.67 - - [10/Mar/2026:18:03:54 +0600] "GET /?i=bella-aurora-sublime-60-noche-crema-renovadora-anti-edad-1171455 HTTP/1.1" 200 140904 "-" "meta-externalagent/1.1 (+https://developers.facebook.com/docs/sharing/webmasters/crawler)"
57.141.2.47 - - [10/Mar/2026:18:03:55 +0600] "GET /?i=cortefiel-blusa-rustica-algodon-flores-3775755 HTTP/1.1" 200 141405 "-" "meta-externalagent/1.1 (+https://developers.facebook.com/docs/sharing/webmasters/crawler)"
57.141.2.59 - - [10/Mar/2026:18:03:55 +0600] "GET /?i=westwing-reloj-de-pared-sunburst-31811655 HTTP/1.1" 200 141443 "-" "meta-externalagent/1.1 (+https://developers.facebook.com/docs/sharing/webmasters/crawler)"
57.141.2.69 - - [10/Mar/2026:18:03:56 +0600] "GET /?i=camper-peu-zapatos-de-piel-azules-para-ninos-1996855 HTTP/1.1" 200 140958 "-" "meta-externalagent/1.1 (+https://developers.facebook.com/docs/sharing/webmasters/crawler)"
57.141.2.60 - - [10/Mar/2026:18:03:56 +0600] "GET /?i=goods-91934854 HTTP/1.1" 200 147401 "-" "meta-externalagent/1.1 (+https://developers.facebook.com/docs/sharing/webmasters/crawler)"
57.141.2.21 - - [10/Mar/2026:18:03:57 +0600] "GET /?i=cortefiel-pijama-corto-algodon-snoopy-marfil-3398155 HTTP/1.1" 200 142054 "-" "meta-externalagent/1.1 (+https://developers.facebook.com/docs/sharing/webmasters/crawler)"
57.141.2.40 - - [10/Mar/2026:18:03:57 +0600] "GET /?i=goods-145640454 HTTP/1.1" 200 141881 "-" "meta-externalagent/1.1 (+https://developers.facebook.com/docs/sharing/webmasters/crawler)"
57.141.2.42 - - [10/Mar/2026:18:03:58 +0600] "GET /?i=goods-129316254 HTTP/1.1" 200 143880 "-" "meta-externalagent/1.1 (+https://developers.facebook.com/docs/sharing/webmasters/crawler)"
57.141.2.50 - - [10/Mar/2026:18:03:58 +0600] "GET /?i=loewe-rectangular-sunglasses-3-colours-34636155 HTTP/1.1" 200 142843 "-" "meta-externalagent/1.1 (+https://developers.facebook.com/docs/sharing/webmasters/crawler)"
57.141.2.1 - - [10/Mar/2026:18:03:59 +0600] "GET /?i=sinned-x-about-you-triangulo-bikini-bondey-o-neill-en-negro-15841855 HTTP/1.1" 200 141456 "-" "meta-externalagent/1.1 (+https://developers.facebook.com/docs/sharing/webmasters/crawler)"
57.141.2.30 - - [10/Mar/2026:18:03:59 +0600] "GET /?i=conector-extension-en-angulo-90-con-3-brazos-de-91x91mm-23636455 HTTP/1.1" 200 142273 "-" "meta-externalagent/1.1 (+https://developers.facebook.com/docs/sharing/webmasters/crawler)"
57.141.2.9 - - [10/Mar/2026:18:04:00 +0600] "GET /?i=eurostil-blister-peine-lendrera-6812455 HTTP/1.1" 200 139308 "-" "meta-externalagent/1.1 (+https://developers.facebook.com/docs/sharing/webmasters/crawler)"
57.141.2.9 - - [10/Mar/2026:18:04:00 +0600] "GET /?i=alcampo-separador-de-claras-de-huevo-quid-rico-25820155 HTTP/1.1" 200 141965 "-" "meta-externalagent/1.1 (+https://developers.facebook.com/docs/sharing/webmasters/crawler)"
57.141.2.28 - - [10/Mar/2026:18:04:01 +0600] "GET /?i=lotus-reloj-lotus-kosm-18997-3-verde-hombre-11263655 HTTP/1.1" 200 141582 "-" "meta-externalagent/1.1 (+https://developers.facebook.com/docs/sharing/webmasters/crawler)"
57.141.2.30 - - [10/Mar/2026:18:04:01 +0600] "GET /?i=stuart-weitzman-banner-en-sage-whitebianco-de-mujer-stuart-weitzman-39840555 HTTP/1.1" 200 142541 "-" "meta-externalagent/1.1 (+https://developers.facebook.com/docs/sharing/webmasters/crawler)"
57.141.2.67 - - [10/Mar/2026:18:04:02 +0600] "GET /?i=surkana-falda-midi-fluida-con-bordado-blanco-17665555 HTTP/1.1" 200 139881 "-" "meta-externalagent/1.1 (+https://developers.facebook.com/docs/sharing/webmasters/crawler)"
57.141.2.4 - - [10/Mar/2026:18:04:02 +0600] "GET /?i=surkana-vestido-elastico-largo-estampado-negro-17666155 HTTP/1.1" 200 139992 "-" "meta-externalagent/1.1 (+https://developers.facebook.com/docs/sharing/webmasters/crawler)"
57.141.2.60 - - [10/Mar/2026:18:04:03 +0600] "GET /?i=goods-48963454 HTTP/1.1" 200 140760 "-" "meta-externalagent/1.1 (+https://developers.facebook.com/docs/sharing/webmasters/crawler)"
57.141.2.51 - - [10/Mar/2026:18:04:03 +0600] "GET /?i=agatha-ruiz-de-la-prada-pendiente-d-248555 HTTP/1.1" 200 140417 "-" "meta-externalagent/1.1 (+https://developers.facebook.com/docs/sharing/webmasters/crawler)"
57.141.2.52 - - [10/Mar/2026:18:04:04 +0600] "GET /?i=eurostil-peine-5-puas-metalicas-color-19-5-cm-colores-clasicos-6550055 HTTP/1.1" 200 140510 "-" "meta-externalagent/1.1 (+https://developers.facebook.com/docs/sharing/webmasters/crawler)"
57.141.2.42 - - [10/Mar/2026:18:04:04 +0600] "GET /?i=cortefiel-vestido-largo-estampado-3116055 HTTP/1.1" 200 141061 "-" "meta-externalagent/1.1 (+https://developers.facebook.com/docs/sharing/webmasters/crawler)"
57.141.2.26 - - [10/Mar/2026:18:04:05 +0600] "GET /?i=mimub-los-mejores-trucos-caseros-para-terminar-con-ellas-35898355 HTTP/1.1" 200 144689 "-" "meta-externalagent/1.1 (+https://developers.facebook.com/docs/sharing/webmasters/crawler)"
57.141.2.56 - - [10/Mar/2026:18:04:05 +0600] "GET /?i=chie-mihara-soleya-yellow-2794555 HTTP/1.1" 200 139413 "-" "meta-externalagent/1.1 (+https://developers.facebook.com/docs/sharing/webmasters/crawler)"
57.141.2.47 - - [10/Mar/2026:18:04:06 +0600] "GET /?i=tezenis-braguitas-de-algodon-organico-para-mujer-36649355 HTTP/1.1" 200 142741 "-" "meta-externalagent/1.1 (+https://developers.facebook.com/docs/sharing/webmasters/crawler)"
57.141.2.42 - - [10/Mar/2026:18:04:06 +0600] "GET /?i=balenciaga-falda-asimetrica-para-mujer-en-negro-34126455 HTTP/1.1" 200 140755 "-" "meta-externalagent/1.1 (+https://developers.facebook.com/docs/sharing/webmasters/crawler)"
57.141.2.15 - - [10/Mar/2026:18:04:07 +0600] "GET /?i=agatha-ruiz-de-la-prada-sandalias-bio-esclava-letras-247355 HTTP/1.1" 200 140694 "-" "meta-externalagent/1.1 (+https://developers.facebook.com/docs/sharing/webmasters/crawler)"
57.141.2.20 - - [10/Mar/2026:18:04:07 +0600] "GET /?i=wala-chaquetas-pepe-jeans-odonis-21094655 HTTP/1.1" 200 142127 "-" "meta-externalagent/1.1 (+https://developers.facebook.com/docs/sharing/webmasters/crawler)"
57.141.2.55 - - [10/Mar/2026:18:04:08 +0600] "GET /?i=soporte-de-poste-7x7-cm-23635555 HTTP/1.1" 200 140784 "-" "meta-externalagent/1.1 (+https://developers.facebook.com/docs/sharing/webmasters/crawler)"
57.141.2.52 - - [10/Mar/2026:18:04:08 +0600] "GET /?i=goods-8772954 HTTP/1.1" 200 139910 "-" "meta-externalagent/1.1 (+https://developers.facebook.com/docs/sharing/webmasters/crawler)"
57.141.2.71 - - [10/Mar/2026:18:04:09 +0600] "GET /?i=alcampo-mochila-preescolar-julio-el-castor-alcampo-26280255 HTTP/1.1" 200 142049 "-" "meta-externalagent/1.1 (+https://developers.facebook.com/docs/sharing/webmasters/crawler)"
57.141.2.57 - - [10/Mar/2026:18:04:09 +0600] "GET /?i=new-rock-ankle-boot-punk-m-mag016-c9-13095955 HTTP/1.1" 200 139713 "-" "meta-externalagent/1.1 (+https://developers.facebook.com/docs/sharing/webmasters/crawler)"
57.141.2.18 - - [10/Mar/2026:18:04:10 +0600] "GET /?i=naturvital-champu-coloursafe-cabellos-castanos-12731355 HTTP/1.1" 200 141980 "-" "meta-externalagent/1.1 (+https://developers.facebook.com/docs/sharing/webmasters/crawler)"
57.141.2.28 - - [10/Mar/2026:18:04:10 +0600] "GET /?i=eurostil-bolsa-12-rulos-espuma-amarillo-20-mm-6767555 HTTP/1.1" 200 139668 "-" "meta-externalagent/1.1 (+https://developers.facebook.com/docs/sharing/webmasters/crawler)"
57.141.2.62 - - [10/Mar/2026:18:04:11 +0600] "GET /?i=xti-zapato-de-mujer-refresh-17283503-23174555 HTTP/1.1" 200 139838 "-" "meta-externalagent/1.1 (+https://developers.facebook.com/docs/sharing/webmasters/crawler)"
57.141.2.65 - - [10/Mar/2026:18:04:11 +0600] "GET /?i=goods-21052654 HTTP/1.1" 200 143443 "-" "meta-externalagent/1.1 (+https://developers.facebook.com/docs/sharing/webmasters/crawler)"
57.141.2.6 - - [10/Mar/2026:18:04:12 +0600] "GET /?i=goods-119029554 HTTP/1.1" 200 140666 "-" "meta-externalagent/1.1 (+https://developers.facebook.com/docs/sharing/webmasters/crawler)"
57.141.2.19 - - [10/Mar/2026:18:04:12 +0600] "GET /?i=tiamia-conjunto-jubon-polaina-c-bebe-roble-18397755 HTTP/1.1" 200 139403 "-" "meta-externalagent/1.1 (+https://developers.facebook.com/docs/sharing/webmasters/crawler)"
57.141.2.37 - - [10/Mar/2026:18:04:13 +0600] "GET /?i=goods-105525854 HTTP/1.1" 200 141375 "-" "meta-externalagent/1.1 (+https://developers.facebook.com/docs/sharing/webmasters/crawler)"
57.141.2.70 - - [10/Mar/2026:18:04:13 +0600] "GET /?i=la-cija-vajilla-infantil-paraiso-10013755 HTTP/1.1" 200 139793 "-" "meta-externalagent/1.1 (+https://developers.facebook.com/docs/sharing/webmasters/crawler)"
57.141.2.39 - - [10/Mar/2026:18:04:14 +0600] "GET /?i=mtng-compra-loana-oro-59542-mujer-calzado-zapatos-planos-11664755 HTTP/1.1" 200 143402 "-" "meta-externalagent/1.1 (+https://developers.facebook.com/docs/sharing/webmasters/crawler)"
57.141.2.57 - - [10/Mar/2026:18:04:14 +0600] "GET /?i=northweek-regular-pipe-13369655 HTTP/1.1" 200 140845 "-" "meta-externalagent/1.1 (+https://developers.facebook.com/docs/sharing/webmasters/crawler)"
57.141.2.64 - - [10/Mar/2026:18:04:15 +0600] "GET /?i=goods-12542554 HTTP/1.1" 200 138954 "-" "meta-externalagent/1.1 (+https://developers.facebook.com/docs/sharing/webmasters/crawler)"
57.141.2.44 - - [10/Mar/2026:18:04:15 +0600] "GET /?i=women-secret-neceser-grande-acolchado-corazones-smiley-22471455 HTTP/1.1" 200 142170 "-" "meta-externalagent/1.1 (+https://developers.facebook.com/docs/sharing/webmasters/crawler)"
57.141.2.71 - - [10/Mar/2026:18:04:16 +0600] "GET /?i=under-armour-zapatillas-de-entrenamiento-ua-charged-aurora-2-para-mu-37220355 HTTP/1.1" 200 144921 "-" "meta-externalagent/1.1 (+https://developers.facebook.com/docs/sharing/webmasters/crawler)"
57.141.2.39 - - [10/Mar/2026:18:04:16 +0600] "GET /?i=sinned-x-about-you-bustier-bikini-nasty-gal-en-mezcla-de-colores-15842655 HTTP/1.1" 200 141308 "-" "meta-externalagent/1.1 (+https://developers.facebook.com/docs/sharing/webmasters/crawler)"
57.141.2.5 - - [10/Mar/2026:18:04:17 +0600] "GET /?i=goods-557054 HTTP/1.1" 200 142614 "-" "meta-externalagent/1.1 (+https://developers.facebook.com/docs/sharing/webmasters/crawler)"
57.141.2.11 - - [10/Mar/2026:18:04:17 +0600] "GET /?i=samsonite-35304555 HTTP/1.1" 200 142939 "-" "meta-externalagent/1.1 (+https://developers.facebook.com/docs/sharing/webmasters/crawler)"
57.141.2.24 - - [10/Mar/2026:18:04:18 +0600] "GET /?i=goods-108085054 HTTP/1.1" 200 142849 "-" "meta-externalagent/1.1 (+https://developers.facebook.com/docs/sharing/webmasters/crawler)"
57.141.2.14 - - [10/Mar/2026:18:04:18 +0600] "GET /?i=camper-zapatillas-pelotas-para-hombre-primavera-verano-39805755 HTTP/1.1" 200 140748 "-" "meta-externalagent/1.1 (+https://developers.facebook.com/docs/sharing/webmasters/crawler)"
57.141.2.41 - - [10/Mar/2026:18:04:19 +0600] "GET /?i=hugo-boss-cazadora-bomber-slim-fit-de-piel-37873755 HTTP/1.1" 200 141960 "-" "meta-externalagent/1.1 (+https://developers.facebook.com/docs/sharing/webmasters/crawler)"
57.141.2.32 - - [10/Mar/2026:18:04:19 +0600] "GET /?i=goods-50809454 HTTP/1.1" 200 141253 "-" "meta-externalagent/1.1 (+https://developers.facebook.com/docs/sharing/webmasters/crawler)"
57.141.2.64 - - [10/Mar/2026:18:04:20 +0600] "GET /?i=sulion-banador-rectangular-lindenfix-blanco-mate-led-3-5w-sulion-17564855 HTTP/1.1" 200 141262 "-" "meta-externalagent/1.1 (+https://developers.facebook.com/docs/sharing/webmasters/crawler)"
57.141.2.63 - - [10/Mar/2026:18:04:20 +0600] "GET /?i=under-armour-chaqueta-ua-diamond-para-mujer-37321555 HTTP/1.1" 200 143664 "-" "meta-externalagent/1.1 (+https://developers.facebook.com/docs/sharing/webmasters/crawler)"
57.141.2.37 - - [10/Mar/2026:18:04:21 +0600] "GET /?i=bella-aurora-perfume-radiante-fragancia-exotica-e-intensa-1171655 HTTP/1.1" 200 141325 "-" "meta-externalagent/1.1 (+https://developers.facebook.com/docs/sharing/webmasters/crawler)"
57.141.2.13 - - [10/Mar/2026:18:04:21 +0600] "GET /?i=goods-123156254 HTTP/1.1" 200 142044 "-" "meta-externalagent/1.1 (+https://developers.facebook.com/docs/sharing/webmasters/crawler)"
57.141.2.51 - - [10/Mar/2026:18:04:22 +0600] "GET /?i=goods-116026454 HTTP/1.1" 200 141584 "-" "meta-externalagent/1.1 (+https://developers.facebook.com/docs/sharing/webmasters/crawler)"
57.141.2.46 - - [10/Mar/2026:18:04:22 +0600] "GET /?i=loewe-trousers-in-wool-and-cashmere-1-colours-34512055 HTTP/1.1" 200 143236 "-" "meta-externalagent/1.1 (+https://developers.facebook.com/docs/sharing/webmasters/crawler)"
57.141.2.60 - - [10/Mar/2026:18:04:23 +0600] "GET /?i=diesel-b1dr-36199355 HTTP/1.1" 200 140373 "-" "meta-externalagent/1.1 (+https://developers.facebook.com/docs/sharing/webmasters/crawler)"
57.141.2.71 - - [10/Mar/2026:18:04:23 +0600] "GET /?i=eurostil-champu-nutri-keratina-400ml-6724655 HTTP/1.1" 200 140055 "-" "meta-externalagent/1.1 (+https://developers.facebook.com/docs/sharing/webmasters/crawler)"
57.141.2.27 - - [10/Mar/2026:18:04:24 +0600] "GET /?i=thinking-mu-vestido-verde-cactus-amapola-18235455 HTTP/1.1" 200 139959 "-" "meta-externalagent/1.1 (+https://developers.facebook.com/docs/sharing/webmasters/crawler)"
57.141.2.60 - - [10/Mar/2026:18:04:24 +0600] "GET /?i=intimissimi-boxer-con-elastico-ancho-de-algodon-superior-36459455 HTTP/1.1" 200 142619 "-" "meta-externalagent/1.1 (+https://developers.facebook.com/docs/sharing/webmasters/crawler)"
57.141.2.57 - - [10/Mar/2026:18:04:25 +0600] "GET /?i=goods-46780554 HTTP/1.1" 200 141250 "-" "meta-externalagent/1.1 (+https://developers.facebook.com/docs/sharing/webmasters/crawler)"
57.141.2.9 - - [10/Mar/2026:18:04:25 +0600] "GET /?i=goods-30863554 HTTP/1.1" 200 142918 "-" "meta-externalagent/1.1 (+https://developers.facebook.com/docs/sharing/webmasters/crawler)"
57.141.2.65 - - [10/Mar/2026:18:04:26 +0600] "GET /?i=goods-152658354 HTTP/1.1" 200 141775 "-" "meta-externalagent/1.1 (+https://developers.facebook.com/docs/sharing/webmasters/crawler)"
57.141.2.18 - - [10/Mar/2026:18:04:26 +0600] "GET /?i=eurostil-styling-cera-pro-aqua-usher-de-vasso-6545155 HTTP/1.1" 200 140246 "-" "meta-externalagent/1.1 (+https://developers.facebook.com/docs/sharing/webmasters/crawler)"
57.141.2.52 - - [10/Mar/2026:18:04:27 +0600] "GET /?i=goods-72900354 HTTP/1.1" 200 144818 "-" "meta-externalagent/1.1 (+https://developers.facebook.com/docs/sharing/webmasters/crawler)"
57.141.2.56 - - [10/Mar/2026:18:04:27 +0600] "GET /?i=defeet-deboggan-5075055 HTTP/1.1" 200 139869 "-" "meta-externalagent/1.1 (+https://developers.facebook.com/docs/sharing/webmasters/crawler)"
57.141.2.57 - - [10/Mar/2026:18:04:28 +0600] "GET /?i=spezial-madrid-veja-v-12-mesh-sneaker-tent-white-17394855 HTTP/1.1" 200 141604 "-" "meta-externalagent/1.1 (+https://developers.facebook.com/docs/sharing/webmasters/crawler)"
57.141.2.36 - - [10/Mar/2026:18:04:29 +0600] "GET /?i=nike-nike-onemallas-cortas-de-13-cm-y-talle-alto-mujer-37143555 HTTP/1.1" 200 141952 "-" "meta-externalagent/1.1 (+https://developers.facebook.com/docs/sharing/webmasters/crawler)"
57.141.2.57 - - [10/Mar/2026:18:04:29 +0600] "GET /?i=conforama-mesa-plegable-240cm-rectangular-blanca-catering-o91-28127955 HTTP/1.1" 200 143375 "-" "meta-externalagent/1.1 (+https://developers.facebook.com/docs/sharing/webmasters/crawler)"
57.141.2.17 - - [10/Mar/2026:18:04:30 +0600] "GET /?i=classic-basics-trachtenbluse-138373654 HTTP/1.1" 200 141911 "-" "meta-externalagent/1.1 (+https://developers.facebook.com/docs/sharing/webmasters/crawler)"
57.141.2.26 - - [10/Mar/2026:18:04:30 +0600] "GET /?i=lavani-horquilla-ganimedes-10409055 HTTP/1.1" 200 140508 "-" "meta-externalagent/1.1 (+https://developers.facebook.com/docs/sharing/webmasters/crawler)"
57.141.2.50 - - [10/Mar/2026:18:04:31 +0600] "GET /?i=loewe-alpha-slim-sunglasses-4-colours-34635355 HTTP/1.1" 200 142825 "-" "meta-externalagent/1.1 (+https://developers.facebook.com/docs/sharing/webmasters/crawler)"
57.141.2.38 - - [10/Mar/2026:18:04:31 +0600] "GET /?i=wala-chaquetas-levis-baker-harrington-jacket-20037455 HTTP/1.1" 200 142083 "-" "meta-externalagent/1.1 (+https://developers.facebook.com/docs/sharing/webmasters/crawler)"
57.141.2.40 - - [10/Mar/2026:18:04:31 +0600] "GET /?i=lekue-molde-redondo-20-cm-10565355 HTTP/1.1" 200 140564 "-" "meta-externalagent/1.1 (+https://developers.facebook.com/docs/sharing/webmasters/crawler)"
57.141.2.67 - - [10/Mar/2026:18:04:32 +0600] "GET /?i=goods-122807854 HTTP/1.1" 200 143917 "-" "meta-externalagent/1.1 (+https://developers.facebook.com/docs/sharing/webmasters/crawler)"
57.141.2.11 - - [10/Mar/2026:18:04:32 +0600] "GET /?i=stuart-weitzman-amos-en-black-de-mujer-stuart-weitzman-39840955 HTTP/1.1" 200 142683 "-" "meta-externalagent/1.1 (+https://developers.facebook.com/docs/sharing/webmasters/crawler)"
57.141.2.60 - - [10/Mar/2026:18:04:33 +0600] "GET /?i=nacnic-lamina-de-patente-de-maquina-de-helados-antigua-12314255 HTTP/1.1" 200 142925 "-" "meta-externalagent/1.1 (+https://developers.facebook.com/docs/sharing/webmasters/crawler)"
57.141.2.57 - - [10/Mar/2026:18:04:33 +0600] "GET /?i=westwing-banco-de-madera-para-exterior-noemi-31442755 HTTP/1.1" 200 142104 "-" "meta-externalagent/1.1 (+https://developers.facebook.com/docs/sharing/webmasters/crawler)"
57.141.2.10 - - [10/Mar/2026:18:04:34 +0600] "GET /?i=paco-gil-rita-coral-suede-13705655 HTTP/1.1" 200 140407 "-" "meta-externalagent/1.1 (+https://developers.facebook.com/docs/sharing/webmasters/crawler)"
57.141.2.12 - - [10/Mar/2026:18:04:34 +0600] "GET /?i=goods-2229954 HTTP/1.1" 200 142898 "-" "meta-externalagent/1.1 (+https://developers.facebook.com/docs/sharing/webmasters/crawler)"
57.141.2.18 - - [10/Mar/2026:18:04:35 +0600] "GET /?i=westwing-hervidor-negro-brillante-em77-1-5-l-32643355 HTTP/1.1" 200 142073 "-" "meta-externalagent/1.1 (+https://developers.facebook.com/docs/sharing/webmasters/crawler)"
74.7.227.10 - - [10/Mar/2026:18:04:35 +0600] "GET /76523428.phtml HTTP/1.1" 404 36192 "https://www.inprosysltd.com/sitemap-18.xml" "Mozilla/5.0 AppleWebKit/537.36 (KHTML, like Gecko; compatible; GPTBot/1.3; +https://openai.com/gptbot)"
57.141.2.1 - - [10/Mar/2026:18:04:35 +0600] "GET /?i=maisons-du-monde-juego-de-vasos-x6-de-cristal-transparente-y-dorado-31289155 HTTP/1.1" 200 143995 "-" "meta-externalagent/1.1 (+https://developers.facebook.com/docs/sharing/webmasters/crawler)"
57.141.2.53 - - [10/Mar/2026:18:04:36 +0600] "GET /?i=goods-86082054 HTTP/1.1" 200 144724 "-" "meta-externalagent/1.1 (+https://developers.facebook.com/docs/sharing/webmasters/crawler)"
57.141.2.51 - - [10/Mar/2026:18:04:36 +0600] "GET /?i=bricomart-rejilla-de-ventilacion-sobreponer-aluminio-bruto-20-x-20-c-30064655 HTTP/1.1" 200 146348 "-" "meta-externalagent/1.1 (+https://developers.facebook.com/docs/sharing/webmasters/crawler)"
57.141.2.63 - - [10/Mar/2026:18:04:37 +0600] "GET /?i=collistar-idro-attiva-bb-cream-spf-30-1-light-proteccion-solar-facia-27591855 HTTP/1.1" 200 146656 "-" "meta-externalagent/1.1 (+https://developers.facebook.com/docs/sharing/webmasters/crawler)"
57.141.2.16 - - [10/Mar/2026:18:04:37 +0600] "GET /?i=goods-90019254 HTTP/1.1" 200 149183 "-" "meta-externalagent/1.1 (+https://developers.facebook.com/docs/sharing/webmasters/crawler)"
57.141.2.32 - - [10/Mar/2026:18:04:38 +0600] "GET /?i=sklum-arleth-tischlampe-16507355 HTTP/1.1" 200 140461 "-" "meta-externalagent/1.1 (+https://developers.facebook.com/docs/sharing/webmasters/crawler)"
57.141.2.14 - - [10/Mar/2026:18:04:38 +0600] "GET /?i=goods-2912354 HTTP/1.1" 200 138954 "-" "meta-externalagent/1.1 (+https://developers.facebook.com/docs/sharing/webmasters/crawler)"
57.141.2.47 - - [10/Mar/2026:18:04:39 +0600] "GET /?i=women-secret-pijama-capri-100-algodon-print-holly-hobbie-22301555 HTTP/1.1" 200 143080 "-" "meta-externalagent/1.1 (+https://developers.facebook.com/docs/sharing/webmasters/crawler)"
57.141.2.56 - - [10/Mar/2026:18:04:40 +0600] "GET /?i=wala-camisetas-manga-corta-puma-gfc-europa-tee-21784455 HTTP/1.1" 200 3 "-" "meta-externalagent/1.1 (+https://developers.facebook.com/docs/sharing/webmasters/crawler)"
57.141.2.18 - - [10/Mar/2026:18:04:39 +0600] "GET /?i=goods-108580154 HTTP/1.1" 200 143526 "-" "meta-externalagent/1.1 (+https://developers.facebook.com/docs/sharing/webmasters/crawler)"
57.141.2.64 - - [10/Mar/2026:18:04:40 +0600] "GET /?i=dcasa-aceitera-de-cristal-antigoteo-para-mesa-de-cocina-de-gran-capa-4643955 HTTP/1.1" 200 143987 "-" "meta-externalagent/1.1 (+https://developers.facebook.com/docs/sharing/webmasters/crawler)"
57.141.2.38 - - [10/Mar/2026:18:04:41 +0600] "GET /?i=wala-camisetas-manga-corta-nike-w-nk-pro-ss-crp-tee-fa24-21095755 HTTP/1.1" 200 142521 "-" "meta-externalagent/1.1 (+https://developers.facebook.com/docs/sharing/webmasters/crawler)"
57.141.2.57 - - [10/Mar/2026:18:04:41 +0600] "GET /?i=camper-peu-zapatos-de-nobuk-multicolor-para-ninos-1997055 HTTP/1.1" 200 141057 "-" "meta-externalagent/1.1 (+https://developers.facebook.com/docs/sharing/webmasters/crawler)"
57.141.2.14 - - [10/Mar/2026:18:04:42 +0600] "GET /?i=wind-x-treme-tubularwind-junior-tuttifrutti-22243555 HTTP/1.1" 200 140230 "-" "meta-externalagent/1.1 (+https://developers.facebook.com/docs/sharing/webmasters/crawler)"
57.141.2.52 - - [10/Mar/2026:18:04:43 +0600] "GET /?i=goods-17809554 HTTP/1.1" 200 143739 "-" "meta-externalagent/1.1 (+https://developers.facebook.com/docs/sharing/webmasters/crawler)"
57.141.2.30 - - [10/Mar/2026:18:04:43 +0600] "GET /?i=goods-48921854 HTTP/1.1" 200 140612 "-" "meta-externalagent/1.1 (+https://developers.facebook.com/docs/sharing/webmasters/crawler)"
57.141.2.61 - - [10/Mar/2026:18:04:44 +0600] "GET /?i=superdry-vestido-con-capucha-y-strass-tattoo-37652455 HTTP/1.1" 200 140793 "-" "meta-externalagent/1.1 (+https://developers.facebook.com/docs/sharing/webmasters/crawler)"
57.141.2.70 - - [10/Mar/2026:18:04:44 +0600] "GET /?i=luna-llena-falda-nina-coleccion-tanger-tp780-luna-llena-11471155 HTTP/1.1" 200 141151 "-" "meta-externalagent/1.1 (+https://developers.facebook.com/docs/sharing/webmasters/crawler)"
57.141.2.36 - - [10/Mar/2026:18:04:45 +0600] "GET /?i=goods-9512054 HTTP/1.1" 200 143479 "-" "meta-externalagent/1.1 (+https://developers.facebook.com/docs/sharing/webmasters/crawler)"
57.141.2.14 - - [10/Mar/2026:18:04:45 +0600] "GET /?i=goods-46890754 HTTP/1.1" 200 140202 "-" "meta-externalagent/1.1 (+https://developers.facebook.com/docs/sharing/webmasters/crawler)"
57.141.2.24 - - [10/Mar/2026:18:04:46 +0600] "GET /?i=gant-chaqueta-windcheater-de-algodon-38472555 HTTP/1.1" 200 141180 "-" "meta-externalagent/1.1 (+https://developers.facebook.com/docs/sharing/webmasters/crawler)"
57.141.2.62 - - [10/Mar/2026:18:04:46 +0600] "GET /?i=cortefiel-vestido-de-tricot-con-flecos-3171855 HTTP/1.1" 200 141679 "-" "meta-externalagent/1.1 (+https://developers.facebook.com/docs/sharing/webmasters/crawler)"
57.141.2.67 - - [10/Mar/2026:18:04:47 +0600] "GET /?i=cambrass-saco-capazo-cruzado-neo-rosa-40x80x5-cm-1886855 HTTP/1.1" 200 141466 "-" "meta-externalagent/1.1 (+https://developers.facebook.com/docs/sharing/webmasters/crawler)"
57.141.2.66 - - [10/Mar/2026:18:04:47 +0600] "GET /?i=wala-banadores-rip-curl-smu-fade-volley-boy-20036955 HTTP/1.1" 200 142449 "-" "meta-externalagent/1.1 (+https://developers.facebook.com/docs/sharing/webmasters/crawler)"
57.141.2.35 - - [10/Mar/2026:18:04:42 +0600] "GET /?i=mtng-compra-future-negro-58987-ninos-nina-calzado-botines-11634755 HTTP/1.1" 200 142954 "-" "meta-externalagent/1.1 (+https://developers.facebook.com/docs/sharing/webmasters/crawler)"
57.141.2.11 - - [10/Mar/2026:18:04:48 +0600] "GET /?i=conforama-armario-multiusos-dlazar-zapatero-de-2-puertas-mueble-bajo-28585455 HTTP/1.1" 200 145839 "-" "meta-externalagent/1.1 (+https://developers.facebook.com/docs/sharing/webmasters/crawler)"
57.141.2.4 - - [10/Mar/2026:18:04:48 +0600] "GET /?i=goods-125580254 HTTP/1.1" 200 143316 "-" "meta-externalagent/1.1 (+https://developers.facebook.com/docs/sharing/webmasters/crawler)"
57.141.2.16 - - [10/Mar/2026:18:04:49 +0600] "GET /?i=goods-55124054 HTTP/1.1" 200 142260 "-" "meta-externalagent/1.1 (+https://developers.facebook.com/docs/sharing/webmasters/crawler)"
57.141.2.40 - - [10/Mar/2026:18:04:49 +0600] "GET /?i=kenay-home-aparador-150-blanco-9651555 HTTP/1.1" 200 139760 "-" "meta-externalagent/1.1 (+https://developers.facebook.com/docs/sharing/webmasters/crawler)"
74.7.242.57 - - [10/Mar/2026:18:04:49 +0600] "GET /480502538.htm HTTP/1.1" 404 35756 "https://inprosysltd.com/sitemap-9.xml" "Mozilla/5.0 AppleWebKit/537.36 (KHTML, like Gecko; compatible; GPTBot/1.3; +https://openai.com/gptbot)"
57.141.2.27 - - [10/Mar/2026:18:04:50 +0600] "GET /?i=tocoto-vintage-blusa-plumeti-volante-18721955 HTTP/1.1" 200 139883 "-" "meta-externalagent/1.1 (+https://developers.facebook.com/docs/sharing/webmasters/crawler)"
57.141.2.28 - - [10/Mar/2026:18:04:50 +0600] "GET /?i=hugo-boss-camiseta-sin-mangas-slim-fit-de-algodon-elastico-con-estru-37914055 HTTP/1.1" 200 143263 "-" "meta-externalagent/1.1 (+https://developers.facebook.com/docs/sharing/webmasters/crawler)"
57.141.2.52 - - [10/Mar/2026:18:04:50 +0600] "GET /?i=camper-botines-milah-para-mujer-primavera-verano-39819255 HTTP/1.1" 200 140912 "-" "meta-externalagent/1.1 (+https://developers.facebook.com/docs/sharing/webmasters/crawler)"
57.141.2.37 - - [10/Mar/2026:18:04:51 +0600] "GET /?i=in-side-cazadora-acolchada-con-capucha-8966055 HTTP/1.1" 200 139812 "-" "meta-externalagent/1.1 (+https://developers.facebook.com/docs/sharing/webmasters/crawler)"
57.141.2.66 - - [10/Mar/2026:18:04:52 +0600] "GET /?i=cecotec-cajon-superior-congelador-coolmarket-combi-356-white-d-322-i-2621955 HTTP/1.1" 200 150252 "-" "meta-externalagent/1.1 (+https://developers.facebook.com/docs/sharing/webmasters/crawler)"
57.141.2.61 - - [10/Mar/2026:18:04:52 +0600] "GET /?i=vical-home-espejo-kodie-19549255 HTTP/1.1" 200 139808 "-" "meta-externalagent/1.1 (+https://developers.facebook.com/docs/sharing/webmasters/crawler)"
57.141.2.41 - - [10/Mar/2026:18:04:53 +0600] "GET /?i=dessata-pinzas-para-el-pelo-5248655 HTTP/1.1" 200 139550 "-" "meta-externalagent/1.1 (+https://developers.facebook.com/docs/sharing/webmasters/crawler)"
57.141.2.43 - - [10/Mar/2026:18:04:53 +0600] "GET /?i=kenay-home-estante-blanco-infantil-9652455 HTTP/1.1" 200 139972 "-" "meta-externalagent/1.1 (+https://developers.facebook.com/docs/sharing/webmasters/crawler)"
57.141.2.63 - - [10/Mar/2026:18:04:54 +0600] "GET /?i=hugo-boss-vestido-de-raso-fluido-con-cuello-en-cascada-37913155 HTTP/1.1" 200 142404 "-" "meta-externalagent/1.1 (+https://developers.facebook.com/docs/sharing/webmasters/crawler)"
57.141.2.65 - - [10/Mar/2026:18:04:54 +0600] "GET /?i=westwing-copas-de-vino-con-patron-texturizado-colorado-4-uds-32374555 HTTP/1.1" 200 142421 "-" "meta-externalagent/1.1 (+https://developers.facebook.com/docs/sharing/webmasters/crawler)"
57.141.2.40 - - [10/Mar/2026:18:04:55 +0600] "GET /?i=tocoto-vintage-bermuda-jeans-listado-azul-18719155 HTTP/1.1" 200 140070 "-" "meta-externalagent/1.1 (+https://developers.facebook.com/docs/sharing/webmasters/crawler)"
57.141.2.36 - - [10/Mar/2026:18:04:55 +0600] "GET /?i=cecotec-vaso-medidor-mambo-cooking-victory-mambo-cooking-unique-mamb-2669155 HTTP/1.1" 200 143166 "-" "meta-externalagent/1.1 (+https://developers.facebook.com/docs/sharing/webmasters/crawler)"
57.141.2.25 - - [10/Mar/2026:18:04:56 +0600] "GET /?i=goods-97087754 HTTP/1.1" 200 143686 "-" "meta-externalagent/1.1 (+https://developers.facebook.com/docs/sharing/webmasters/crawler)"
57.141.2.37 - - [10/Mar/2026:18:04:56 +0600] "GET /?i=goods-61816454 HTTP/1.1" 200 142250 "-" "meta-externalagent/1.1 (+https://developers.facebook.com/docs/sharing/webmasters/crawler)"
57.141.2.17 - - [10/Mar/2026:18:04:57 +0600] "GET /?i=vical-home-jarron-adib-19442355 HTTP/1.1" 200 140086 "-" "meta-externalagent/1.1 (+https://developers.facebook.com/docs/sharing/webmasters/crawler)"
57.141.2.56 - - [10/Mar/2026:18:04:57 +0600] "GET /?i=goods-130601954 HTTP/1.1" 200 141680 "-" "meta-externalagent/1.1 (+https://developers.facebook.com/docs/sharing/webmasters/crawler)"
57.141.2.41 - - [10/Mar/2026:18:04:58 +0600] "GET /?i=valentino-cartera-vlogo-signature-34991855 HTTP/1.1" 200 141655 "-" "meta-externalagent/1.1 (+https://developers.facebook.com/docs/sharing/webmasters/crawler)"
57.141.2.41 - - [10/Mar/2026:18:04:58 +0600] "GET /?i=lolahome-espejo-flor-oro-envejecido-de-cristal-y-plastico-de-o-40-cm-10981255 HTTP/1.1" 200 142154 "-" "meta-externalagent/1.1 (+https://developers.facebook.com/docs/sharing/webmasters/crawler)"
57.141.2.39 - - [10/Mar/2026:18:04:59 +0600] "GET /?i=xti-zapato-de-nina-xti-kid-15124502-23159455 HTTP/1.1" 200 139907 "-" "meta-externalagent/1.1 (+https://developers.facebook.com/docs/sharing/webmasters/crawler)"
57.141.2.38 - - [10/Mar/2026:18:04:59 +0600] "GET /?i=wala-vestidos-only-onllive-love-singlet-dress-jrs-20701355 HTTP/1.1" 200 142296 "-" "meta-externalagent/1.1 (+https://developers.facebook.com/docs/sharing/webmasters/crawler)"
57.141.2.37 - - [10/Mar/2026:18:05:00 +0600] "GET /?i=defeet-dickadee-neck-gaiter-5074955 HTTP/1.1" 200 140672 "-" "meta-externalagent/1.1 (+https://developers.facebook.com/docs/sharing/webmasters/crawler)"
57.141.2.32 - - [10/Mar/2026:18:05:00 +0600] "GET /?i=lendan-cosmetics-champu-extra-liss-10579655 HTTP/1.1" 200 139892 "-" "meta-externalagent/1.1 (+https://developers.facebook.com/docs/sharing/webmasters/crawler)"
57.141.2.57 - - [10/Mar/2026:18:05:01 +0600] "GET /?i=goods-81270454 HTTP/1.1" 200 141821 "-" "meta-externalagent/1.1 (+https://developers.facebook.com/docs/sharing/webmasters/crawler)"
57.141.2.65 - - [10/Mar/2026:18:05:01 +0600] "GET /?i=alma-en-pena-zapato-destalonado-estribo-364355 HTTP/1.1" 200 140800 "-" "meta-externalagent/1.1 (+https://developers.facebook.com/docs/sharing/webmasters/crawler)"
57.141.2.62 - - [10/Mar/2026:18:05:02 +0600] "GET /?i=wala-camisetas-manga-corta-under-armour-ua-sportstyle-logo-update-ss-20726955 HTTP/1.1" 200 142691 "-" "meta-externalagent/1.1 (+https://developers.facebook.com/docs/sharing/webmasters/crawler)"
57.141.2.53 - - [10/Mar/2026:18:05:02 +0600] "GET /?i=eurostil-roll-on-cera-vino-110gr-6756555 HTTP/1.1" 200 139462 "-" "meta-externalagent/1.1 (+https://developers.facebook.com/docs/sharing/webmasters/crawler)"
57.141.2.40 - - [10/Mar/2026:18:05:03 +0600] "GET /?i=hugo-boss-cartera-plegable-de-piel-con-logo-grabado-y-bolsillo-moned-37746955 HTTP/1.1" 200 142665 "-" "meta-externalagent/1.1 (+https://developers.facebook.com/docs/sharing/webmasters/crawler)"
57.141.2.14 - - [10/Mar/2026:18:05:03 +0600] "GET /?i=lladro-figura-gato-catrina-10737755 HTTP/1.1" 200 143235 "-" "meta-externalagent/1.1 (+https://developers.facebook.com/docs/sharing/webmasters/crawler)"
57.141.2.7 - - [10/Mar/2026:18:05:04 +0600] "GET /?i=xti-botin-de-mujer-refresh-17084608-23326355 HTTP/1.1" 200 139659 "-" "meta-externalagent/1.1 (+https://developers.facebook.com/docs/sharing/webmasters/crawler)"
216.73.216.20 - - [10/Mar/2026:18:05:03 +0600] "GET /116258366.htm HTTP/1.1" 404 35756 "-" "Mozilla/5.0 AppleWebKit/537.36 (KHTML, like Gecko; compatible; ClaudeBot/1.0; +claudebot@anthropic.com)"
57.141.2.25 - - [10/Mar/2026:18:05:04 +0600] "GET /?i=bricomart-hilo-flexible-h07v-k-4mm2-negro-100m-30511355 HTTP/1.1" 200 143652 "-" "meta-externalagent/1.1 (+https://developers.facebook.com/docs/sharing/webmasters/crawler)"
216.73.216.20 - - [10/Mar/2026:18:05:04 +0600] "GET /9503294.htm HTTP/1.1" 404 35756 "-" "Mozilla/5.0 AppleWebKit/537.36 (KHTML, like Gecko; compatible; ClaudeBot/1.0; +claudebot@anthropic.com)"
216.73.216.20 - - [10/Mar/2026:18:05:04 +0600] "GET /483607064.htm HTTP/1.1" 404 35756 "-" "Mozilla/5.0 AppleWebKit/537.36 (KHTML, like Gecko; compatible; ClaudeBot/1.0; +claudebot@anthropic.com)"
57.141.2.64 - - [10/Mar/2026:18:05:05 +0600] "GET /?i=eurostil-esmalte-unas-verde-botella-12-ml-6430955 HTTP/1.1" 200 139624 "-" "meta-externalagent/1.1 (+https://developers.facebook.com/docs/sharing/webmasters/crawler)"
57.141.2.55 - - [10/Mar/2026:18:05:05 +0600] "GET /?i=goods-43322654 HTTP/1.1" 200 143517 "-" "meta-externalagent/1.1 (+https://developers.facebook.com/docs/sharing/webmasters/crawler)"
216.73.216.20 - - [10/Mar/2026:18:05:05 +0600] "GET /242003294.htm HTTP/1.1" 404 35756 "-" "Mozilla/5.0 AppleWebKit/537.36 (KHTML, like Gecko; compatible; ClaudeBot/1.0; +claudebot@anthropic.com)"
216.73.216.20 - - [10/Mar/2026:18:05:05 +0600] "GET /32350418.htm HTTP/1.1" 404 35756 "-" "Mozilla/5.0 AppleWebKit/537.36 (KHTML, like Gecko; compatible; ClaudeBot/1.0; +claudebot@anthropic.com)"
57.141.2.62 - - [10/Mar/2026:18:05:06 +0600] "GET /?i=goods-40207554 HTTP/1.1" 200 140173 "-" "meta-externalagent/1.1 (+https://developers.facebook.com/docs/sharing/webmasters/crawler)"
57.141.2.25 - - [10/Mar/2026:18:05:06 +0600] "GET /?i=eurostil-aceite-post-depil-500ml-rosa-mosqueta-6723555 HTTP/1.1" 200 139899 "-" "meta-externalagent/1.1 (+https://developers.facebook.com/docs/sharing/webmasters/crawler)"
216.73.216.20 - - [10/Mar/2026:18:05:06 +0600] "GET /433831790.htm HTTP/1.1" 404 35756 "-" "Mozilla/5.0 AppleWebKit/537.36 (KHTML, like Gecko; compatible; ClaudeBot/1.0; +claudebot@anthropic.com)"
57.141.2.37 - - [10/Mar/2026:18:05:07 +0600] "GET /?i=eurostil-peine-batidor-para-mechas-colores-6548755 HTTP/1.1" 200 139905 "-" "meta-externalagent/1.1 (+https://developers.facebook.com/docs/sharing/webmasters/crawler)"
216.73.216.20 - - [10/Mar/2026:18:05:07 +0600] "GET /78166310.htm HTTP/1.1" 404 35756 "-" "Mozilla/5.0 AppleWebKit/537.36 (KHTML, like Gecko; compatible; ClaudeBot/1.0; +claudebot@anthropic.com)"
57.141.2.66 - - [10/Mar/2026:18:05:07 +0600] "GET /?i=tezenis-jersey-con-cuello-redondo-con-estampado-de-navidad-unisex-pa-36627255 HTTP/1.1" 200 142618 "-" "meta-externalagent/1.1 (+https://developers.facebook.com/docs/sharing/webmasters/crawler)"
216.73.216.20 - - [10/Mar/2026:18:05:07 +0600] "GET /395908994.htm HTTP/1.1" 404 35756 "-" "Mozilla/5.0 AppleWebKit/537.36 (KHTML, like Gecko; compatible; ClaudeBot/1.0; +claudebot@anthropic.com)"
216.73.216.20 - - [10/Mar/2026:18:05:08 +0600] "GET /92089340.htm HTTP/1.1" 404 35756 "-" "Mozilla/5.0 AppleWebKit/537.36 (KHTML, like Gecko; compatible; ClaudeBot/1.0; +claudebot@anthropic.com)"
57.141.2.47 - - [10/Mar/2026:18:05:08 +0600] "GET /?i=goods-114759054 HTTP/1.1" 200 146500 "-" "meta-externalagent/1.1 (+https://developers.facebook.com/docs/sharing/webmasters/crawler)"
57.141.2.32 - - [10/Mar/2026:18:05:08 +0600] "GET /?i=makeup-by-mario-softsculpt-shaping-stick-contorno-en-barra-27590655 HTTP/1.1" 200 143532 "-" "meta-externalagent/1.1 (+https://developers.facebook.com/docs/sharing/webmasters/crawler)"
57.141.2.52 - - [10/Mar/2026:18:05:09 +0600] "GET /?i=el-naturalista-5862-tabernas-5864755 HTTP/1.1" 200 139965 "-" "meta-externalagent/1.1 (+https://developers.facebook.com/docs/sharing/webmasters/crawler)"
216.73.216.20 - - [10/Mar/2026:18:05:08 +0600] "GET /520280870.htm HTTP/1.1" 404 35756 "-" "Mozilla/5.0 AppleWebKit/537.36 (KHTML, like Gecko; compatible; ClaudeBot/1.0; +claudebot@anthropic.com)"
57.141.2.29 - - [10/Mar/2026:18:05:09 +0600] "GET /?i=defeet-aireator-6-pisgah-peaks-5076155 HTTP/1.1" 200 140339 "-" "meta-externalagent/1.1 (+https://developers.facebook.com/docs/sharing/webmasters/crawler)"
216.73.216.20 - - [10/Mar/2026:18:05:09 +0600] "GET /175362470.htm HTTP/1.1" 404 35756 "-" "Mozilla/5.0 AppleWebKit/537.36 (KHTML, like Gecko; compatible; ClaudeBot/1.0; +claudebot@anthropic.com)"
216.73.216.20 - - [10/Mar/2026:18:05:09 +0600] "GET /398190098.htm HTTP/1.1" 404 35756 "-" "Mozilla/5.0 AppleWebKit/537.36 (KHTML, like Gecko; compatible; ClaudeBot/1.0; +claudebot@anthropic.com)"
57.141.2.24 - - [10/Mar/2026:18:05:10 +0600] "GET /?i=garcia-de-pou-aro-enrejado-pizza-o-30-cm-plateado-aluminio-1-unid-7956155 HTTP/1.1" 200 143274 "-" "meta-externalagent/1.1 (+https://developers.facebook.com/docs/sharing/webmasters/crawler)"
57.141.2.11 - - [10/Mar/2026:18:05:10 +0600] "GET /?i=wala-camisas-manga-larga-tom-tailor-blouse-20027655 HTTP/1.1" 200 142409 "-" "meta-externalagent/1.1 (+https://developers.facebook.com/docs/sharing/webmasters/crawler)"
57.141.2.26 - - [10/Mar/2026:18:05:11 +0600] "GET /?i=samsonite-pro-dlx-6-trvl-maleta-spinner-expandible-4-ruedas-79cm-35201555 HTTP/1.1" 200 144879 "-" "meta-externalagent/1.1 (+https://developers.facebook.com/docs/sharing/webmasters/crawler)"
57.141.2.55 - - [10/Mar/2026:18:05:12 +0600] "GET /?i=naturvital-tinte-coloursafe-permanente-n-1-negro-12732255 HTTP/1.1" 200 142002 "-" "meta-externalagent/1.1 (+https://developers.facebook.com/docs/sharing/webmasters/crawler)"
57.141.2.21 - - [10/Mar/2026:18:05:12 +0600] "GET /?i=paez-tulipa-microfiber-napa-burgundy-13706555 HTTP/1.1" 200 140131 "-" "meta-externalagent/1.1 (+https://developers.facebook.com/docs/sharing/webmasters/crawler)"
57.141.2.37 - - [10/Mar/2026:18:05:13 +0600] "GET /?i=westwing-poster-ocean-in-lines-02-31894655 HTTP/1.1" 200 141684 "-" "meta-externalagent/1.1 (+https://developers.facebook.com/docs/sharing/webmasters/crawler)"
57.141.2.5 - - [10/Mar/2026:18:05:13 +0600] "GET /?i=goods-13609954 HTTP/1.1" 200 140018 "-" "meta-externalagent/1.1 (+https://developers.facebook.com/docs/sharing/webmasters/crawler)"
57.141.2.63 - - [10/Mar/2026:18:05:14 +0600] "GET /?i=goods-4768254 HTTP/1.1" 200 140323 "-" "meta-externalagent/1.1 (+https://developers.facebook.com/docs/sharing/webmasters/crawler)"
216.73.216.20 - - [10/Mar/2026:18:05:14 +0600] "GET /95963348.htm HTTP/1.1" 404 35756 "-" "Mozilla/5.0 AppleWebKit/537.36 (KHTML, like Gecko; compatible; ClaudeBot/1.0; +claudebot@anthropic.com)"
57.141.2.26 - - [10/Mar/2026:18:05:14 +0600] "GET /?i=eurostil-capa-corte-cierre-6-botones-plastico-6609255 HTTP/1.1" 200 139801 "-" "meta-externalagent/1.1 (+https://developers.facebook.com/docs/sharing/webmasters/crawler)"
216.73.216.20 - - [10/Mar/2026:18:05:14 +0600] "GET /34076870.htm HTTP/1.1" 404 35756 "-" "Mozilla/5.0 AppleWebKit/537.36 (KHTML, like Gecko; compatible; ClaudeBot/1.0; +claudebot@anthropic.com)"
216.73.216.20 - - [10/Mar/2026:18:05:15 +0600] "GET /51488702.htm HTTP/1.1" 404 35756 "-" "Mozilla/5.0 AppleWebKit/537.36 (KHTML, like Gecko; compatible; ClaudeBot/1.0; +claudebot@anthropic.com)"
57.141.2.32 - - [10/Mar/2026:18:05:15 +0600] "GET /?i=the-north-face-playera-cuello-redondo-elevation-hombre-27275055 HTTP/1.1" 200 142802 "-" "meta-externalagent/1.1 (+https://developers.facebook.com/docs/sharing/webmasters/crawler)"
57.141.2.62 - - [10/Mar/2026:18:05:15 +0600] "GET /?i=armani-chalecos-33876455 HTTP/1.1" 200 140832 "-" "meta-externalagent/1.1 (+https://developers.facebook.com/docs/sharing/webmasters/crawler)"
216.73.216.20 - - [10/Mar/2026:18:05:16 +0600] "GET /197811926.htm HTTP/1.1" 404 35756 "-" "Mozilla/5.0 AppleWebKit/537.36 (KHTML, like Gecko; compatible; ClaudeBot/1.0; +claudebot@anthropic.com)"
