관리-도구
편집 파일: inprosysltd.com-ssl_log
216.73.216.20 - - [10/Mar/2026:18:00:20 +0600] "GET /444327770.htm HTTP/1.1" 404 35756 "-" "Mozilla/5.0 AppleWebKit/537.36 (KHTML, like Gecko; compatible; ClaudeBot/1.0; +claudebot@anthropic.com)"
57.141.2.54 - - [10/Mar/2026:18:00:20 +0600] "GET /?i=goods-68413454 HTTP/1.1" 200 140815 "-" "meta-externalagent/1.1 (+https://developers.facebook.com/docs/sharing/webmasters/crawler)"
216.73.216.20 - - [10/Mar/2026:18:00:20 +0600] "GET /30091634.htm HTTP/1.1" 404 35756 "-" "Mozilla/5.0 AppleWebKit/537.36 (KHTML, like Gecko; compatible; ClaudeBot/1.0; +claudebot@anthropic.com)"
57.141.2.32 - - [10/Mar/2026:18:00:20 +0600] "GET /?i=goods-90338854 HTTP/1.1" 200 150525 "-" "meta-externalagent/1.1 (+https://developers.facebook.com/docs/sharing/webmasters/crawler)"
74.7.227.10 - - [10/Mar/2026:18:00:20 +0600] "GET /36076021.phtml HTTP/1.1" 404 36192 "https://www.inprosysltd.com/sitemap-18.xml" "Mozilla/5.0 AppleWebKit/537.36 (KHTML, like Gecko; compatible; GPTBot/1.3; +https://openai.com/gptbot)"
216.73.216.20 - - [10/Mar/2026:18:00:21 +0600] "GET /381046292.htm HTTP/1.1" 404 35756 "-" "Mozilla/5.0 AppleWebKit/537.36 (KHTML, like Gecko; compatible; ClaudeBot/1.0; +claudebot@anthropic.com)"
57.141.2.23 - - [10/Mar/2026:18:00:21 +0600] "GET /?i=goods-129803954 HTTP/1.1" 200 144264 "-" "meta-externalagent/1.1 (+https://developers.facebook.com/docs/sharing/webmasters/crawler)"
57.141.2.66 - - [10/Mar/2026:18:00:21 +0600] "GET /?i=goods-95440254 HTTP/1.1" 200 140274 "-" "meta-externalagent/1.1 (+https://developers.facebook.com/docs/sharing/webmasters/crawler)"
216.73.216.20 - - [10/Mar/2026:18:00:21 +0600] "GET /489815744.htm HTTP/1.1" 404 35756 "-" "Mozilla/5.0 AppleWebKit/537.36 (KHTML, like Gecko; compatible; ClaudeBot/1.0; +claudebot@anthropic.com)"
216.73.216.20 - - [10/Mar/2026:18:00:22 +0600] "GET /70710686.htm HTTP/1.1" 404 35756 "-" "Mozilla/5.0 AppleWebKit/537.36 (KHTML, like Gecko; compatible; ClaudeBot/1.0; +claudebot@anthropic.com)"
57.141.2.27 - - [10/Mar/2026:18:00:22 +0600] "GET /?i=fisura-abanico-cazzo-di-caldo-degradado-brilla-en-la-oscuridad-7557055 HTTP/1.1" 200 140632 "-" "meta-externalagent/1.1 (+https://developers.facebook.com/docs/sharing/webmasters/crawler)"
216.73.216.20 - - [10/Mar/2026:18:00:22 +0600] "GET /64831784.htm HTTP/1.1" 404 35756 "-" "Mozilla/5.0 AppleWebKit/537.36 (KHTML, like Gecko; compatible; ClaudeBot/1.0; +claudebot@anthropic.com)"
57.141.2.67 - - [10/Mar/2026:18:00:23 +0600] "GET /?i=goods-136238754 HTTP/1.1" 200 144073 "-" "meta-externalagent/1.1 (+https://developers.facebook.com/docs/sharing/webmasters/crawler)"
57.141.2.65 - - [10/Mar/2026:18:00:23 +0600] "GET /?i=wind-x-treme-tubularwind-junior-dasilva-junior-22243855 HTTP/1.1" 200 140373 "-" "meta-externalagent/1.1 (+https://developers.facebook.com/docs/sharing/webmasters/crawler)"
216.73.216.20 - - [10/Mar/2026:18:00:23 +0600] "GET /187448564.htm HTTP/1.1" 404 35756 "-" "Mozilla/5.0 AppleWebKit/537.36 (KHTML, like Gecko; compatible; ClaudeBot/1.0; +claudebot@anthropic.com)"
216.73.216.20 - - [10/Mar/2026:18:00:23 +0600] "GET /166375508.htm HTTP/1.1" 404 35756 "-" "Mozilla/5.0 AppleWebKit/537.36 (KHTML, like Gecko; compatible; ClaudeBot/1.0; +claudebot@anthropic.com)"
57.141.2.45 - - [10/Mar/2026:18:00:23 +0600] "GET /?i=goods-128982254 HTTP/1.1" 200 142080 "-" "meta-externalagent/1.1 (+https://developers.facebook.com/docs/sharing/webmasters/crawler)"
57.141.2.59 - - [10/Mar/2026:18:00:24 +0600] "GET /?i=goods-41983354 HTTP/1.1" 200 146956 "-" "meta-externalagent/1.1 (+https://developers.facebook.com/docs/sharing/webmasters/crawler)"
57.141.2.59 - - [10/Mar/2026:18:00:24 +0600] "GET /?i=piqueras-y-crespo-silla-montalvos-bali-rojo-14274255 HTTP/1.1" 200 142870 "-" "meta-externalagent/1.1 (+https://developers.facebook.com/docs/sharing/webmasters/crawler)"
57.141.2.38 - - [10/Mar/2026:18:00:25 +0600] "GET /?i=goods-27242154 HTTP/1.1" 200 143921 "-" "meta-externalagent/1.1 (+https://developers.facebook.com/docs/sharing/webmasters/crawler)"
57.141.2.5 - - [10/Mar/2026:18:00:25 +0600] "GET /?i=ecoalf-green-cronin-jacket-5538055 HTTP/1.1" 200 140042 "-" "meta-externalagent/1.1 (+https://developers.facebook.com/docs/sharing/webmasters/crawler)"
57.141.2.57 - - [10/Mar/2026:18:00:26 +0600] "GET /?i=vical-home-lienzo-nael-19548855 HTTP/1.1" 200 139683 "-" "meta-externalagent/1.1 (+https://developers.facebook.com/docs/sharing/webmasters/crawler)"
57.141.2.23 - - [10/Mar/2026:18:00:26 +0600] "GET /?i=goods-70202654 HTTP/1.1" 200 142901 "-" "meta-externalagent/1.1 (+https://developers.facebook.com/docs/sharing/webmasters/crawler)"
57.141.2.28 - - [10/Mar/2026:18:00:27 +0600] "GET /?i=bricomart-lampara-senalizacion-30593155 HTTP/1.1" 200 143304 "-" "meta-externalagent/1.1 (+https://developers.facebook.com/docs/sharing/webmasters/crawler)"
57.141.2.67 - - [10/Mar/2026:18:00:27 +0600] "GET /?i=wala-sudaderas-jack-jones-jjsimon-sweat-hood-20635555 HTTP/1.1" 200 142621 "-" "meta-externalagent/1.1 (+https://developers.facebook.com/docs/sharing/webmasters/crawler)"
216.73.216.20 - - [10/Mar/2026:18:00:28 +0600] "GET /329058362.htm HTTP/1.1" 404 35756 "-" "Mozilla/5.0 AppleWebKit/537.36 (KHTML, like Gecko; compatible; ClaudeBot/1.0; +claudebot@anthropic.com)"
57.141.2.18 - - [10/Mar/2026:18:00:28 +0600] "GET /?i=goods-144186254 HTTP/1.1" 200 141844 "-" "meta-externalagent/1.1 (+https://developers.facebook.com/docs/sharing/webmasters/crawler)"
216.73.216.20 - - [10/Mar/2026:18:00:28 +0600] "GET /291136868.htm HTTP/1.1" 404 35756 "-" "Mozilla/5.0 AppleWebKit/537.36 (KHTML, like Gecko; compatible; ClaudeBot/1.0; +claudebot@anthropic.com)"
57.141.2.3 - - [10/Mar/2026:18:00:28 +0600] "GET /?i=goods-15266254 HTTP/1.1" 200 143454 "-" "meta-externalagent/1.1 (+https://developers.facebook.com/docs/sharing/webmasters/crawler)"
216.73.216.20 - - [10/Mar/2026:18:00:28 +0600] "GET /329052224.htm HTTP/1.1" 404 35756 "-" "Mozilla/5.0 AppleWebKit/537.36 (KHTML, like Gecko; compatible; ClaudeBot/1.0; +claudebot@anthropic.com)"
57.141.2.21 - - [10/Mar/2026:18:00:29 +0600] "GET /?i=westwing-consola-seaford-31579455 HTTP/1.1" 200 142033 "-" "meta-externalagent/1.1 (+https://developers.facebook.com/docs/sharing/webmasters/crawler)"
57.141.2.58 - - [10/Mar/2026:18:00:29 +0600] "GET /?i=mimub-renacer-financiero-como-eliminar-deuda-ayuda-a-empresarios-de-35779255 HTTP/1.1" 200 145801 "-" "meta-externalagent/1.1 (+https://developers.facebook.com/docs/sharing/webmasters/crawler)"
216.73.216.20 - - [10/Mar/2026:18:00:29 +0600] "GET /327665222.htm HTTP/1.1" 404 35756 "-" "Mozilla/5.0 AppleWebKit/537.36 (KHTML, like Gecko; compatible; ClaudeBot/1.0; +claudebot@anthropic.com)"
57.141.2.10 - - [10/Mar/2026:18:00:30 +0600] "GET /?i=cortefiel-chaqueta-abullonada-3122155 HTTP/1.1" 200 141181 "-" "meta-externalagent/1.1 (+https://developers.facebook.com/docs/sharing/webmasters/crawler)"
216.73.216.20 - - [10/Mar/2026:18:00:29 +0600] "GET /175129784.htm HTTP/1.1" 404 35756 "-" "Mozilla/5.0 AppleWebKit/537.36 (KHTML, like Gecko; compatible; ClaudeBot/1.0; +claudebot@anthropic.com)"
216.73.216.20 - - [10/Mar/2026:18:00:30 +0600] "GET /534791102.htm HTTP/1.1" 404 35756 "-" "Mozilla/5.0 AppleWebKit/537.36 (KHTML, like Gecko; compatible; ClaudeBot/1.0; +claudebot@anthropic.com)"
57.141.2.1 - - [10/Mar/2026:18:00:30 +0600] "GET /?i=punto-blanco-calcetines-de-lana-super-merino-lisos-elastic-14759755 HTTP/1.1" 200 141478 "-" "meta-externalagent/1.1 (+https://developers.facebook.com/docs/sharing/webmasters/crawler)"
57.141.2.20 - - [10/Mar/2026:18:00:31 +0600] "GET /?i=burberry-falda-plisada-mini-en-mezcla-de-lana-checkprecio-1-450-00-33191955 HTTP/1.1" 200 144015 "-" "meta-externalagent/1.1 (+https://developers.facebook.com/docs/sharing/webmasters/crawler)"
216.73.216.20 - - [10/Mar/2026:18:00:31 +0600] "GET /410837726.htm HTTP/1.1" 404 35756 "-" "Mozilla/5.0 AppleWebKit/537.36 (KHTML, like Gecko; compatible; ClaudeBot/1.0; +claudebot@anthropic.com)"
57.141.2.40 - - [10/Mar/2026:18:00:31 +0600] "GET /?i=hugo-boss-vestido-de-saten-con-tirantes-halter-y-ribete-de-cristal-37890455 HTTP/1.1" 200 142773 "-" "meta-externalagent/1.1 (+https://developers.facebook.com/docs/sharing/webmasters/crawler)"
216.73.216.20 - - [10/Mar/2026:18:00:31 +0600] "GET /463189658.htm HTTP/1.1" 404 35756 "-" "Mozilla/5.0 AppleWebKit/537.36 (KHTML, like Gecko; compatible; ClaudeBot/1.0; +claudebot@anthropic.com)"
216.73.216.20 - - [10/Mar/2026:18:00:32 +0600] "GET /223166330.htm HTTP/1.1" 404 35756 "-" "Mozilla/5.0 AppleWebKit/537.36 (KHTML, like Gecko; compatible; ClaudeBot/1.0; +claudebot@anthropic.com)"
57.141.2.6 - - [10/Mar/2026:18:00:32 +0600] "GET /?i=cortefiel-polo-basico-pique-3122555 HTTP/1.1" 200 141103 "-" "meta-externalagent/1.1 (+https://developers.facebook.com/docs/sharing/webmasters/crawler)"
57.141.2.66 - - [10/Mar/2026:18:00:32 +0600] "GET /?i=goods-122852954 HTTP/1.1" 200 143832 "-" "meta-externalagent/1.1 (+https://developers.facebook.com/docs/sharing/webmasters/crawler)"
216.73.216.20 - - [10/Mar/2026:18:00:32 +0600] "GET /253237694.htm HTTP/1.1" 404 35756 "-" "Mozilla/5.0 AppleWebKit/537.36 (KHTML, like Gecko; compatible; ClaudeBot/1.0; +claudebot@anthropic.com)"
216.73.216.20 - - [10/Mar/2026:18:00:33 +0600] "GET /465375716.htm HTTP/1.1" 404 35756 "-" "Mozilla/5.0 AppleWebKit/537.36 (KHTML, like Gecko; compatible; ClaudeBot/1.0; +claudebot@anthropic.com)"
57.141.2.54 - - [10/Mar/2026:18:00:33 +0600] "GET /?i=samsonite-move-5-0-bolso-m-35305055 HTTP/1.1" 200 143344 "-" "meta-externalagent/1.1 (+https://developers.facebook.com/docs/sharing/webmasters/crawler)"
216.73.216.20 - - [10/Mar/2026:18:00:33 +0600] "GET /362822012.htm HTTP/1.1" 404 35756 "-" "Mozilla/5.0 AppleWebKit/537.36 (KHTML, like Gecko; compatible; ClaudeBot/1.0; +claudebot@anthropic.com)"
57.141.2.29 - - [10/Mar/2026:18:00:33 +0600] "GET /?i=goods-49748854 HTTP/1.1" 200 140785 "-" "meta-externalagent/1.1 (+https://developers.facebook.com/docs/sharing/webmasters/crawler)"
57.141.2.36 - - [10/Mar/2026:18:00:34 +0600] "GET /?i=maisons-du-monde-eclipse-2-mesas-apilables-de-vidrio-templado-y-meta-31012855 HTTP/1.1" 200 143724 "-" "meta-externalagent/1.1 (+https://developers.facebook.com/docs/sharing/webmasters/crawler)"
216.73.216.20 - - [10/Mar/2026:18:00:34 +0600] "GET /113236238.htm HTTP/1.1" 404 35756 "-" "Mozilla/5.0 AppleWebKit/537.36 (KHTML, like Gecko; compatible; ClaudeBot/1.0; +claudebot@anthropic.com)"
216.73.216.20 - - [10/Mar/2026:18:00:34 +0600] "GET /312788198.htm HTTP/1.1" 404 35756 "-" "Mozilla/5.0 AppleWebKit/537.36 (KHTML, like Gecko; compatible; ClaudeBot/1.0; +claudebot@anthropic.com)"
57.141.2.21 - - [10/Mar/2026:18:00:34 +0600] "GET /?i=dia-jamon-cocido-extra-85-carne-nuestra-alacena-de-dia-sobre-180-g-26492555 HTTP/1.1" 200 141050 "-" "meta-externalagent/1.1 (+https://developers.facebook.com/docs/sharing/webmasters/crawler)"
216.73.216.20 - - [10/Mar/2026:18:00:35 +0600] "GET /18108398.htm HTTP/1.1" 404 35756 "-" "Mozilla/5.0 AppleWebKit/537.36 (KHTML, like Gecko; compatible; ClaudeBot/1.0; +claudebot@anthropic.com)"
57.141.2.10 - - [10/Mar/2026:18:00:35 +0600] "GET /?i=goods-135977254 HTTP/1.1" 200 143856 "-" "meta-externalagent/1.1 (+https://developers.facebook.com/docs/sharing/webmasters/crawler)"
57.141.2.37 - - [10/Mar/2026:18:00:35 +0600] "GET /?i=hugo-boss-camiseta-hugo-x-rb-en-punto-de-algodon-con-grafico-de-toro-38002455 HTTP/1.1" 200 142998 "-" "meta-externalagent/1.1 (+https://developers.facebook.com/docs/sharing/webmasters/crawler)"
216.73.216.20 - - [10/Mar/2026:18:00:36 +0600] "GET /253772630.htm HTTP/1.1" 404 35756 "-" "Mozilla/5.0 AppleWebKit/537.36 (KHTML, like Gecko; compatible; ClaudeBot/1.0; +claudebot@anthropic.com)"
57.141.2.53 - - [10/Mar/2026:18:00:36 +0600] "GET /?i=dcasa-perchero-de-pared-blanco-de-madera-minimalista-de-60x26-cm-4709055 HTTP/1.1" 200 144265 "-" "meta-externalagent/1.1 (+https://developers.facebook.com/docs/sharing/webmasters/crawler)"
216.73.216.20 - - [10/Mar/2026:18:00:36 +0600] "GET /477745832.htm HTTP/1.1" 404 35756 "-" "Mozilla/5.0 AppleWebKit/537.36 (KHTML, like Gecko; compatible; ClaudeBot/1.0; +claudebot@anthropic.com)"
57.141.2.33 - - [10/Mar/2026:18:00:36 +0600] "GET /?i=new-rock-shoe-tower-with-laces-m-wall106-v2-13058855 HTTP/1.1" 200 139699 "-" "meta-externalagent/1.1 (+https://developers.facebook.com/docs/sharing/webmasters/crawler)"
74.7.242.57 - - [10/Mar/2026:18:00:36 +0600] "GET /449265512.htm HTTP/1.1" 404 35756 "https://inprosysltd.com/sitemap-1.xml" "Mozilla/5.0 AppleWebKit/537.36 (KHTML, like Gecko; compatible; GPTBot/1.3; +https://openai.com/gptbot)"
216.73.216.20 - - [10/Mar/2026:18:00:36 +0600] "GET /207648164.htm HTTP/1.1" 404 35756 "-" "Mozilla/5.0 AppleWebKit/537.36 (KHTML, like Gecko; compatible; ClaudeBot/1.0; +claudebot@anthropic.com)"
57.141.2.48 - - [10/Mar/2026:18:00:37 +0600] "GET /?i=cortefiel-nina-bolso-shopper-bordado-3398255 HTTP/1.1" 200 142883 "-" "meta-externalagent/1.1 (+https://developers.facebook.com/docs/sharing/webmasters/crawler)"
57.141.2.43 - - [10/Mar/2026:18:00:37 +0600] "GET /?i=toni-pons-fiore-alpargata-de-cuna-de-mujer-en-yute-tintado-fiore-18791355 HTTP/1.1" 200 142584 "-" "meta-externalagent/1.1 (+https://developers.facebook.com/docs/sharing/webmasters/crawler)"
57.141.2.37 - - [10/Mar/2026:18:00:38 +0600] "GET /?i=westwing-cuencos-artesanales-de-gres-nordic-vanilla-o-22-cm-4-uds-32374055 HTTP/1.1" 200 142865 "-" "meta-externalagent/1.1 (+https://developers.facebook.com/docs/sharing/webmasters/crawler)"
216.73.216.20 - - [10/Mar/2026:18:00:37 +0600] "GET /255536282.htm HTTP/1.1" 404 35756 "-" "Mozilla/5.0 AppleWebKit/537.36 (KHTML, like Gecko; compatible; ClaudeBot/1.0; +claudebot@anthropic.com)"
216.73.216.20 - - [10/Mar/2026:18:00:38 +0600] "GET /196080080.htm HTTP/1.1" 404 35756 "-" "Mozilla/5.0 AppleWebKit/537.36 (KHTML, like Gecko; compatible; ClaudeBot/1.0; +claudebot@anthropic.com)"
216.73.216.20 - - [10/Mar/2026:18:00:38 +0600] "GET /100613162.htm HTTP/1.1" 404 35756 "-" "Mozilla/5.0 AppleWebKit/537.36 (KHTML, like Gecko; compatible; ClaudeBot/1.0; +claudebot@anthropic.com)"
57.141.2.59 - - [10/Mar/2026:18:00:38 +0600] "GET /?i=goods-131163454 HTTP/1.1" 200 140185 "-" "meta-externalagent/1.1 (+https://developers.facebook.com/docs/sharing/webmasters/crawler)"
57.141.2.10 - - [10/Mar/2026:18:00:39 +0600] "GET /?i=goods-85760754 HTTP/1.1" 200 141557 "-" "meta-externalagent/1.1 (+https://developers.facebook.com/docs/sharing/webmasters/crawler)"
216.73.216.20 - - [10/Mar/2026:18:00:39 +0600] "GET /36936620.htm HTTP/1.1" 404 35756 "-" "Mozilla/5.0 AppleWebKit/537.36 (KHTML, like Gecko; compatible; ClaudeBot/1.0; +claudebot@anthropic.com)"
57.141.2.28 - - [10/Mar/2026:18:00:39 +0600] "GET /?i=skechers-d-lites-good-neutral-36978355 HTTP/1.1" 200 139764 "-" "meta-externalagent/1.1 (+https://developers.facebook.com/docs/sharing/webmasters/crawler)"
216.73.216.20 - - [10/Mar/2026:18:00:40 +0600] "GET /376436282.htm HTTP/1.1" 404 35756 "-" "Mozilla/5.0 AppleWebKit/537.36 (KHTML, like Gecko; compatible; ClaudeBot/1.0; +claudebot@anthropic.com)"
216.73.216.20 - - [10/Mar/2026:18:00:40 +0600] "GET /523628126.htm HTTP/1.1" 404 35756 "-" "Mozilla/5.0 AppleWebKit/537.36 (KHTML, like Gecko; compatible; ClaudeBot/1.0; +claudebot@anthropic.com)"
57.141.2.48 - - [10/Mar/2026:18:00:40 +0600] "GET /?i=goods-149600954 HTTP/1.1" 200 141303 "-" "meta-externalagent/1.1 (+https://developers.facebook.com/docs/sharing/webmasters/crawler)"
57.141.2.35 - - [10/Mar/2026:18:00:40 +0600] "GET /?i=h-m-toalla-de-mano-en-algodon-rizado-blanco-home-40071255 HTTP/1.1" 200 141092 "-" "meta-externalagent/1.1 (+https://developers.facebook.com/docs/sharing/webmasters/crawler)"
57.141.2.45 - - [10/Mar/2026:18:00:41 +0600] "GET /?i=goods-128218054 HTTP/1.1" 200 145940 "-" "meta-externalagent/1.1 (+https://developers.facebook.com/docs/sharing/webmasters/crawler)"
57.141.2.61 - - [10/Mar/2026:18:00:41 +0600] "GET /?i=eysa-funda-silla-bielastica-sin-respaldo-dorian-6857355 HTTP/1.1" 200 140711 "-" "meta-externalagent/1.1 (+https://developers.facebook.com/docs/sharing/webmasters/crawler)"
57.141.2.20 - - [10/Mar/2026:18:00:42 +0600] "GET /?i=nirvel-termagel-13295655 HTTP/1.1" 200 139537 "-" "meta-externalagent/1.1 (+https://developers.facebook.com/docs/sharing/webmasters/crawler)"
57.141.2.14 - - [10/Mar/2026:18:00:42 +0600] "GET /?i=diesel-jslimmy-s2-j-36200555 HTTP/1.1" 200 140206 "-" "meta-externalagent/1.1 (+https://developers.facebook.com/docs/sharing/webmasters/crawler)"
57.141.2.34 - - [10/Mar/2026:18:00:43 +0600] "GET /?i=tumi-alpha-3-bandolera-compact-35440455 HTTP/1.1" 200 141064 "-" "meta-externalagent/1.1 (+https://developers.facebook.com/docs/sharing/webmasters/crawler)"
57.141.2.1 - - [10/Mar/2026:18:00:43 +0600] "GET /?i=conforama-little-star-grey-colcha-cama-80-90-180x260-cm-gris-29634855 HTTP/1.1" 200 142044 "-" "meta-externalagent/1.1 (+https://developers.facebook.com/docs/sharing/webmasters/crawler)"
57.141.2.39 - - [10/Mar/2026:18:00:44 +0600] "GET /?i=women-secret-jersey-volantes-nina-22894955 HTTP/1.1" 200 141357 "-" "meta-externalagent/1.1 (+https://developers.facebook.com/docs/sharing/webmasters/crawler)"
57.141.2.24 - - [10/Mar/2026:18:00:44 +0600] "GET /?i=goods-84532154 HTTP/1.1" 200 139510 "-" "meta-externalagent/1.1 (+https://developers.facebook.com/docs/sharing/webmasters/crawler)"
57.141.2.66 - - [10/Mar/2026:18:00:45 +0600] "GET /?i=loewe-anagram-barrel-jeans-in-denim-1-colours-34438855 HTTP/1.1" 200 143414 "-" "meta-externalagent/1.1 (+https://developers.facebook.com/docs/sharing/webmasters/crawler)"
57.141.2.43 - - [10/Mar/2026:18:00:45 +0600] "GET /?i=bricomart-pastera-190l-29853455 HTTP/1.1" 200 142349 "-" "meta-externalagent/1.1 (+https://developers.facebook.com/docs/sharing/webmasters/crawler)"
57.141.2.15 - - [10/Mar/2026:18:00:46 +0600] "GET /?i=goods-144746154 HTTP/1.1" 200 141732 "-" "meta-externalagent/1.1 (+https://developers.facebook.com/docs/sharing/webmasters/crawler)"
57.141.2.62 - - [10/Mar/2026:18:00:46 +0600] "GET /?i=wind-x-treme-tubularwind-junior-meu-junior-22244155 HTTP/1.1" 200 140248 "-" "meta-externalagent/1.1 (+https://developers.facebook.com/docs/sharing/webmasters/crawler)"
57.141.2.27 - - [10/Mar/2026:18:00:47 +0600] "GET /?i=kelme-calcetin-classic-9603855 HTTP/1.1" 200 138756 "-" "meta-externalagent/1.1 (+https://developers.facebook.com/docs/sharing/webmasters/crawler)"
57.141.2.57 - - [10/Mar/2026:18:00:48 +0600] "GET /?i=women-secret-sujetador-reductor-true-shape-sensation-t-n01-22444555 HTTP/1.1" 200 142749 "-" "meta-externalagent/1.1 (+https://developers.facebook.com/docs/sharing/webmasters/crawler)"
57.141.2.41 - - [10/Mar/2026:18:00:47 +0600] "GET /?i=creed-perfume-absolu-aventus-eau-de-parfum-75-ml-para-hombre-27116655 HTTP/1.1" 200 143537 "-" "meta-externalagent/1.1 (+https://developers.facebook.com/docs/sharing/webmasters/crawler)"
57.141.2.47 - - [10/Mar/2026:18:00:48 +0600] "GET /?i=defeet-slipstream-4-d-logo-white-5074455 HTTP/1.1" 200 140698 "-" "meta-externalagent/1.1 (+https://developers.facebook.com/docs/sharing/webmasters/crawler)"
57.141.2.65 - - [10/Mar/2026:18:00:49 +0600] "GET /?i=bricomart-programador-temporizador-de-enchufe-analogico-diario-30591855 HTTP/1.1" 200 144128 "-" "meta-externalagent/1.1 (+https://developers.facebook.com/docs/sharing/webmasters/crawler)"
57.141.2.25 - - [10/Mar/2026:18:00:49 +0600] "GET /?i=goods-75667954 HTTP/1.1" 200 140582 "-" "meta-externalagent/1.1 (+https://developers.facebook.com/docs/sharing/webmasters/crawler)"
57.141.2.70 - - [10/Mar/2026:18:00:50 +0600] "GET /?i=goods-50465354 HTTP/1.1" 200 139886 "-" "meta-externalagent/1.1 (+https://developers.facebook.com/docs/sharing/webmasters/crawler)"
57.141.2.66 - - [10/Mar/2026:18:00:51 +0600] "GET /?i=hugo-boss-camiseta-de-algodon-mercerizado-con-monograma-double-b-37874455 HTTP/1.1" 200 142858 "-" "meta-externalagent/1.1 (+https://developers.facebook.com/docs/sharing/webmasters/crawler)"
57.141.2.49 - - [10/Mar/2026:18:00:51 +0600] "GET /?i=armani-reloj-con-cronografo-de-piel-negra-33894755 HTTP/1.1" 200 141351 "-" "meta-externalagent/1.1 (+https://developers.facebook.com/docs/sharing/webmasters/crawler)"
57.141.2.53 - - [10/Mar/2026:18:00:52 +0600] "GET /?i=longchamp-longchamp-1980-croco-cinturon-de-mujer-cuero-negro-35040155 HTTP/1.1" 200 143513 "-" "meta-externalagent/1.1 (+https://developers.facebook.com/docs/sharing/webmasters/crawler)"
57.141.2.22 - - [10/Mar/2026:18:00:50 +0600] "GET /?i=garcia-de-pou-contenedor-alimentos-4-l-18x18x19-cm-transparente-poli-7931455 HTTP/1.1" 200 143444 "-" "meta-externalagent/1.1 (+https://developers.facebook.com/docs/sharing/webmasters/crawler)"
57.141.2.13 - - [10/Mar/2026:18:00:52 +0600] "GET /?i=conforama-homcom-conjunto-de-2-taburetes-altos-de-cocina-sillas-alta-29319455 HTTP/1.1" 200 146303 "-" "meta-externalagent/1.1 (+https://developers.facebook.com/docs/sharing/webmasters/crawler)"
57.141.2.63 - - [10/Mar/2026:18:00:53 +0600] "GET /?i=merrell-hombre-moab-2-slide-quilted-1trl-39080855 HTTP/1.1" 200 141364 "-" "meta-externalagent/1.1 (+https://developers.facebook.com/docs/sharing/webmasters/crawler)"
57.141.2.44 - - [10/Mar/2026:18:00:53 +0600] "GET /?i=hugo-boss-batin-gris-con-capucha-y-estampado-de-logo-en-las-mangas-37841155 HTTP/1.1" 200 142716 "-" "meta-externalagent/1.1 (+https://developers.facebook.com/docs/sharing/webmasters/crawler)"
57.141.2.22 - - [10/Mar/2026:18:00:54 +0600] "GET /?i=goods-62388354 HTTP/1.1" 200 141985 "-" "meta-externalagent/1.1 (+https://developers.facebook.com/docs/sharing/webmasters/crawler)"
57.141.2.55 - - [10/Mar/2026:18:00:54 +0600] "GET /?i=fisura-abanico-non-sudo-brillo-azul-brilla-en-la-oscuridad-7556955 HTTP/1.1" 200 140169 "-" "meta-externalagent/1.1 (+https://developers.facebook.com/docs/sharing/webmasters/crawler)"
57.141.2.4 - - [10/Mar/2026:18:00:54 +0600] "GET /?i=wala-calcetines-lorpen-t3lmc-mens-t3-light-hiker-eco-21239055 HTTP/1.1" 200 143385 "-" "meta-externalagent/1.1 (+https://developers.facebook.com/docs/sharing/webmasters/crawler)"
57.141.2.5 - - [10/Mar/2026:18:00:55 +0600] "GET /?i=mtng-compra-bigger-beige-59470-ninos-nina-calzado-zapatillas-11633455 HTTP/1.1" 200 143393 "-" "meta-externalagent/1.1 (+https://developers.facebook.com/docs/sharing/webmasters/crawler)"
57.141.2.41 - - [10/Mar/2026:18:00:56 +0600] "GET /?i=women-secret-muneco-solidario-baby-pelon-leire-22893155 HTTP/1.1" 200 141804 "-" "meta-externalagent/1.1 (+https://developers.facebook.com/docs/sharing/webmasters/crawler)"
57.141.2.66 - - [10/Mar/2026:18:00:56 +0600] "GET /?i=goods-46983154 HTTP/1.1" 200 140744 "-" "meta-externalagent/1.1 (+https://developers.facebook.com/docs/sharing/webmasters/crawler)"
57.141.2.26 - - [10/Mar/2026:18:00:57 +0600] "GET /?i=balmain-pants-hombre-27078155 HTTP/1.1" 200 141586 "-" "meta-externalagent/1.1 (+https://developers.facebook.com/docs/sharing/webmasters/crawler)"
57.141.2.1 - - [10/Mar/2026:18:00:57 +0600] "GET /?i=conforama-sillas-de-comedor-jardin-con-cojines-2-unidades-madera-mac-27958555 HTTP/1.1" 200 143204 "-" "meta-externalagent/1.1 (+https://developers.facebook.com/docs/sharing/webmasters/crawler)"
57.141.2.65 - - [10/Mar/2026:18:00:58 +0600] "GET /?i=nacnic-poster-de-patente-de-manga-pastelera-antigua-12313055 HTTP/1.1" 200 143243 "-" "meta-externalagent/1.1 (+https://developers.facebook.com/docs/sharing/webmasters/crawler)"
57.141.2.66 - - [10/Mar/2026:18:00:58 +0600] "GET /?i=goods-50513154 HTTP/1.1" 200 140507 "-" "meta-externalagent/1.1 (+https://developers.facebook.com/docs/sharing/webmasters/crawler)"
57.141.2.10 - - [10/Mar/2026:18:00:58 +0600] "GET /?i=goods-41141254 HTTP/1.1" 200 140423 "-" "meta-externalagent/1.1 (+https://developers.facebook.com/docs/sharing/webmasters/crawler)"
57.141.2.63 - - [10/Mar/2026:18:00:59 +0600] "GET /?i=goods-141879354 HTTP/1.1" 200 149311 "-" "meta-externalagent/1.1 (+https://developers.facebook.com/docs/sharing/webmasters/crawler)"
57.141.2.35 - - [10/Mar/2026:18:01:00 +0600] "GET /?i=hugo-boss-mocasines-elaborados-en-portugal-en-ante-con-ribete-de-ant-37840155 HTTP/1.1" 200 143211 "-" "meta-externalagent/1.1 (+https://developers.facebook.com/docs/sharing/webmasters/crawler)"
57.141.2.29 - - [10/Mar/2026:18:01:00 +0600] "GET /?i=goods-5104054 HTTP/1.1" 200 156043 "-" "meta-externalagent/1.1 (+https://developers.facebook.com/docs/sharing/webmasters/crawler)"
57.141.2.71 - - [10/Mar/2026:18:01:01 +0600] "GET /?i=wonders-deportivos-marley-beige-23063055 HTTP/1.1" 200 139732 "-" "meta-externalagent/1.1 (+https://developers.facebook.com/docs/sharing/webmasters/crawler)"
57.141.2.59 - - [10/Mar/2026:18:01:01 +0600] "GET /?i=punto-blanco-calcetines-100-lana-de-canale-14759855 HTTP/1.1" 200 140827 "-" "meta-externalagent/1.1 (+https://developers.facebook.com/docs/sharing/webmasters/crawler)"
57.141.2.37 - - [10/Mar/2026:18:01:02 +0600] "GET /?i=lekue-round-pizza-mat-crunchy-36-cm-10566555 HTTP/1.1" 200 141080 "-" "meta-externalagent/1.1 (+https://developers.facebook.com/docs/sharing/webmasters/crawler)"
57.141.2.4 - - [10/Mar/2026:18:01:02 +0600] "GET /?i=kenay-home-salvamantel-natural-9855355 HTTP/1.1" 200 139910 "-" "meta-externalagent/1.1 (+https://developers.facebook.com/docs/sharing/webmasters/crawler)"
57.141.2.41 - - [10/Mar/2026:18:01:03 +0600] "GET /?i=nordikas-zapatillas-de-casa-mujer-candanchu-gris-13356955 HTTP/1.1" 200 140877 "-" "meta-externalagent/1.1 (+https://developers.facebook.com/docs/sharing/webmasters/crawler)"
57.141.2.41 - - [10/Mar/2026:18:01:03 +0600] "GET /?i=lekue-molde-cuadrado-antiadherente-10566255 HTTP/1.1" 200 140976 "-" "meta-externalagent/1.1 (+https://developers.facebook.com/docs/sharing/webmasters/crawler)"
57.141.2.58 - - [10/Mar/2026:18:01:04 +0600] "GET /?i=piqueras-y-crespo-silla-zulema-sincro-malla-negra-asiento-bali-naran-14402655 HTTP/1.1" 200 144716 "-" "meta-externalagent/1.1 (+https://developers.facebook.com/docs/sharing/webmasters/crawler)"
57.141.2.65 - - [10/Mar/2026:18:01:04 +0600] "GET /?i=thinking-mu-falda-amarilla-patched-sofia-18235855 HTTP/1.1" 200 140113 "-" "meta-externalagent/1.1 (+https://developers.facebook.com/docs/sharing/webmasters/crawler)"
57.141.2.65 - - [10/Mar/2026:18:01:05 +0600] "GET /?i=armani-bufandas-33896155 HTTP/1.1" 200 140514 "-" "meta-externalagent/1.1 (+https://developers.facebook.com/docs/sharing/webmasters/crawler)"
57.141.2.39 - - [10/Mar/2026:18:01:05 +0600] "GET /?i=loewe-epsilon-slim-sunglasses-4-colours-34635055 HTTP/1.1" 200 142865 "-" "meta-externalagent/1.1 (+https://developers.facebook.com/docs/sharing/webmasters/crawler)"
57.141.2.27 - - [10/Mar/2026:18:01:06 +0600] "GET /?i=new-rock-boot-punk-m-mag006-c2-13096755 HTTP/1.1" 200 139777 "-" "meta-externalagent/1.1 (+https://developers.facebook.com/docs/sharing/webmasters/crawler)"
57.141.2.70 - - [10/Mar/2026:18:01:06 +0600] "GET /?i=mtng-compra-somo-marron-58948-ninos-calzado-zapatillas-11634555 HTTP/1.1" 200 142581 "-" "meta-externalagent/1.1 (+https://developers.facebook.com/docs/sharing/webmasters/crawler)"
57.141.2.52 - - [10/Mar/2026:18:01:07 +0600] "GET /?i=lakme-teknia-cocoa-brown-shampoo-refresh-10234455 HTTP/1.1" 200 140168 "-" "meta-externalagent/1.1 (+https://developers.facebook.com/docs/sharing/webmasters/crawler)"
57.141.2.56 - - [10/Mar/2026:18:01:07 +0600] "GET /?i=goods-87330254 HTTP/1.1" 200 141764 "-" "meta-externalagent/1.1 (+https://developers.facebook.com/docs/sharing/webmasters/crawler)"
57.141.2.42 - - [10/Mar/2026:18:01:08 +0600] "GET /?i=eysa-funda-silla-bielastica-sin-respaldo-bronx-6857855 HTTP/1.1" 200 140616 "-" "meta-externalagent/1.1 (+https://developers.facebook.com/docs/sharing/webmasters/crawler)"
57.141.2.65 - - [10/Mar/2026:18:01:08 +0600] "GET /?i=bricomart-junta-de-goma-o90mm-optiflex-bolsa-10-uds-30475555 HTTP/1.1" 200 144030 "-" "meta-externalagent/1.1 (+https://developers.facebook.com/docs/sharing/webmasters/crawler)"
57.141.2.71 - - [10/Mar/2026:18:01:09 +0600] "GET /?i=wala-zapatillas-sun-68-tom-solid-21579355 HTTP/1.1" 200 141946 "-" "meta-externalagent/1.1 (+https://developers.facebook.com/docs/sharing/webmasters/crawler)"
57.141.2.45 - - [10/Mar/2026:18:01:09 +0600] "GET /?i=goods-29287154 HTTP/1.1" 200 142830 "-" "meta-externalagent/1.1 (+https://developers.facebook.com/docs/sharing/webmasters/crawler)"
57.141.2.65 - - [10/Mar/2026:18:01:10 +0600] "GET /?i=goods-113837754 HTTP/1.1" 200 141551 "-" "meta-externalagent/1.1 (+https://developers.facebook.com/docs/sharing/webmasters/crawler)"
57.141.2.51 - - [10/Mar/2026:18:01:10 +0600] "GET /?i=gabol-paraguas-plegable-violet-7620455 HTTP/1.1" 200 139114 "-" "meta-externalagent/1.1 (+https://developers.facebook.com/docs/sharing/webmasters/crawler)"
57.141.2.1 - - [10/Mar/2026:18:01:11 +0600] "GET /?i=conforama-juego-de-muebles-de-jardin-6-piezas-y-cojines-madera-pino-27959855 HTTP/1.1" 200 144194 "-" "meta-externalagent/1.1 (+https://developers.facebook.com/docs/sharing/webmasters/crawler)"
57.141.2.22 - - [10/Mar/2026:18:01:11 +0600] "GET /?i=sklum-zlew-w-cemencie-tarsis-16264755 HTTP/1.1" 200 140791 "-" "meta-externalagent/1.1 (+https://developers.facebook.com/docs/sharing/webmasters/crawler)"
57.141.2.38 - - [10/Mar/2026:18:01:12 +0600] "GET /?i=pedro-del-hierro-jersey-liso-cuello-pico-14047055 HTTP/1.1" 200 141985 "-" "meta-externalagent/1.1 (+https://developers.facebook.com/docs/sharing/webmasters/crawler)"
57.141.2.62 - - [10/Mar/2026:18:01:12 +0600] "GET /?i=printodecor-alfombra-de-bienvenida-sweet-14596955 HTTP/1.1" 200 141649 "-" "meta-externalagent/1.1 (+https://developers.facebook.com/docs/sharing/webmasters/crawler)"
57.141.2.33 - - [10/Mar/2026:18:01:13 +0600] "GET /?i=goods-129750254 HTTP/1.1" 200 145144 "-" "meta-externalagent/1.1 (+https://developers.facebook.com/docs/sharing/webmasters/crawler)"
74.7.227.10 - - [10/Mar/2026:18:01:13 +0600] "GET /330763128.phtml HTTP/1.1" 404 36192 "https://www.inprosysltd.com/sitemap-18.xml" "Mozilla/5.0 AppleWebKit/537.36 (KHTML, like Gecko; compatible; GPTBot/1.3; +https://openai.com/gptbot)"
57.141.2.53 - - [10/Mar/2026:18:01:13 +0600] "GET /?i=chie-mihara-waspi-grey-2794655 HTTP/1.1" 200 139055 "-" "meta-externalagent/1.1 (+https://developers.facebook.com/docs/sharing/webmasters/crawler)"
57.141.2.62 - - [10/Mar/2026:18:01:14 +0600] "GET /?i=eroski-sal-fina-marismena-eco-veritas-paquete-1-kg-26851355 HTTP/1.1" 200 139710 "-" "meta-externalagent/1.1 (+https://developers.facebook.com/docs/sharing/webmasters/crawler)"
57.141.2.37 - - [10/Mar/2026:18:01:14 +0600] "GET /?i=in-side-camiseta-manga-corta-waikiki-9311655 HTTP/1.1" 200 139993 "-" "meta-externalagent/1.1 (+https://developers.facebook.com/docs/sharing/webmasters/crawler)"
57.141.2.43 - - [10/Mar/2026:18:01:15 +0600] "GET /?i=dolce-gabbana-pendientes-colgantes-con-logotipo-dg-y-strass-33426355 HTTP/1.1" 200 142676 "-" "meta-externalagent/1.1 (+https://developers.facebook.com/docs/sharing/webmasters/crawler)"
57.141.2.37 - - [10/Mar/2026:18:01:15 +0600] "GET /?i=goods-61559654 HTTP/1.1" 200 143239 "-" "meta-externalagent/1.1 (+https://developers.facebook.com/docs/sharing/webmasters/crawler)"
57.141.2.8 - - [10/Mar/2026:18:01:16 +0600] "GET /?i=lobo-solo-choclo-caballero-9083-cervo-10784155 HTTP/1.1" 200 140097 "-" "meta-externalagent/1.1 (+https://developers.facebook.com/docs/sharing/webmasters/crawler)"
57.141.2.54 - - [10/Mar/2026:18:01:16 +0600] "GET /?i=goods-120465954 HTTP/1.1" 200 145198 "-" "meta-externalagent/1.1 (+https://developers.facebook.com/docs/sharing/webmasters/crawler)"
57.141.2.8 - - [10/Mar/2026:18:01:16 +0600] "GET /?i=goods-140905654 HTTP/1.1" 200 143376 "-" "meta-externalagent/1.1 (+https://developers.facebook.com/docs/sharing/webmasters/crawler)"
57.141.2.63 - - [10/Mar/2026:18:01:17 +0600] "GET /?i=gabol-bolso-violet-7620355 HTTP/1.1" 200 138739 "-" "meta-externalagent/1.1 (+https://developers.facebook.com/docs/sharing/webmasters/crawler)"
57.141.2.32 - - [10/Mar/2026:18:01:18 +0600] "GET /?i=pepe-jeans-jeans-fit-recto-y-tiro-regular-iceberg-36029355 HTTP/1.1" 200 142205 "-" "meta-externalagent/1.1 (+https://developers.facebook.com/docs/sharing/webmasters/crawler)"
57.141.2.37 - - [10/Mar/2026:18:01:18 +0600] "GET /?i=spezial-madrid-c-p-company-flatt-nylon-reversible-hooded-jacket-agav-17395755 HTTP/1.1" 200 142362 "-" "meta-externalagent/1.1 (+https://developers.facebook.com/docs/sharing/webmasters/crawler)"
57.141.2.42 - - [10/Mar/2026:18:01:19 +0600] "GET /?i=conforama-sillas-reclinables-de-jardin-2-unidades-pp-blanco-27959255 HTTP/1.1" 200 143428 "-" "meta-externalagent/1.1 (+https://developers.facebook.com/docs/sharing/webmasters/crawler)"
57.141.2.4 - - [10/Mar/2026:18:01:19 +0600] "GET /?i=goods-95118154 HTTP/1.1" 200 142046 "-" "meta-externalagent/1.1 (+https://developers.facebook.com/docs/sharing/webmasters/crawler)"
57.141.2.4 - - [10/Mar/2026:18:01:20 +0600] "GET /?i=xti-zapato-de-mujer-xti-14303203-23146955 HTTP/1.1" 200 139503 "-" "meta-externalagent/1.1 (+https://developers.facebook.com/docs/sharing/webmasters/crawler)"
57.141.2.30 - - [10/Mar/2026:18:01:20 +0600] "GET /?i=mango-shorts-algodon-27067755 HTTP/1.1" 200 185713 "-" "meta-externalagent/1.1 (+https://developers.facebook.com/docs/sharing/webmasters/crawler)"
57.141.2.11 - - [10/Mar/2026:18:01:21 +0600] "GET /?i=goods-36450154 HTTP/1.1" 200 141844 "-" "meta-externalagent/1.1 (+https://developers.facebook.com/docs/sharing/webmasters/crawler)"
57.141.2.28 - - [10/Mar/2026:18:01:21 +0600] "GET /?i=hugo-boss-cinturon-tejido-con-detalles-en-piel-37747655 HTTP/1.1" 200 142124 "-" "meta-externalagent/1.1 (+https://developers.facebook.com/docs/sharing/webmasters/crawler)"
57.141.2.52 - - [10/Mar/2026:18:01:22 +0600] "GET /?i=mimub-uno-de-cada-cuatro-jovenes-compagina-estudios-y-trabajo-revela-35898555 HTTP/1.1" 200 144957 "-" "meta-externalagent/1.1 (+https://developers.facebook.com/docs/sharing/webmasters/crawler)"
57.141.2.37 - - [10/Mar/2026:18:01:22 +0600] "GET /?i=women-secret-sujetador-bandeau-22445855 HTTP/1.1" 200 141632 "-" "meta-externalagent/1.1 (+https://developers.facebook.com/docs/sharing/webmasters/crawler)"
57.141.2.23 - - [10/Mar/2026:18:01:23 +0600] "GET /?i=hugo-boss-camiseta-relaxed-fit-con-logo-estampado-de-silicona-38102655 HTTP/1.1" 200 142648 "-" "meta-externalagent/1.1 (+https://developers.facebook.com/docs/sharing/webmasters/crawler)"
57.141.2.29 - - [10/Mar/2026:18:01:23 +0600] "GET /?i=wala-camisetas-sin-mangas-jjxx-jxfallon-str-sl-rib-top-jrs-noos-20702655 HTTP/1.1" 200 142838 "-" "meta-externalagent/1.1 (+https://developers.facebook.com/docs/sharing/webmasters/crawler)"
57.141.2.44 - - [10/Mar/2026:18:01:23 +0600] "GET /?i=shlax-wing-fh20-navy-solid-silk-mens-pocket-square-wedding-brand-new-15519255 HTTP/1.1" 200 142537 "-" "meta-externalagent/1.1 (+https://developers.facebook.com/docs/sharing/webmasters/crawler)"
57.141.2.45 - - [10/Mar/2026:18:01:24 +0600] "GET /?i=westwing-set-de-jarra-de-agua-pequena-con-vaso-de-vidrio-soplado-rip-32374155 HTTP/1.1" 200 143420 "-" "meta-externalagent/1.1 (+https://developers.facebook.com/docs/sharing/webmasters/crawler)"
57.141.2.42 - - [10/Mar/2026:18:01:25 +0600] "GET /?i=hugo-boss-camiseta-de-punto-de-algodon-con-logo-estampado-en-azul-37914255 HTTP/1.1" 200 143883 "-" "meta-externalagent/1.1 (+https://developers.facebook.com/docs/sharing/webmasters/crawler)"
57.141.2.7 - - [10/Mar/2026:18:01:25 +0600] "GET /?i=sunpers-sunglasses-gafas-de-sol-rosa-transparente-patilla-dorada-sun-17627555 HTTP/1.1" 200 142583 "-" "meta-externalagent/1.1 (+https://developers.facebook.com/docs/sharing/webmasters/crawler)"
57.141.2.15 - - [10/Mar/2026:18:01:26 +0600] "GET /?i=sunpers-sunglasses-gafas-de-sol-marron-transparente-patilla-negra-me-17627855 HTTP/1.1" 200 142774 "-" "meta-externalagent/1.1 (+https://developers.facebook.com/docs/sharing/webmasters/crawler)"
57.141.2.43 - - [10/Mar/2026:18:01:27 +0600] "GET /?i=goods-36758454 HTTP/1.1" 200 144341 "-" "meta-externalagent/1.1 (+https://developers.facebook.com/docs/sharing/webmasters/crawler)"
57.141.2.25 - - [10/Mar/2026:18:01:27 +0600] "GET /?i=westwing-aparador-con-tejido-vienes-vienna-31443455 HTTP/1.1" 200 142255 "-" "meta-externalagent/1.1 (+https://developers.facebook.com/docs/sharing/webmasters/crawler)"
57.141.2.27 - - [10/Mar/2026:18:01:28 +0600] "GET /?i=armani-blusa-de-cady-tecnico-con-bajo-fruncido-33660255 HTTP/1.1" 200 141205 "-" "meta-externalagent/1.1 (+https://developers.facebook.com/docs/sharing/webmasters/crawler)"
57.141.2.63 - - [10/Mar/2026:18:01:28 +0600] "GET /?i=goods-12054354 HTTP/1.1" 200 144066 "-" "meta-externalagent/1.1 (+https://developers.facebook.com/docs/sharing/webmasters/crawler)"
57.141.2.62 - - [10/Mar/2026:18:01:29 +0600] "GET /?i=nacnic-lamina-de-patente-de-caja-de-huevos-2-12313255 HTTP/1.1" 200 142633 "-" "meta-externalagent/1.1 (+https://developers.facebook.com/docs/sharing/webmasters/crawler)"
57.141.2.16 - - [10/Mar/2026:18:01:29 +0600] "GET /?i=goods-106502854 HTTP/1.1" 200 141006 "-" "meta-externalagent/1.1 (+https://developers.facebook.com/docs/sharing/webmasters/crawler)"
57.141.2.46 - - [10/Mar/2026:18:01:30 +0600] "GET /?i=jd-sports-the-north-face-camiseta-de-tirantes-tech-shine-slim-27505955 HTTP/1.1" 200 141391 "-" "meta-externalagent/1.1 (+https://developers.facebook.com/docs/sharing/webmasters/crawler)"
57.141.2.27 - - [10/Mar/2026:18:01:30 +0600] "GET /?i=piqueras-y-crespo-silla-zulema-sincro-malla-negra-asiento-bali-blanc-14403555 HTTP/1.1" 200 144434 "-" "meta-externalagent/1.1 (+https://developers.facebook.com/docs/sharing/webmasters/crawler)"
57.141.2.60 - - [10/Mar/2026:18:01:31 +0600] "GET /?i=goods-109241354 HTTP/1.1" 200 3 "-" "meta-externalagent/1.1 (+https://developers.facebook.com/docs/sharing/webmasters/crawler)"
57.141.2.12 - - [10/Mar/2026:18:01:26 +0600] "GET /?i=conforama-estanteria-metalica-blanca-con-4-baldas-ajustables-148x60x-29319355 HTTP/1.1" 200 143874 "-" "meta-externalagent/1.1 (+https://developers.facebook.com/docs/sharing/webmasters/crawler)"
57.141.2.57 - - [10/Mar/2026:18:01:31 +0600] "GET /?i=agatha-ruiz-de-la-prada-sandalia-vichy-azul-247055 HTTP/1.1" 200 140737 "-" "meta-externalagent/1.1 (+https://developers.facebook.com/docs/sharing/webmasters/crawler)"
57.141.2.14 - - [10/Mar/2026:18:01:32 +0600] "GET /?i=goods-128422354 HTTP/1.1" 200 142873 "-" "meta-externalagent/1.1 (+https://developers.facebook.com/docs/sharing/webmasters/crawler)"
57.141.2.26 - - [10/Mar/2026:18:01:32 +0600] "GET /?i=adolfo-dominguez-aros-plateados-surcos-irregulares-mujer-208455 HTTP/1.1" 200 142305 "-" "meta-externalagent/1.1 (+https://developers.facebook.com/docs/sharing/webmasters/crawler)"
57.141.2.52 - - [10/Mar/2026:18:01:33 +0600] "GET /?i=westwing-sillon-tribeca-31578855 HTTP/1.1" 200 141745 "-" "meta-externalagent/1.1 (+https://developers.facebook.com/docs/sharing/webmasters/crawler)"
57.141.2.41 - - [10/Mar/2026:18:01:33 +0600] "GET /?i=goods-136417954 HTTP/1.1" 200 143975 "-" "meta-externalagent/1.1 (+https://developers.facebook.com/docs/sharing/webmasters/crawler)"
57.141.2.24 - - [10/Mar/2026:18:01:34 +0600] "GET /?i=goods-81115254 HTTP/1.1" 200 141281 "-" "meta-externalagent/1.1 (+https://developers.facebook.com/docs/sharing/webmasters/crawler)"
57.141.2.12 - - [10/Mar/2026:18:01:34 +0600] "GET /?i=goods-57297854 HTTP/1.1" 200 142961 "-" "meta-externalagent/1.1 (+https://developers.facebook.com/docs/sharing/webmasters/crawler)"
57.141.2.20 - - [10/Mar/2026:18:01:35 +0600] "GET /?i=tiffany-co-tiffany-hardwear-pulsera-de-eslabones-grandes-de-oro-rosa-32864655 HTTP/1.1" 200 141692 "-" "meta-externalagent/1.1 (+https://developers.facebook.com/docs/sharing/webmasters/crawler)"
57.141.2.2 - - [10/Mar/2026:18:01:35 +0600] "GET /?i=loewe-pebble-small-vertical-wallet-in-shiny-nappa-calfskin-9-colours-34492555 HTTP/1.1" 200 144300 "-" "meta-externalagent/1.1 (+https://developers.facebook.com/docs/sharing/webmasters/crawler)"
57.141.2.43 - - [10/Mar/2026:18:01:35 +0600] "GET /?i=cecotec-cheese-grill-16000-inox-allstone-maquina-de-raclette-para-8-2531855 HTTP/1.1" 200 147585 "-" "meta-externalagent/1.1 (+https://developers.facebook.com/docs/sharing/webmasters/crawler)"
57.141.2.39 - - [10/Mar/2026:18:01:36 +0600] "GET /?i=el-potro-bolso-bandolera-color-cuero-el-potro-5979555 HTTP/1.1" 200 140896 "-" "meta-externalagent/1.1 (+https://developers.facebook.com/docs/sharing/webmasters/crawler)"
57.141.2.47 - - [10/Mar/2026:18:01:37 +0600] "GET /?i=goods-68029554 HTTP/1.1" 200 140033 "-" "meta-externalagent/1.1 (+https://developers.facebook.com/docs/sharing/webmasters/crawler)"
57.141.2.66 - - [10/Mar/2026:18:01:37 +0600] "GET /?i=lobo-solo-choclo-caballero-9061-button-10784555 HTTP/1.1" 200 139921 "-" "meta-externalagent/1.1 (+https://developers.facebook.com/docs/sharing/webmasters/crawler)"
74.7.242.57 - - [10/Mar/2026:18:01:37 +0600] "GET /254568338.htm HTTP/1.1" 404 35756 "https://inprosysltd.com/sitemap-4.xml" "Mozilla/5.0 AppleWebKit/537.36 (KHTML, like Gecko; compatible; GPTBot/1.3; +https://openai.com/gptbot)"
57.141.2.60 - - [10/Mar/2026:18:01:38 +0600] "GET /?i=conforama-cojin-polipiel-azul-happers-45x45-happers-28656355 HTTP/1.1" 200 143331 "-" "meta-externalagent/1.1 (+https://developers.facebook.com/docs/sharing/webmasters/crawler)"
57.141.2.58 - - [10/Mar/2026:18:01:38 +0600] "GET /?i=alcampo-ybarra-vinagre-balsamico-ybarra-500-ml-24535455 HTTP/1.1" 200 142166 "-" "meta-externalagent/1.1 (+https://developers.facebook.com/docs/sharing/webmasters/crawler)"
57.141.2.11 - - [10/Mar/2026:18:01:39 +0600] "GET /?i=eysa-funda-silla-bielastica-con-respaldo-pack-2-candy-6858555 HTTP/1.1" 200 140891 "-" "meta-externalagent/1.1 (+https://developers.facebook.com/docs/sharing/webmasters/crawler)"
57.141.2.39 - - [10/Mar/2026:18:01:39 +0600] "GET /?i=wala-calcetines-uyn-m-trekk-one-cool-low-cut-socks-21289755 HTTP/1.1" 200 143023 "-" "meta-externalagent/1.1 (+https://developers.facebook.com/docs/sharing/webmasters/crawler)"
57.141.2.65 - - [10/Mar/2026:18:01:40 +0600] "GET /?i=xti-bolso-de-mujer-xti-18439501-23147755 HTTP/1.1" 200 139498 "-" "meta-externalagent/1.1 (+https://developers.facebook.com/docs/sharing/webmasters/crawler)"
57.141.2.7 - - [10/Mar/2026:18:01:40 +0600] "GET /?i=alcampo-salvamantel-de-corcho-redondo-e-individual-de-19cm-essential-25834155 HTTP/1.1" 200 142734 "-" "meta-externalagent/1.1 (+https://developers.facebook.com/docs/sharing/webmasters/crawler)"
57.141.2.65 - - [10/Mar/2026:18:01:41 +0600] "GET /?i=goods-129652554 HTTP/1.1" 200 143107 "-" "meta-externalagent/1.1 (+https://developers.facebook.com/docs/sharing/webmasters/crawler)"
57.141.2.30 - - [10/Mar/2026:18:01:41 +0600] "GET /?i=armani-exchange-tenis-casuales-hombre-27092755 HTTP/1.1" 200 142084 "-" "meta-externalagent/1.1 (+https://developers.facebook.com/docs/sharing/webmasters/crawler)"
57.141.2.11 - - [10/Mar/2026:18:01:42 +0600] "GET /?i=goods-23161354 HTTP/1.1" 200 144112 "-" "meta-externalagent/1.1 (+https://developers.facebook.com/docs/sharing/webmasters/crawler)"
57.141.2.42 - - [10/Mar/2026:18:01:42 +0600] "GET /?i=bricomart-llave-fija-24x26mm-bellota-30803555 HTTP/1.1" 200 143030 "-" "meta-externalagent/1.1 (+https://developers.facebook.com/docs/sharing/webmasters/crawler)"
216.73.216.20 - - [10/Mar/2026:18:01:43 +0600] "GET /8201294.htm HTTP/1.1" 404 35756 "-" "Mozilla/5.0 AppleWebKit/537.36 (KHTML, like Gecko; compatible; ClaudeBot/1.0; +claudebot@anthropic.com)"
57.141.2.28 - - [10/Mar/2026:18:01:43 +0600] "GET /?i=system-action-coletero-de-plana-corbatero-17805855 HTTP/1.1" 200 140556 "-" "meta-externalagent/1.1 (+https://developers.facebook.com/docs/sharing/webmasters/crawler)"
216.73.216.20 - - [10/Mar/2026:18:01:43 +0600] "GET /197831270.htm HTTP/1.1" 404 35756 "-" "Mozilla/5.0 AppleWebKit/537.36 (KHTML, like Gecko; compatible; ClaudeBot/1.0; +claudebot@anthropic.com)"
216.73.216.20 - - [10/Mar/2026:18:01:43 +0600] "GET /328123712.htm HTTP/1.1" 404 35756 "-" "Mozilla/5.0 AppleWebKit/537.36 (KHTML, like Gecko; compatible; ClaudeBot/1.0; +claudebot@anthropic.com)"
57.141.2.57 - - [10/Mar/2026:18:01:43 +0600] "GET /?i=intimissimi-calzoncillos-soft-silk-36460755 HTTP/1.1" 200 141748 "-" "meta-externalagent/1.1 (+https://developers.facebook.com/docs/sharing/webmasters/crawler)"
57.141.2.43 - - [10/Mar/2026:18:01:44 +0600] "GET /?i=vical-home-jarron-adib-19441955 HTTP/1.1" 200 140181 "-" "meta-externalagent/1.1 (+https://developers.facebook.com/docs/sharing/webmasters/crawler)"
57.141.2.18 - - [10/Mar/2026:18:01:44 +0600] "GET /?i=piaget-piaget-sunlight-earrings-35653055 HTTP/1.1" 200 140352 "-" "meta-externalagent/1.1 (+https://developers.facebook.com/docs/sharing/webmasters/crawler)"
216.73.216.20 - - [10/Mar/2026:18:01:44 +0600] "GET /57230522.htm HTTP/1.1" 404 35756 "-" "Mozilla/5.0 AppleWebKit/537.36 (KHTML, like Gecko; compatible; ClaudeBot/1.0; +claudebot@anthropic.com)"
216.73.216.20 - - [10/Mar/2026:18:01:45 +0600] "GET /36734996.htm HTTP/1.1" 404 35756 "-" "Mozilla/5.0 AppleWebKit/537.36 (KHTML, like Gecko; compatible; ClaudeBot/1.0; +claudebot@anthropic.com)"
57.141.2.45 - - [10/Mar/2026:18:01:45 +0600] "GET /?i=goods-103166054 HTTP/1.1" 200 141049 "-" "meta-externalagent/1.1 (+https://developers.facebook.com/docs/sharing/webmasters/crawler)"
216.73.216.20 - - [10/Mar/2026:18:01:45 +0600] "GET /123700970.htm HTTP/1.1" 404 35756 "-" "Mozilla/5.0 AppleWebKit/537.36 (KHTML, like Gecko; compatible; ClaudeBot/1.0; +claudebot@anthropic.com)"
57.141.2.5 - - [10/Mar/2026:18:01:45 +0600] "GET /?i=goods-46317954 HTTP/1.1" 200 140634 "-" "meta-externalagent/1.1 (+https://developers.facebook.com/docs/sharing/webmasters/crawler)"
57.141.2.19 - - [10/Mar/2026:18:01:46 +0600] "GET /?i=etiqueta-negra-sandalia-dos-tiras-6323055 HTTP/1.1" 200 140666 "-" "meta-externalagent/1.1 (+https://developers.facebook.com/docs/sharing/webmasters/crawler)"
216.73.216.20 - - [10/Mar/2026:18:01:46 +0600] "GET /106950554.htm HTTP/1.1" 404 35756 "-" "Mozilla/5.0 AppleWebKit/537.36 (KHTML, like Gecko; compatible; ClaudeBot/1.0; +claudebot@anthropic.com)"
216.73.216.20 - - [10/Mar/2026:18:01:46 +0600] "GET /175348706.htm HTTP/1.1" 404 35756 "-" "Mozilla/5.0 AppleWebKit/537.36 (KHTML, like Gecko; compatible; ClaudeBot/1.0; +claudebot@anthropic.com)"
57.141.2.44 - - [10/Mar/2026:18:01:47 +0600] "GET /?i=tumi-harrison-bolso-sling-gregory-35440755 HTTP/1.1" 200 141188 "-" "meta-externalagent/1.1 (+https://developers.facebook.com/docs/sharing/webmasters/crawler)"
216.73.216.20 - - [10/Mar/2026:18:01:47 +0600] "GET /438323504.htm HTTP/1.1" 404 35756 "-" "Mozilla/5.0 AppleWebKit/537.36 (KHTML, like Gecko; compatible; ClaudeBot/1.0; +claudebot@anthropic.com)"
57.141.2.27 - - [10/Mar/2026:18:01:47 +0600] "GET /?i=tezenis-sudadera-de-algodon-con-capucha-y-cremallera-unisex-para-nin-36626455 HTTP/1.1" 200 142592 "-" "meta-externalagent/1.1 (+https://developers.facebook.com/docs/sharing/webmasters/crawler)"
57.141.2.51 - - [10/Mar/2026:18:01:46 +0600] "GET /?i=pedro-del-hierro-gafas-de-sol-treat-frelard-14009055 HTTP/1.1" 200 142907 "-" "meta-externalagent/1.1 (+https://developers.facebook.com/docs/sharing/webmasters/crawler)"
216.73.216.20 - - [10/Mar/2026:18:01:48 +0600] "GET /566698658.htm HTTP/1.1" 404 35756 "-" "Mozilla/5.0 AppleWebKit/537.36 (KHTML, like Gecko; compatible; ClaudeBot/1.0; +claudebot@anthropic.com)"
57.141.2.3 - - [10/Mar/2026:18:01:48 +0600] "GET /?i=bricomart-detector-movimiento-superficie-techo-gran-altura-10m-30590855 HTTP/1.1" 200 144619 "-" "meta-externalagent/1.1 (+https://developers.facebook.com/docs/sharing/webmasters/crawler)"
57.141.2.63 - - [10/Mar/2026:18:01:48 +0600] "GET /?i=wala-chaquetas-oakley-canvas-snap-jacket-20992255 HTTP/1.1" 200 141312 "-" "meta-externalagent/1.1 (+https://developers.facebook.com/docs/sharing/webmasters/crawler)"
216.73.216.20 - - [10/Mar/2026:18:01:48 +0600] "GET /83176778.htm HTTP/1.1" 404 35756 "-" "Mozilla/5.0 AppleWebKit/537.36 (KHTML, like Gecko; compatible; ClaudeBot/1.0; +claudebot@anthropic.com)"
57.141.2.51 - - [10/Mar/2026:18:01:49 +0600] "GET /?i=goods-100585954 HTTP/1.1" 200 144758 "-" "meta-externalagent/1.1 (+https://developers.facebook.com/docs/sharing/webmasters/crawler)"
216.73.216.20 - - [10/Mar/2026:18:01:49 +0600] "GET /178636070.htm HTTP/1.1" 404 35756 "-" "Mozilla/5.0 AppleWebKit/537.36 (KHTML, like Gecko; compatible; ClaudeBot/1.0; +claudebot@anthropic.com)"
57.141.2.3 - - [10/Mar/2026:18:01:49 +0600] "GET /?i=goods-99218854 HTTP/1.1" 200 142968 "-" "meta-externalagent/1.1 (+https://developers.facebook.com/docs/sharing/webmasters/crawler)"
57.141.2.63 - - [10/Mar/2026:18:01:50 +0600] "GET /?i=goods-22119854 HTTP/1.1" 200 142973 "-" "meta-externalagent/1.1 (+https://developers.facebook.com/docs/sharing/webmasters/crawler)"
57.141.2.42 - - [10/Mar/2026:18:01:50 +0600] "GET /?i=goods-64273754 HTTP/1.1" 200 142194 "-" "meta-externalagent/1.1 (+https://developers.facebook.com/docs/sharing/webmasters/crawler)"
57.141.2.27 - - [10/Mar/2026:18:01:51 +0600] "GET /?i=northweek-regular-tortoise-13370455 HTTP/1.1" 200 140954 "-" "meta-externalagent/1.1 (+https://developers.facebook.com/docs/sharing/webmasters/crawler)"
57.141.2.3 - - [10/Mar/2026:18:01:51 +0600] "GET /?i=westwing-ganchos-de-metal-bath-3-uds-31896055 HTTP/1.1" 200 141472 "-" "meta-externalagent/1.1 (+https://developers.facebook.com/docs/sharing/webmasters/crawler)"
57.141.2.8 - - [10/Mar/2026:18:01:52 +0600] "GET /?i=goods-30764954 HTTP/1.1" 200 140347 "-" "meta-externalagent/1.1 (+https://developers.facebook.com/docs/sharing/webmasters/crawler)"
57.141.2.45 - - [10/Mar/2026:18:01:52 +0600] "GET /?i=farrutx-keisi-med-velour-cuero-7339955 HTTP/1.1" 200 139235 "-" "meta-externalagent/1.1 (+https://developers.facebook.com/docs/sharing/webmasters/crawler)"
57.141.2.49 - - [10/Mar/2026:18:01:53 +0600] "GET /?i=nacnic-lamina-acuarela-skyline-de-valencia-nacnic-12506155 HTTP/1.1" 200 143548 "-" "meta-externalagent/1.1 (+https://developers.facebook.com/docs/sharing/webmasters/crawler)"
