57.141.2.31 - - [10/Mar/2026:18:09:35 +0600] "GET /?i=batela-mesita-de-noche-metal-banderas-decoracion-nautica-1112955 HTTP/1.1" 200 141003 "-" "meta-externalagent/1.1 (+https://developers.facebook.com/docs/sharing/webmasters/crawler)"
216.73.216.20 - - [10/Mar/2026:18:09:34 +0600] "GET /16766594.htm HTTP/1.1" 404 35756 "-" "Mozilla/5.0 AppleWebKit/537.36 (KHTML, like Gecko; compatible; ClaudeBot/1.0; +claudebot@anthropic.com)"
216.73.216.20 - - [10/Mar/2026:18:09:35 +0600] "GET /138520148.htm HTTP/1.1" 404 35756 "-" "Mozilla/5.0 AppleWebKit/537.36 (KHTML, like Gecko; compatible; ClaudeBot/1.0; +claudebot@anthropic.com)"
216.73.216.20 - - [10/Mar/2026:18:09:35 +0600] "GET /375434114.htm HTTP/1.1" 404 35756 "-" "Mozilla/5.0 AppleWebKit/537.36 (KHTML, like Gecko; compatible; ClaudeBot/1.0; +claudebot@anthropic.com)"
57.141.2.40 - - [10/Mar/2026:18:09:36 +0600] "GET /?i=calypso-watches-street-style-k5560-1-1761955 HTTP/1.1" 200 140008 "-" "meta-externalagent/1.1 (+https://developers.facebook.com/docs/sharing/webmasters/crawler)"
216.73.216.20 - - [10/Mar/2026:18:09:36 +0600] "GET /245224814.htm HTTP/1.1" 404 35756 "-" "Mozilla/5.0 AppleWebKit/537.36 (KHTML, like Gecko; compatible; ClaudeBot/1.0; +claudebot@anthropic.com)"
216.73.216.20 - - [10/Mar/2026:18:09:36 +0600] "GET /21833234.htm HTTP/1.1" 404 35756 "-" "Mozilla/5.0 AppleWebKit/537.36 (KHTML, like Gecko; compatible; ClaudeBot/1.0; +claudebot@anthropic.com)"
57.141.2.20 - - [10/Mar/2026:18:09:36 +0600] "GET /?i=camper-peu-pista-gore-tex-sneakers-negras-de-piel-para-mujer-2072955 HTTP/1.1" 200 141085 "-" "meta-externalagent/1.1 (+https://developers.facebook.com/docs/sharing/webmasters/crawler)"
57.141.2.23 - - [10/Mar/2026:18:09:37 +0600] "GET /?i=h-m-chaqueta-denim-con-cinturon-de-anudar-verde-aceituna-mujer-40106455 HTTP/1.1" 200 142070 "-" "meta-externalagent/1.1 (+https://developers.facebook.com/docs/sharing/webmasters/crawler)"
57.141.2.40 - - [10/Mar/2026:18:09:37 +0600] "GET /?i=neosens-s3171-montone-brown-tressot-12782955 HTTP/1.1" 200 141370 "-" "meta-externalagent/1.1 (+https://developers.facebook.com/docs/sharing/webmasters/crawler)"
57.141.2.62 - - [10/Mar/2026:18:09:38 +0600] "GET /?i=pitillos-botin-chelsea-de-mujer-color-cuero-14505355 HTTP/1.1" 200 141369 "-" "meta-externalagent/1.1 (+https://developers.facebook.com/docs/sharing/webmasters/crawler)"
57.141.2.47 - - [10/Mar/2026:18:09:38 +0600] "GET /?i=conforama-croma-alfombra-vinilica-estampada-patch-gris-ambar-acolcha-29594655 HTTP/1.1" 200 143435 "-" "meta-externalagent/1.1 (+https://developers.facebook.com/docs/sharing/webmasters/crawler)"
57.141.2.7 - - [10/Mar/2026:18:09:39 +0600] "GET /?i=kelme-camiseta-manga-corta-warrior-9603355 HTTP/1.1" 200 3 "-" "meta-externalagent/1.1 (+https://developers.facebook.com/docs/sharing/webmasters/crawler)"
57.141.2.7 - - [10/Mar/2026:18:09:39 +0600] "GET /?i=conforama-recibidor-de-madera-de-3-cajones-y-2-puertas-en-negro-63x2-29518855 HTTP/1.1" 200 142737 "-" "meta-externalagent/1.1 (+https://developers.facebook.com/docs/sharing/webmasters/crawler)"
57.141.2.35 - - [10/Mar/2026:18:09:40 +0600] "GET /?i=mesa-de-jardin-antracita-55x40x37-cm-acero-vidaxl-23846655 HTTP/1.1" 200 142907 "-" "meta-externalagent/1.1 (+https://developers.facebook.com/docs/sharing/webmasters/crawler)"
57.141.2.36 - - [10/Mar/2026:18:09:40 +0600] "GET /?i=sklum-uain-mangoholzschrank-mit-vier-schubladen-16738255 HTTP/1.1" 200 141451 "-" "meta-externalagent/1.1 (+https://developers.facebook.com/docs/sharing/webmasters/crawler)"
57.141.2.59 - - [10/Mar/2026:18:09:41 +0600] "GET /?i=samsonite-ecodiver-mochila-de-viaje-m-35312955 HTTP/1.1" 200 144045 "-" "meta-externalagent/1.1 (+https://developers.facebook.com/docs/sharing/webmasters/crawler)"
57.141.2.65 - - [10/Mar/2026:18:09:41 +0600] "GET /?i=gabol-estuche-doble-tizas-7615855 HTTP/1.1" 200 139018 "-" "meta-externalagent/1.1 (+https://developers.facebook.com/docs/sharing/webmasters/crawler)"
74.7.227.10 - - [10/Mar/2026:18:09:41 +0600] "GET /363945563.phtml HTTP/1.1" 404 36192 "https://www.inprosysltd.com/sitemap-18.xml" "Mozilla/5.0 AppleWebKit/537.36 (KHTML, like Gecko; compatible; GPTBot/1.3; +https://openai.com/gptbot)"
57.141.2.6 - - [10/Mar/2026:18:09:42 +0600] "GET /?i=goods-15222858 HTTP/1.1" 200 140870 "-" "meta-externalagent/1.1 (+https://developers.facebook.com/docs/sharing/webmasters/crawler)"
57.141.2.28 - - [10/Mar/2026:18:09:42 +0600] "GET /?i=hugo-boss-mono-de-nieve-para-bebe-con-forro-de-imitacion-de-piel-y-d-37811455 HTTP/1.1" 200 143321 "-" "meta-externalagent/1.1 (+https://developers.facebook.com/docs/sharing/webmasters/crawler)"
57.141.2.31 - - [10/Mar/2026:18:09:43 +0600] "GET /?i=lola-cruz-aria-platform-95-10914455 HTTP/1.1" 200 139679 "-" "meta-externalagent/1.1 (+https://developers.facebook.com/docs/sharing/webmasters/crawler)"
57.141.2.38 - - [10/Mar/2026:18:09:43 +0600] "GET /?i=women-secret-mono-bebe-estampado-22889955 HTTP/1.1" 200 141632 "-" "meta-externalagent/1.1 (+https://developers.facebook.com/docs/sharing/webmasters/crawler)"
57.141.2.51 - - [10/Mar/2026:18:09:44 +0600] "GET /?i=goods-198357458 HTTP/1.1" 200 142329 "-" "meta-externalagent/1.1 (+https://developers.facebook.com/docs/sharing/webmasters/crawler)"
57.141.2.22 - - [10/Mar/2026:18:09:44 +0600] "GET /?i=goods-174763058 HTTP/1.1" 200 141333 "-" "meta-externalagent/1.1 (+https://developers.facebook.com/docs/sharing/webmasters/crawler)"
57.141.2.65 - - [10/Mar/2026:18:09:45 +0600] "GET /?i=festina-reloj-festina-f20679-1-plateado-mujer-7398755 HTTP/1.1" 200 140182 "-" "meta-externalagent/1.1 (+https://developers.facebook.com/docs/sharing/webmasters/crawler)"
57.141.2.65 - - [10/Mar/2026:18:09:45 +0600] "GET /?i=goods-167435658 HTTP/1.1" 200 139735 "-" "meta-externalagent/1.1 (+https://developers.facebook.com/docs/sharing/webmasters/crawler)"
57.141.2.53 - - [10/Mar/2026:18:09:46 +0600] "GET /?i=conforama-buffet-de-cocina-fresh-ii-3-puertas-dmf-roble-blanco-27689155 HTTP/1.1" 200 141983 "-" "meta-externalagent/1.1 (+https://developers.facebook.com/docs/sharing/webmasters/crawler)"
57.141.2.61 - - [10/Mar/2026:18:09:46 +0600] "GET /?i=luna-llena-camisa-ve194-luna-llena-11469155 HTTP/1.1" 200 140106 "-" "meta-externalagent/1.1 (+https://developers.facebook.com/docs/sharing/webmasters/crawler)"
66.249.73.170 - - [10/Mar/2026:18:09:46 +0600] "GET /?i=converse-basse-donna-prezzo-153845524 HTTP/1.1" 200 151746 "-" "Mozilla/5.0 (Linux; Android 6.0.1; Nexus 5X Build/MMB29P) AppleWebKit/537.36 (KHTML, like Gecko) Chrome/145.0.7632.159 Mobile Safari/537.36 (compatible; Googlebot/2.1; +http://www.google.com/bot.html)"
57.141.2.71 - - [10/Mar/2026:18:09:47 +0600] "GET /?i=goods-17172458 HTTP/1.1" 200 141611 "-" "meta-externalagent/1.1 (+https://developers.facebook.com/docs/sharing/webmasters/crawler)"
57.141.2.1 - - [10/Mar/2026:18:09:47 +0600] "GET /?i=eseoese-botin-frankie-6224755 HTTP/1.1" 200 139326 "-" "meta-externalagent/1.1 (+https://developers.facebook.com/docs/sharing/webmasters/crawler)"
57.141.2.69 - - [10/Mar/2026:18:09:48 +0600] "GET /?i=goods-133921258 HTTP/1.1" 200 140186 "-" "meta-externalagent/1.1 (+https://developers.facebook.com/docs/sharing/webmasters/crawler)"
57.141.2.43 - - [10/Mar/2026:18:09:48 +0600] "GET /?i=nacnic-lamina-dibujos-de-naturaleza-en-tonos-marrones-11947755 HTTP/1.1" 200 142819 "-" "meta-externalagent/1.1 (+https://developers.facebook.com/docs/sharing/webmasters/crawler)"
57.141.2.27 - - [10/Mar/2026:18:09:49 +0600] "GET /?i=cortefiel-zapatilla-under-amour-charged-pursuit-3-3682755 HTTP/1.1" 200 141499 "-" "meta-externalagent/1.1 (+https://developers.facebook.com/docs/sharing/webmasters/crawler)"
57.141.2.29 - - [10/Mar/2026:18:09:49 +0600] "GET /?i=garcia-de-pou-platos-rectangulares-26x12-5x1-6-cm-blanco-porcelana-1-8247255 HTTP/1.1" 200 143024 "-" "meta-externalagent/1.1 (+https://developers.facebook.com/docs/sharing/webmasters/crawler)"
57.141.2.34 - - [10/Mar/2026:18:09:50 +0600] "GET /?i=nacnic-lamina-almendro-en-flor-con-coronas-florales-12108755 HTTP/1.1" 200 143334 "-" "meta-externalagent/1.1 (+https://developers.facebook.com/docs/sharing/webmasters/crawler)"
57.141.2.3 - - [10/Mar/2026:18:09:50 +0600] "GET /?i=h-m-sombra-de-ojos-en-lapiz-make-it-easy-mood-lighting-beauty-all-39996055 HTTP/1.1" 200 141994 "-" "meta-externalagent/1.1 (+https://developers.facebook.com/docs/sharing/webmasters/crawler)"
57.141.2.65 - - [10/Mar/2026:18:09:51 +0600] "GET /?i=satorisan-kiso-wool-15167155 HTTP/1.1" 200 140089 "-" "meta-externalagent/1.1 (+https://developers.facebook.com/docs/sharing/webmasters/crawler)"
57.141.2.28 - - [10/Mar/2026:18:09:51 +0600] "GET /?i=h-m-top-de-bikini-triangular-bright-orange-mujer-40114055 HTTP/1.1" 200 141422 "-" "meta-externalagent/1.1 (+https://developers.facebook.com/docs/sharing/webmasters/crawler)"
57.141.2.43 - - [10/Mar/2026:18:09:52 +0600] "GET /?i=peace-love-by-calao-vestido-largo-estampado-13788055 HTTP/1.1" 200 140522 "-" "meta-externalagent/1.1 (+https://developers.facebook.com/docs/sharing/webmasters/crawler)"
216.73.216.20 - - [10/Mar/2026:18:09:52 +0600] "GET /36979958.htm HTTP/1.1" 404 35756 "-" "Mozilla/5.0 AppleWebKit/537.36 (KHTML, like Gecko; compatible; ClaudeBot/1.0; +claudebot@anthropic.com)"
57.141.2.45 - - [10/Mar/2026:18:09:52 +0600] "GET /?i=sklum-cassetto-in-mdf-tom-kids-16853055 HTTP/1.1" 200 140606 "-" "meta-externalagent/1.1 (+https://developers.facebook.com/docs/sharing/webmasters/crawler)"
216.73.216.20 - - [10/Mar/2026:18:09:52 +0600] "GET /328736768.htm HTTP/1.1" 404 35756 "-" "Mozilla/5.0 AppleWebKit/537.36 (KHTML, like Gecko; compatible; ClaudeBot/1.0; +claudebot@anthropic.com)"
216.73.216.20 - - [10/Mar/2026:18:09:52 +0600] "GET /557962052.htm HTTP/1.1" 404 35756 "-" "Mozilla/5.0 AppleWebKit/537.36 (KHTML, like Gecko; compatible; ClaudeBot/1.0; +claudebot@anthropic.com)"
216.73.216.20 - - [10/Mar/2026:18:09:52 +0600] "GET /391596770.htm HTTP/1.1" 404 35756 "-" "Mozilla/5.0 AppleWebKit/537.36 (KHTML, like Gecko; compatible; ClaudeBot/1.0; +claudebot@anthropic.com)"
216.73.216.20 - - [10/Mar/2026:18:09:52 +0600] "GET /433302806.htm HTTP/1.1" 404 35756 "-" "Mozilla/5.0 AppleWebKit/537.36 (KHTML, like Gecko; compatible; ClaudeBot/1.0; +claudebot@anthropic.com)"
57.141.2.66 - - [10/Mar/2026:18:09:53 +0600] "GET /?i=xti-zapato-de-nina-xti-kid-15114703-23156055 HTTP/1.1" 200 139647 "-" "meta-externalagent/1.1 (+https://developers.facebook.com/docs/sharing/webmasters/crawler)"
57.141.2.31 - - [10/Mar/2026:18:09:53 +0600] "GET /?i=goods-80098058 HTTP/1.1" 200 140767 "-" "meta-externalagent/1.1 (+https://developers.facebook.com/docs/sharing/webmasters/crawler)"
216.73.216.20 - - [10/Mar/2026:18:09:54 +0600] "GET /97391828.htm HTTP/1.1" 404 35756 "-" "Mozilla/5.0 AppleWebKit/537.36 (KHTML, like Gecko; compatible; ClaudeBot/1.0; +claudebot@anthropic.com)"
57.141.2.63 - - [10/Mar/2026:18:09:54 +0600] "GET /?i=bricomart-tapa-ciega-120x200mm-acero-30206655 HTTP/1.1" 200 143533 "-" "meta-externalagent/1.1 (+https://developers.facebook.com/docs/sharing/webmasters/crawler)"
57.141.2.28 - - [10/Mar/2026:18:09:54 +0600] "GET /?i=fisura-calcetines-originales-how-do-you-feel-today-7455155 HTTP/1.1" 200 140381 "-" "meta-externalagent/1.1 (+https://developers.facebook.com/docs/sharing/webmasters/crawler)"
57.141.2.67 - - [10/Mar/2026:18:09:55 +0600] "GET /?i=secaneta-toalla-150x175-eg-jacquard-terc-upsun-azul-15293055 HTTP/1.1" 200 141320 "-" "meta-externalagent/1.1 (+https://developers.facebook.com/docs/sharing/webmasters/crawler)"
216.73.216.20 - - [10/Mar/2026:18:09:54 +0600] "GET /235938020.htm HTTP/1.1" 404 35756 "-" "Mozilla/5.0 AppleWebKit/537.36 (KHTML, like Gecko; compatible; ClaudeBot/1.0; +claudebot@anthropic.com)"
216.73.216.20 - - [10/Mar/2026:18:09:54 +0600] "GET /266177342.htm HTTP/1.1" 404 35756 "-" "Mozilla/5.0 AppleWebKit/537.36 (KHTML, like Gecko; compatible; ClaudeBot/1.0; +claudebot@anthropic.com)"
216.73.216.20 - - [10/Mar/2026:18:09:55 +0600] "GET /406915544.htm HTTP/1.1" 404 35756 "-" "Mozilla/5.0 AppleWebKit/537.36 (KHTML, like Gecko; compatible; ClaudeBot/1.0; +claudebot@anthropic.com)"
216.73.216.20 - - [10/Mar/2026:18:09:55 +0600] "GET /225551966.htm HTTP/1.1" 404 35756 "-" "Mozilla/5.0 AppleWebKit/537.36 (KHTML, like Gecko; compatible; ClaudeBot/1.0; +claudebot@anthropic.com)"
57.141.2.47 - - [10/Mar/2026:18:09:55 +0600] "GET /?i=goods-139227858 HTTP/1.1" 200 141733 "-" "meta-externalagent/1.1 (+https://developers.facebook.com/docs/sharing/webmasters/crawler)"
57.141.2.7 - - [10/Mar/2026:18:09:56 +0600] "GET /?i=in-side-camiseta-estampada-punos-9141555 HTTP/1.1" 200 139860 "-" "meta-externalagent/1.1 (+https://developers.facebook.com/docs/sharing/webmasters/crawler)"
57.141.2.60 - - [10/Mar/2026:18:09:56 +0600] "GET /?i=hugo-boss-sudadera-de-algodon-con-monograma-double-b-37706255 HTTP/1.1" 200 142220 "-" "meta-externalagent/1.1 (+https://developers.facebook.com/docs/sharing/webmasters/crawler)"
57.141.2.67 - - [10/Mar/2026:18:09:57 +0600] "GET /?i=patagonia-women-s-unity-fitz-uprisal-fleece-sweatpants-38852455 HTTP/1.1" 200 143558 "-" "meta-externalagent/1.1 (+https://developers.facebook.com/docs/sharing/webmasters/crawler)"
216.73.216.20 - - [10/Mar/2026:18:09:57 +0600] "GET /468326606.htm HTTP/1.1" 404 35756 "-" "Mozilla/5.0 AppleWebKit/537.36 (KHTML, like Gecko; compatible; ClaudeBot/1.0; +claudebot@anthropic.com)"
216.73.216.20 - - [10/Mar/2026:18:09:57 +0600] "GET /298675634.htm HTTP/1.1" 404 35756 "-" "Mozilla/5.0 AppleWebKit/537.36 (KHTML, like Gecko; compatible; ClaudeBot/1.0; +claudebot@anthropic.com)"
57.141.2.55 - - [10/Mar/2026:18:09:57 +0600] "GET /?i=conforama-cama-box-spring-colchon-y-luces-led-tela-gris-claro-80x200-28489255 HTTP/1.1" 200 145123 "-" "meta-externalagent/1.1 (+https://developers.facebook.com/docs/sharing/webmasters/crawler)"
216.73.216.20 - - [10/Mar/2026:18:09:57 +0600] "GET /397350680.htm HTTP/1.1" 404 35756 "-" "Mozilla/5.0 AppleWebKit/537.36 (KHTML, like Gecko; compatible; ClaudeBot/1.0; +claudebot@anthropic.com)"
216.73.216.20 - - [10/Mar/2026:18:09:57 +0600] "GET /177667754.htm HTTP/1.1" 404 35756 "-" "Mozilla/5.0 AppleWebKit/537.36 (KHTML, like Gecko; compatible; ClaudeBot/1.0; +claudebot@anthropic.com)"
57.141.2.29 - - [10/Mar/2026:18:09:58 +0600] "GET /?i=vin-bouquet-4-bombillas-yerba-verde-mate-en-acero-inoxidable-y-un-ce-19767755 HTTP/1.1" 200 142302 "-" "meta-externalagent/1.1 (+https://developers.facebook.com/docs/sharing/webmasters/crawler)"
216.73.216.20 - - [10/Mar/2026:18:09:59 +0600] "GET /216683114.htm HTTP/1.1" 404 35756 "-" "Mozilla/5.0 AppleWebKit/537.36 (KHTML, like Gecko; compatible; ClaudeBot/1.0; +claudebot@anthropic.com)"
57.141.2.67 - - [10/Mar/2026:18:09:59 +0600] "GET /?i=bullpadel-mochila-bullpadel-bpm25004-performance-negro-1613855 HTTP/1.1" 200 141296 "-" "meta-externalagent/1.1 (+https://developers.facebook.com/docs/sharing/webmasters/crawler)"
57.141.2.12 - - [10/Mar/2026:18:09:59 +0600] "GET /?i=conforama-portafotos-resina-plateado-20x25-cm-29535355 HTTP/1.1" 200 142858 "-" "meta-externalagent/1.1 (+https://developers.facebook.com/docs/sharing/webmasters/crawler)"
57.141.2.65 - - [10/Mar/2026:18:09:59 +0600] "GET /?i=women-secret-bolso-mediano-canva-y-cuerda-22472055 HTTP/1.1" 200 141925 "-" "meta-externalagent/1.1 (+https://developers.facebook.com/docs/sharing/webmasters/crawler)"
216.73.216.20 - - [10/Mar/2026:18:09:55 +0600] "GET /446737586.htm HTTP/1.1" 404 35756 "-" "Mozilla/5.0 AppleWebKit/537.36 (KHTML, like Gecko; compatible; ClaudeBot/1.0; +claudebot@anthropic.com)"
57.141.2.42 - - [10/Mar/2026:18:10:00 +0600] "GET /?i=sweet-lola-top-berna-17763855 HTTP/1.1" 200 139745 "-" "meta-externalagent/1.1 (+https://developers.facebook.com/docs/sharing/webmasters/crawler)"
57.141.2.49 - - [10/Mar/2026:18:10:00 +0600] "GET /?i=xti-zapato-de-mujer-refresh-17258306-23196455 HTTP/1.1" 200 139770 "-" "meta-externalagent/1.1 (+https://developers.facebook.com/docs/sharing/webmasters/crawler)"
57.141.2.23 - - [10/Mar/2026:18:10:01 +0600] "GET /?i=fama-fabre-raspacallos-steinhart-7016955 HTTP/1.1" 200 140155 "-" "meta-externalagent/1.1 (+https://developers.facebook.com/docs/sharing/webmasters/crawler)"
57.141.2.21 - - [10/Mar/2026:18:10:01 +0600] "GET /?i=mcm-laurel-rectangular-sunglasses-35059055 HTTP/1.1" 200 146682 "-" "meta-externalagent/1.1 (+https://developers.facebook.com/docs/sharing/webmasters/crawler)"
57.141.2.22 - - [10/Mar/2026:18:10:02 +0600] "GET /?i=gabol-mochila-saco-tizas-7619255 HTTP/1.1" 200 138968 "-" "meta-externalagent/1.1 (+https://developers.facebook.com/docs/sharing/webmasters/crawler)"
74.7.242.57 - - [10/Mar/2026:18:10:02 +0600] "GET /353162102.htm HTTP/1.1" 404 35756 "https://inprosysltd.com/sitemap-8.xml" "Mozilla/5.0 AppleWebKit/537.36 (KHTML, like Gecko; compatible; GPTBot/1.3; +https://openai.com/gptbot)"
57.141.2.21 - - [10/Mar/2026:18:10:02 +0600] "GET /?i=intimissimi-polo-de-manga-corta-de-punto-de-algodon-36401255 HTTP/1.1" 200 142197 "-" "meta-externalagent/1.1 (+https://developers.facebook.com/docs/sharing/webmasters/crawler)"
216.73.216.20 - - [10/Mar/2026:18:09:52 +0600] "GET /197208728.htm HTTP/1.1" 404 35756 "-" "Mozilla/5.0 AppleWebKit/537.36 (KHTML, like Gecko; compatible; ClaudeBot/1.0; +claudebot@anthropic.com)"
57.141.2.6 - - [10/Mar/2026:18:10:03 +0600] "GET /?i=saint-laurent-cinturon-de-cadena-34207755 HTTP/1.1" 200 140323 "-" "meta-externalagent/1.1 (+https://developers.facebook.com/docs/sharing/webmasters/crawler)"
57.141.2.49 - - [10/Mar/2026:18:10:04 +0600] "GET /?i=agatha-ruiz-de-la-prada-reloj-flip-margaritas-con-brillantes-267155 HTTP/1.1" 200 141861 "-" "meta-externalagent/1.1 (+https://developers.facebook.com/docs/sharing/webmasters/crawler)"
57.141.2.45 - - [10/Mar/2026:18:10:04 +0600] "GET /?i=brava-fabrics-vestido-largo-cuello-pico-lips-prune-1477555 HTTP/1.1" 200 140711 "-" "meta-externalagent/1.1 (+https://developers.facebook.com/docs/sharing/webmasters/crawler)"
57.141.2.20 - - [10/Mar/2026:18:10:04 +0600] "GET /?i=cortefiel-vestido-largo-estampado-3888755 HTTP/1.1" 200 141466 "-" "meta-externalagent/1.1 (+https://developers.facebook.com/docs/sharing/webmasters/crawler)"
57.141.2.25 - - [10/Mar/2026:18:10:05 +0600] "GET /?i=goods-73855258 HTTP/1.1" 200 141048 "-" "meta-externalagent/1.1 (+https://developers.facebook.com/docs/sharing/webmasters/crawler)"
57.141.2.5 - - [10/Mar/2026:18:10:05 +0600] "GET /?i=sinned-x-about-you-botas-ps-poelman-en-capuchino-15675855 HTTP/1.1" 200 140833 "-" "meta-externalagent/1.1 (+https://developers.facebook.com/docs/sharing/webmasters/crawler)"
57.141.2.45 - - [10/Mar/2026:18:10:06 +0600] "GET /?i=goods-17388558 HTTP/1.1" 200 141345 "-" "meta-externalagent/1.1 (+https://developers.facebook.com/docs/sharing/webmasters/crawler)"
57.141.2.62 - - [10/Mar/2026:18:10:06 +0600] "GET /?i=goods-49469158 HTTP/1.1" 200 141034 "-" "meta-externalagent/1.1 (+https://developers.facebook.com/docs/sharing/webmasters/crawler)"
57.141.2.15 - - [10/Mar/2026:18:10:07 +0600] "GET /?i=westwing-lampara-de-escritorio-aj-tamanos-diferentes-32243355 HTTP/1.1" 200 142801 "-" "meta-externalagent/1.1 (+https://developers.facebook.com/docs/sharing/webmasters/crawler)"
57.141.2.67 - - [10/Mar/2026:18:10:07 +0600] "GET /?i=goods-134295758 HTTP/1.1" 200 139530 "-" "meta-externalagent/1.1 (+https://developers.facebook.com/docs/sharing/webmasters/crawler)"
216.73.216.20 - - [10/Mar/2026:18:10:07 +0600] "GET /64711256.htm HTTP/1.1" 404 35756 "-" "Mozilla/5.0 AppleWebKit/537.36 (KHTML, like Gecko; compatible; ClaudeBot/1.0; +claudebot@anthropic.com)"
216.73.216.20 - - [10/Mar/2026:18:10:07 +0600] "GET /260660768.htm HTTP/1.1" 404 35756 "-" "Mozilla/5.0 AppleWebKit/537.36 (KHTML, like Gecko; compatible; ClaudeBot/1.0; +claudebot@anthropic.com)"
216.73.216.20 - - [10/Mar/2026:18:10:07 +0600] "GET /32850200.htm HTTP/1.1" 404 35756 "-" "Mozilla/5.0 AppleWebKit/537.36 (KHTML, like Gecko; compatible; ClaudeBot/1.0; +claudebot@anthropic.com)"
57.141.2.10 - - [10/Mar/2026:18:10:08 +0600] "GET /?i=alcampo-vitakraft-snacks-para-perros-sticks-hot-dog-vitakraft-30-gr-26001155 HTTP/1.1" 200 143051 "-" "meta-externalagent/1.1 (+https://developers.facebook.com/docs/sharing/webmasters/crawler)"
216.73.216.20 - - [10/Mar/2026:18:10:07 +0600] "GET /89925230.htm HTTP/1.1" 404 35756 "-" "Mozilla/5.0 AppleWebKit/537.36 (KHTML, like Gecko; compatible; ClaudeBot/1.0; +claudebot@anthropic.com)"
216.73.216.20 - - [10/Mar/2026:18:10:08 +0600] "GET /236559446.htm HTTP/1.1" 404 35756 "-" "Mozilla/5.0 AppleWebKit/537.36 (KHTML, like Gecko; compatible; ClaudeBot/1.0; +claudebot@anthropic.com)"
216.73.216.20 - - [10/Mar/2026:18:10:08 +0600] "GET /39169922.htm HTTP/1.1" 404 35756 "-" "Mozilla/5.0 AppleWebKit/537.36 (KHTML, like Gecko; compatible; ClaudeBot/1.0; +claudebot@anthropic.com)"
57.141.2.67 - - [10/Mar/2026:18:10:08 +0600] "GET /?i=conforama-banqueta-de-madera-y-rejilla-marron-110x37x47-29227555 HTTP/1.1" 200 142084 "-" "meta-externalagent/1.1 (+https://developers.facebook.com/docs/sharing/webmasters/crawler)"
57.141.2.28 - - [10/Mar/2026:18:10:09 +0600] "GET /?i=tezenis-sudadera-manga-larga-capucha-y-estampado-36637155 HTTP/1.1" 200 141701 "-" "meta-externalagent/1.1 (+https://developers.facebook.com/docs/sharing/webmasters/crawler)"
216.73.216.20 - - [10/Mar/2026:18:10:09 +0600] "GET /360616982.htm HTTP/1.1" 404 35756 "-" "Mozilla/5.0 AppleWebKit/537.36 (KHTML, like Gecko; compatible; ClaudeBot/1.0; +claudebot@anthropic.com)"
57.141.2.33 - - [10/Mar/2026:18:10:09 +0600] "GET /?i=goods-118674958 HTTP/1.1" 200 139995 "-" "meta-externalagent/1.1 (+https://developers.facebook.com/docs/sharing/webmasters/crawler)"
57.141.2.8 - - [10/Mar/2026:18:10:10 +0600] "GET /?i=totto-maleta-rayatta-l-deco-rose-18844255 HTTP/1.1" 200 141642 "-" "meta-externalagent/1.1 (+https://developers.facebook.com/docs/sharing/webmasters/crawler)"
216.73.216.20 - - [10/Mar/2026:18:10:10 +0600] "GET /248188166.htm HTTP/1.1" 404 35756 "-" "Mozilla/5.0 AppleWebKit/537.36 (KHTML, like Gecko; compatible; ClaudeBot/1.0; +claudebot@anthropic.com)"
216.73.216.20 - - [10/Mar/2026:18:10:10 +0600] "GET /345316622.htm HTTP/1.1" 404 35756 "-" "Mozilla/5.0 AppleWebKit/537.36 (KHTML, like Gecko; compatible; ClaudeBot/1.0; +claudebot@anthropic.com)"
57.141.2.67 - - [10/Mar/2026:18:10:10 +0600] "GET /?i=goods-141694458 HTTP/1.1" 200 142434 "-" "meta-externalagent/1.1 (+https://developers.facebook.com/docs/sharing/webmasters/crawler)"
216.73.216.20 - - [10/Mar/2026:18:10:10 +0600] "GET /8411846.htm HTTP/1.1" 404 35756 "-" "Mozilla/5.0 AppleWebKit/537.36 (KHTML, like Gecko; compatible; ClaudeBot/1.0; +claudebot@anthropic.com)"
57.141.2.37 - - [10/Mar/2026:18:10:11 +0600] "GET /?i=sinned-x-about-you-anillo-pilgrim-en-plata-15751855 HTTP/1.1" 200 140177 "-" "meta-externalagent/1.1 (+https://developers.facebook.com/docs/sharing/webmasters/crawler)"
216.73.216.20 - - [10/Mar/2026:18:10:10 +0600] "GET /389021972.htm HTTP/1.1" 404 35756 "-" "Mozilla/5.0 AppleWebKit/537.36 (KHTML, like Gecko; compatible; ClaudeBot/1.0; +claudebot@anthropic.com)"
57.141.2.56 - - [10/Mar/2026:18:10:11 +0600] "GET /?i=conforama-aparador-2-puertas-ratan-natural-l80-cm-jaya-28516455 HTTP/1.1" 200 142496 "-" "meta-externalagent/1.1 (+https://developers.facebook.com/docs/sharing/webmasters/crawler)"
216.73.216.20 - - [10/Mar/2026:18:10:10 +0600] "GET /156552104.htm HTTP/1.1" 404 35756 "-" "Mozilla/5.0 AppleWebKit/537.36 (KHTML, like Gecko; compatible; ClaudeBot/1.0; +claudebot@anthropic.com)"
216.73.216.20 - - [10/Mar/2026:18:10:11 +0600] "GET /102478184.htm HTTP/1.1" 404 35756 "-" "Mozilla/5.0 AppleWebKit/537.36 (KHTML, like Gecko; compatible; ClaudeBot/1.0; +claudebot@anthropic.com)"
57.141.2.70 - - [10/Mar/2026:18:10:12 +0600] "GET /?i=creaciones-meng-mueble-sillas-silla-de-madera-y-tapizado-marron-4179655 HTTP/1.1" 200 142739 "-" "meta-externalagent/1.1 (+https://developers.facebook.com/docs/sharing/webmasters/crawler)"
57.141.2.7 - - [10/Mar/2026:18:10:12 +0600] "GET /?i=sport-hg-pro-team-camiseta-de-manga-corta-con-fibra-de-carbono-negro-17484655 HTTP/1.1" 200 143329 "-" "meta-externalagent/1.1 (+https://developers.facebook.com/docs/sharing/webmasters/crawler)"
216.73.216.20 - - [10/Mar/2026:18:10:11 +0600] "GET /9055220.htm HTTP/1.1" 404 35756 "-" "Mozilla/5.0 AppleWebKit/537.36 (KHTML, like Gecko; compatible; ClaudeBot/1.0; +claudebot@anthropic.com)"
216.73.216.20 - - [10/Mar/2026:18:10:11 +0600] "GET /67711994.htm HTTP/1.1" 404 35756 "-" "Mozilla/5.0 AppleWebKit/537.36 (KHTML, like Gecko; compatible; ClaudeBot/1.0; +claudebot@anthropic.com)"
216.73.216.20 - - [10/Mar/2026:18:10:12 +0600] "GET /116297798.htm HTTP/1.1" 404 35756 "-" "Mozilla/5.0 AppleWebKit/537.36 (KHTML, like Gecko; compatible; ClaudeBot/1.0; +claudebot@anthropic.com)"
57.141.2.2 - - [10/Mar/2026:18:10:13 +0600] "GET /?i=the-new-society-bermudas-de-belmont-18118955 HTTP/1.1" 200 140278 "-" "meta-externalagent/1.1 (+https://developers.facebook.com/docs/sharing/webmasters/crawler)"
216.73.216.20 - - [10/Mar/2026:18:10:13 +0600] "GET /450763556.htm HTTP/1.1" 404 35756 "-" "Mozilla/5.0 AppleWebKit/537.36 (KHTML, like Gecko; compatible; ClaudeBot/1.0; +claudebot@anthropic.com)"
57.141.2.7 - - [10/Mar/2026:18:10:13 +0600] "GET /?i=cult-creed-vanisia-porcelain-candle-220g-50867958 HTTP/1.1" 200 140790 "-" "meta-externalagent/1.1 (+https://developers.facebook.com/docs/sharing/webmasters/crawler)"
216.73.216.20 - - [10/Mar/2026:18:10:13 +0600] "GET /90592598.htm HTTP/1.1" 404 35756 "-" "Mozilla/5.0 AppleWebKit/537.36 (KHTML, like Gecko; compatible; ClaudeBot/1.0; +claudebot@anthropic.com)"
57.141.2.31 - - [10/Mar/2026:18:10:14 +0600] "GET /?i=garcia-de-pou-mantelines-offset-trama-70-g-m2-30x42-cm-cuatricromia-8127155 HTTP/1.1" 200 144037 "-" "meta-externalagent/1.1 (+https://developers.facebook.com/docs/sharing/webmasters/crawler)"
57.141.2.65 - - [10/Mar/2026:18:10:14 +0600] "GET /?i=tejidos-jvr-edredon-ajustable-modelo-bombay-17944855 HTTP/1.1" 200 141649 "-" "meta-externalagent/1.1 (+https://developers.facebook.com/docs/sharing/webmasters/crawler)"
57.141.2.39 - - [10/Mar/2026:18:10:15 +0600] "GET /?i=charo-ruiz-ibiza-vestido-corto-birdie-2734955 HTTP/1.1" 200 139769 "-" "meta-externalagent/1.1 (+https://developers.facebook.com/docs/sharing/webmasters/crawler)"
57.141.2.69 - - [10/Mar/2026:18:10:15 +0600] "GET /?i=fama-fabre-pinza-depilar-rubis-1ks102-classic-techno-7080055 HTTP/1.1" 200 141191 "-" "meta-externalagent/1.1 (+https://developers.facebook.com/docs/sharing/webmasters/crawler)"
57.141.2.50 - - [10/Mar/2026:18:10:16 +0600] "GET /?i=h-m-sombra-de-ojos-en-lapiz-make-it-easy-coffee-craving-beauty-all-39996155 HTTP/1.1" 200 141757 "-" "meta-externalagent/1.1 (+https://developers.facebook.com/docs/sharing/webmasters/crawler)"
57.141.2.51 - - [10/Mar/2026:18:10:16 +0600] "GET /?i=goods-118548958 HTTP/1.1" 200 141491 "-" "meta-externalagent/1.1 (+https://developers.facebook.com/docs/sharing/webmasters/crawler)"
57.141.2.50 - - [10/Mar/2026:18:10:17 +0600] "GET /?i=nacnic-lamina-acuarela-skyline-de-amsterdam-nacnic-12598955 HTTP/1.1" 200 143622 "-" "meta-externalagent/1.1 (+https://developers.facebook.com/docs/sharing/webmasters/crawler)"
57.141.2.1 - - [10/Mar/2026:18:10:17 +0600] "GET /?i=goods-62627758 HTTP/1.1" 200 143443 "-" "meta-externalagent/1.1 (+https://developers.facebook.com/docs/sharing/webmasters/crawler)"
57.141.2.21 - - [10/Mar/2026:18:10:18 +0600] "GET /?i=wonders-deportivas-rin-negras-23063455 HTTP/1.1" 200 139964 "-" "meta-externalagent/1.1 (+https://developers.facebook.com/docs/sharing/webmasters/crawler)"
57.141.2.23 - - [10/Mar/2026:18:10:18 +0600] "GET /?i=goods-53124758 HTTP/1.1" 200 142826 "-" "meta-externalagent/1.1 (+https://developers.facebook.com/docs/sharing/webmasters/crawler)"
57.141.2.12 - - [10/Mar/2026:18:10:19 +0600] "GET /?i=goods-125784858 HTTP/1.1" 200 143750 "-" "meta-externalagent/1.1 (+https://developers.facebook.com/docs/sharing/webmasters/crawler)"
57.141.2.1 - - [10/Mar/2026:18:10:20 +0600] "GET /?i=goods-770358 HTTP/1.1" 200 3 "-" "meta-externalagent/1.1 (+https://developers.facebook.com/docs/sharing/webmasters/crawler)"
57.141.2.60 - - [10/Mar/2026:18:10:19 +0600] "GET /?i=kenay-home-mesita-de-noche-blanca-2-cajones-a40-9717855 HTTP/1.1" 200 140331 "-" "meta-externalagent/1.1 (+https://developers.facebook.com/docs/sharing/webmasters/crawler)"
57.141.2.17 - - [10/Mar/2026:18:10:20 +0600] "GET /?i=neosens-s3098-montone-black-munson-12784955 HTTP/1.1" 200 141493 "-" "meta-externalagent/1.1 (+https://developers.facebook.com/docs/sharing/webmasters/crawler)"
57.141.2.27 - - [10/Mar/2026:18:10:21 +0600] "GET /?i=conforama-estructura-de-cama-con-cabecero-de-tela-gris-oscuro-120x20-28037355 HTTP/1.1" 200 144223 "-" "meta-externalagent/1.1 (+https://developers.facebook.com/docs/sharing/webmasters/crawler)"
57.141.2.23 - - [10/Mar/2026:18:10:21 +0600] "GET /?i=beliani-mesa-auxiliar-de-jardin-madera-clara-y-blanca-messina-23874155 HTTP/1.1" 200 144301 "-" "meta-externalagent/1.1 (+https://developers.facebook.com/docs/sharing/webmasters/crawler)"
57.141.2.10 - - [10/Mar/2026:18:10:22 +0600] "GET /?i=gold-roses-pendiente-trepador-jardin-de-aire-8395155 HTTP/1.1" 200 141327 "-" "meta-externalagent/1.1 (+https://developers.facebook.com/docs/sharing/webmasters/crawler)"
57.141.2.2 - - [10/Mar/2026:18:10:22 +0600] "GET /?i=fisura-hucha-grande-swearwords-box-7482355 HTTP/1.1" 200 139778 "-" "meta-externalagent/1.1 (+https://developers.facebook.com/docs/sharing/webmasters/crawler)"
57.141.2.14 - - [10/Mar/2026:18:10:23 +0600] "GET /?i=batela-jersey-de-forro-polar-capucha-nina-o-nino-1063355 HTTP/1.1" 200 140740 "-" "meta-externalagent/1.1 (+https://developers.facebook.com/docs/sharing/webmasters/crawler)"
57.141.2.47 - - [10/Mar/2026:18:10:23 +0600] "GET /?i=the-new-society-sobrecoss-de-rodas-18108155 HTTP/1.1" 200 140166 "-" "meta-externalagent/1.1 (+https://developers.facebook.com/docs/sharing/webmasters/crawler)"
57.141.2.56 - - [10/Mar/2026:18:10:24 +0600] "GET /?i=conforama-silla-de-comedor-dkd-home-decor-beige-multicolor-47-x-55-x-28844355 HTTP/1.1" 200 142375 "-" "meta-externalagent/1.1 (+https://developers.facebook.com/docs/sharing/webmasters/crawler)"
57.141.2.18 - - [10/Mar/2026:18:10:24 +0600] "GET /?i=paco-gil-itziar-tulipan-napa-13705555 HTTP/1.1" 200 140907 "-" "meta-externalagent/1.1 (+https://developers.facebook.com/docs/sharing/webmasters/crawler)"
57.141.2.59 - - [10/Mar/2026:18:10:25 +0600] "GET /?i=altonadock-sudadera-hungry-azul-583255 HTTP/1.1" 200 139610 "-" "meta-externalagent/1.1 (+https://developers.facebook.com/docs/sharing/webmasters/crawler)"
57.141.2.36 - - [10/Mar/2026:18:10:25 +0600] "GET /?i=women-secret-panty-moldeador-nude-15-deniers-22559855 HTTP/1.1" 200 142960 "-" "meta-externalagent/1.1 (+https://developers.facebook.com/docs/sharing/webmasters/crawler)"
57.141.2.69 - - [10/Mar/2026:18:10:26 +0600] "GET /?i=nacnic-cartel-de-piano-12388055 HTTP/1.1" 200 140979 "-" "meta-externalagent/1.1 (+https://developers.facebook.com/docs/sharing/webmasters/crawler)"
57.141.2.19 - - [10/Mar/2026:18:10:27 +0600] "GET /?i=goods-121567958 HTTP/1.1" 200 142171 "-" "meta-externalagent/1.1 (+https://developers.facebook.com/docs/sharing/webmasters/crawler)"
57.141.2.69 - - [10/Mar/2026:18:10:27 +0600] "GET /?i=defeet-aireator-6-topo-5083155 HTTP/1.1" 200 140052 "-" "meta-externalagent/1.1 (+https://developers.facebook.com/docs/sharing/webmasters/crawler)"
57.141.2.59 - - [10/Mar/2026:18:10:26 +0600] "GET /?i=live-is-laf-pulsera-morelia-playmobil-10615155 HTTP/1.1" 200 139778 "-" "meta-externalagent/1.1 (+https://developers.facebook.com/docs/sharing/webmasters/crawler)"
57.141.2.59 - - [10/Mar/2026:18:10:28 +0600] "GET /?i=westwing-alfombra-de-interior-exterior-vega-32301355 HTTP/1.1" 200 142689 "-" "meta-externalagent/1.1 (+https://developers.facebook.com/docs/sharing/webmasters/crawler)"
57.141.2.70 - - [10/Mar/2026:18:10:28 +0600] "GET /?i=pulltex-bomba-tapon-refresco-14744455 HTTP/1.1" 200 140872 "-" "meta-externalagent/1.1 (+https://developers.facebook.com/docs/sharing/webmasters/crawler)"
57.141.2.70 - - [10/Mar/2026:18:10:29 +0600] "GET /?i=tiamia-bolso-maternidad-volante-bebe-18352155 HTTP/1.1" 200 139482 "-" "meta-externalagent/1.1 (+https://developers.facebook.com/docs/sharing/webmasters/crawler)"
57.141.2.3 - - [10/Mar/2026:18:10:29 +0600] "GET /?i=neosens-s3270a-restored-skin-ebony-st-laurent-sandal-12784855 HTTP/1.1" 200 142194 "-" "meta-externalagent/1.1 (+https://developers.facebook.com/docs/sharing/webmasters/crawler)"
57.141.2.12 - - [10/Mar/2026:18:10:30 +0600] "GET /?i=fama-fabre-portasecador-espiral-niquel-pared-7136455 HTTP/1.1" 200 140520 "-" "meta-externalagent/1.1 (+https://developers.facebook.com/docs/sharing/webmasters/crawler)"
57.141.2.10 - - [10/Mar/2026:18:10:30 +0600] "GET /?i=wild-pony-top-camisero-estampado-floral-vegetal-22238555 HTTP/1.1" 200 140054 "-" "meta-externalagent/1.1 (+https://developers.facebook.com/docs/sharing/webmasters/crawler)"
57.141.2.8 - - [10/Mar/2026:18:10:31 +0600] "GET /?i=deco-wood-pack-de-2-mesitas-de-noche-de-madera-maciza-con-un-cajon-e-4847355 HTTP/1.1" 200 144643 "-" "meta-externalagent/1.1 (+https://developers.facebook.com/docs/sharing/webmasters/crawler)"
74.7.227.10 - - [10/Mar/2026:18:10:31 +0600] "GET /429392659.phtml HTTP/1.1" 404 36192 "https://www.inprosysltd.com/sitemap-18.xml" "Mozilla/5.0 AppleWebKit/537.36 (KHTML, like Gecko; compatible; GPTBot/1.3; +https://openai.com/gptbot)"
57.141.2.10 - - [10/Mar/2026:18:10:31 +0600] "GET /?i=goods-179320358 HTTP/1.1" 200 145426 "-" "meta-externalagent/1.1 (+https://developers.facebook.com/docs/sharing/webmasters/crawler)"
57.141.2.30 - - [10/Mar/2026:18:10:32 +0600] "GET /?i=goods-158610958 HTTP/1.1" 200 140739 "-" "meta-externalagent/1.1 (+https://developers.facebook.com/docs/sharing/webmasters/crawler)"
57.141.2.59 - - [10/Mar/2026:18:10:32 +0600] "GET /?i=goods-181010858 HTTP/1.1" 200 143417 "-" "meta-externalagent/1.1 (+https://developers.facebook.com/docs/sharing/webmasters/crawler)"
57.141.2.22 - - [10/Mar/2026:18:10:33 +0600] "GET /?i=goods-22185358 HTTP/1.1" 200 141781 "-" "meta-externalagent/1.1 (+https://developers.facebook.com/docs/sharing/webmasters/crawler)"
57.141.2.1 - - [10/Mar/2026:18:10:33 +0600] "GET /?i=goods-146112258 HTTP/1.1" 200 139816 "-" "meta-externalagent/1.1 (+https://developers.facebook.com/docs/sharing/webmasters/crawler)"
57.141.2.39 - - [10/Mar/2026:18:10:34 +0600] "GET /?i=goods-203754358 HTTP/1.1" 200 141872 "-" "meta-externalagent/1.1 (+https://developers.facebook.com/docs/sharing/webmasters/crawler)"
57.141.2.65 - - [10/Mar/2026:18:10:34 +0600] "GET /?i=loewe-elephant-charm-in-felt-and-calfskin-1-colours-34551755 HTTP/1.1" 200 143427 "-" "meta-externalagent/1.1 (+https://developers.facebook.com/docs/sharing/webmasters/crawler)"
57.141.2.33 - - [10/Mar/2026:18:10:35 +0600] "GET /?i=cambrass-pelele-largo-735-1-rosa-1830255 HTTP/1.1" 200 139957 "-" "meta-externalagent/1.1 (+https://developers.facebook.com/docs/sharing/webmasters/crawler)"
57.141.2.42 - - [10/Mar/2026:18:10:35 +0600] "GET /?i=trangoworld-bolsa-mochila-laner-18994055 HTTP/1.1" 200 140787 "-" "meta-externalagent/1.1 (+https://developers.facebook.com/docs/sharing/webmasters/crawler)"
57.141.2.67 - - [10/Mar/2026:18:10:36 +0600] "GET /?i=goods-115489258 HTTP/1.1" 200 141239 "-" "meta-externalagent/1.1 (+https://developers.facebook.com/docs/sharing/webmasters/crawler)"
57.141.2.5 - - [10/Mar/2026:18:10:36 +0600] "GET /?i=conforama-cama-con-somier-de-metal-blanco-180-x-200-cm-antlia-29443555 HTTP/1.1" 200 143273 "-" "meta-externalagent/1.1 (+https://developers.facebook.com/docs/sharing/webmasters/crawler)"
57.141.2.17 - - [10/Mar/2026:18:10:37 +0600] "GET /?i=conforama-taburete-negro-redondo-de-metal-estilo-industrial-de-d35x4-27907255 HTTP/1.1" 200 142444 "-" "meta-externalagent/1.1 (+https://developers.facebook.com/docs/sharing/webmasters/crawler)"
57.141.2.30 - - [10/Mar/2026:18:10:37 +0600] "GET /?i=vin-bouquet-porta-sandwich-xl-azul-19767555 HTTP/1.1" 200 140409 "-" "meta-externalagent/1.1 (+https://developers.facebook.com/docs/sharing/webmasters/crawler)"
57.141.2.50 - - [10/Mar/2026:18:10:38 +0600] "GET /?i=lacor-laminador-de-trufa-10150555 HTTP/1.1" 200 138672 "-" "meta-externalagent/1.1 (+https://developers.facebook.com/docs/sharing/webmasters/crawler)"
57.141.2.34 - - [10/Mar/2026:18:10:38 +0600] "GET /?i=fama-fabre-cepillo-termico-negro-12-o-7137955 HTTP/1.1" 200 140191 "-" "meta-externalagent/1.1 (+https://developers.facebook.com/docs/sharing/webmasters/crawler)"
57.141.2.43 - - [10/Mar/2026:18:10:39 +0600] "GET /?i=goods-180034458 HTTP/1.1" 200 143975 "-" "meta-externalagent/1.1 (+https://developers.facebook.com/docs/sharing/webmasters/crawler)"
57.141.2.3 - - [10/Mar/2026:18:10:39 +0600] "GET /?i=maisons-du-monde-philibert-somier-tapizado-160x200-31145855 HTTP/1.1" 200 142513 "-" "meta-externalagent/1.1 (+https://developers.facebook.com/docs/sharing/webmasters/crawler)"
57.141.2.14 - - [10/Mar/2026:18:10:40 +0600] "GET /?i=women-secret-sujetador-reductor-urban-minimizer-22403255 HTTP/1.1" 200 142071 "-" "meta-externalagent/1.1 (+https://developers.facebook.com/docs/sharing/webmasters/crawler)"
57.141.2.41 - - [10/Mar/2026:18:10:40 +0600] "GET /?i=bricomart-inodoro-taza-roca-victoria-salida-vertical-rimless-29968755 HTTP/1.1" 200 144779 "-" "meta-externalagent/1.1 (+https://developers.facebook.com/docs/sharing/webmasters/crawler)"
57.141.2.1 - - [10/Mar/2026:18:10:41 +0600] "GET /?i=sklum-runder-beistelltisch-o45-cm-aus-mdf-saonara-16918255 HTTP/1.1" 200 142182 "-" "meta-externalagent/1.1 (+https://developers.facebook.com/docs/sharing/webmasters/crawler)"
57.141.2.52 - - [10/Mar/2026:18:10:41 +0600] "GET /?i=creaciones-meng-decoracion-buri-canyas-mimbre-flor-estrella-decoraci-4272855 HTTP/1.1" 200 144377 "-" "meta-externalagent/1.1 (+https://developers.facebook.com/docs/sharing/webmasters/crawler)"
57.141.2.71 - - [10/Mar/2026:18:10:42 +0600] "GET /?i=bobo-choses-b-c-shadow-denim-baggy-pants-1370255 HTTP/1.1" 200 144710 "-" "meta-externalagent/1.1 (+https://developers.facebook.com/docs/sharing/webmasters/crawler)"
57.141.2.58 - - [10/Mar/2026:18:10:42 +0600] "GET /?i=ikea-pokal-vaso-azul-claro-35-cl-23915955 HTTP/1.1" 200 141133 "-" "meta-externalagent/1.1 (+https://developers.facebook.com/docs/sharing/webmasters/crawler)"
57.141.2.31 - - [10/Mar/2026:18:10:43 +0600] "GET /?i=goods-7057258 HTTP/1.1" 200 141576 "-" "meta-externalagent/1.1 (+https://developers.facebook.com/docs/sharing/webmasters/crawler)"
57.141.2.53 - - [10/Mar/2026:18:10:43 +0600] "GET /?i=brava-fabrics-blusa-aloha-asis-percales-tiger-blanca-1496355 HTTP/1.1" 200 140707 "-" "meta-externalagent/1.1 (+https://developers.facebook.com/docs/sharing/webmasters/crawler)"
57.141.2.67 - - [10/Mar/2026:18:10:44 +0600] "GET /?i=new-rock-boot-metallic-m-236-c9-13207755 HTTP/1.1" 200 139828 "-" "meta-externalagent/1.1 (+https://developers.facebook.com/docs/sharing/webmasters/crawler)"
57.141.2.53 - - [10/Mar/2026:18:10:44 +0600] "GET /?i=goods-47211358 HTTP/1.1" 200 141428 "-" "meta-externalagent/1.1 (+https://developers.facebook.com/docs/sharing/webmasters/crawler)"
57.141.2.61 - - [10/Mar/2026:18:10:45 +0600] "GET /?i=maisons-du-monde-axelle-cama-con-4-cajones-y-somier-de-laminas-de-pi-31142455 HTTP/1.1" 200 144684 "-" "meta-externalagent/1.1 (+https://developers.facebook.com/docs/sharing/webmasters/crawler)"
57.141.2.30 - - [10/Mar/2026:18:10:45 +0600] "GET /?i=goods-119311358 HTTP/1.1" 200 143339 "-" "meta-externalagent/1.1 (+https://developers.facebook.com/docs/sharing/webmasters/crawler)"
57.141.2.14 - - [10/Mar/2026:18:10:46 +0600] "GET /?i=goods-30187858 HTTP/1.1" 200 142744 "-" "meta-externalagent/1.1 (+https://developers.facebook.com/docs/sharing/webmasters/crawler)"
57.141.2.71 - - [10/Mar/2026:18:10:46 +0600] "GET /?i=in-side-botas-de-montana-combinadas-9054455 HTTP/1.1" 200 140041 "-" "meta-externalagent/1.1 (+https://developers.facebook.com/docs/sharing/webmasters/crawler)"
57.141.2.24 - - [10/Mar/2026:18:10:47 +0600] "GET /?i=nacnic-set-de-4-laminas-de-animales-infantiles-con-gafas-3d-12229755 HTTP/1.1" 200 144173 "-" "meta-externalagent/1.1 (+https://developers.facebook.com/docs/sharing/webmasters/crawler)"
57.141.2.25 - - [10/Mar/2026:18:10:47 +0600] "GET /?i=h-m-toalla-de-bano-en-tejido-rizado-topo-claro-home-40070155 HTTP/1.1" 200 140914 "-" "meta-externalagent/1.1 (+https://developers.facebook.com/docs/sharing/webmasters/crawler)"
57.141.2.26 - - [10/Mar/2026:18:10:48 +0600] "GET /?i=goods-210899658 HTTP/1.1" 200 140142 "-" "meta-externalagent/1.1 (+https://developers.facebook.com/docs/sharing/webmasters/crawler)"
57.141.2.62 - - [10/Mar/2026:18:10:48 +0600] "GET /?i=goods-204455558 HTTP/1.1" 200 140196 "-" "meta-externalagent/1.1 (+https://developers.facebook.com/docs/sharing/webmasters/crawler)"
216.73.216.20 - - [10/Mar/2026:18:10:48 +0600] "GET /351612908.htm HTTP/1.1" 404 35756 "-" "Mozilla/5.0 AppleWebKit/537.36 (KHTML, like Gecko; compatible; ClaudeBot/1.0; +claudebot@anthropic.com)"
57.141.2.62 - - [10/Mar/2026:18:10:49 +0600] "GET /?i=eme-off-pressure-ebony-oversized-hoodie-6104155 HTTP/1.1" 200 139642 "-" "meta-externalagent/1.1 (+https://developers.facebook.com/docs/sharing/webmasters/crawler)"
216.73.216.20 - - [10/Mar/2026:18:10:48 +0600] "GET /48441464.htm HTTP/1.1" 404 35756 "-" "Mozilla/5.0 AppleWebKit/537.36 (KHTML, like Gecko; compatible; ClaudeBot/1.0; +claudebot@anthropic.com)"
216.73.216.20 - - [10/Mar/2026:18:10:49 +0600] "GET /181799000.htm HTTP/1.1" 404 35756 "-" "Mozilla/5.0 AppleWebKit/537.36 (KHTML, like Gecko; compatible; ClaudeBot/1.0; +claudebot@anthropic.com)"
57.141.2.24 - - [10/Mar/2026:18:10:49 +0600] "GET /?i=oakley-gafas-de-sol-holbrook-xl-gaming-collection-en-prizm-gaming-2-39883755 HTTP/1.1" 200 143682 "-" "meta-externalagent/1.1 (+https://developers.facebook.com/docs/sharing/webmasters/crawler)"
216.73.216.20 - - [10/Mar/2026:18:10:49 +0600] "GET /76669010.htm HTTP/1.1" 404 35756 "-" "Mozilla/5.0 AppleWebKit/537.36 (KHTML, like Gecko; compatible; ClaudeBot/1.0; +claudebot@anthropic.com)"
216.73.216.20 - - [10/Mar/2026:18:10:49 +0600] "GET /21826538.htm HTTP/1.1" 404 35756 "-" "Mozilla/5.0 AppleWebKit/537.36 (KHTML, like Gecko; compatible; ClaudeBot/1.0; +claudebot@anthropic.com)"
216.73.216.20 - - [10/Mar/2026:18:10:49 +0600] "GET /181950218.htm HTTP/1.1" 404 35756 "-" "Mozilla/5.0 AppleWebKit/537.36 (KHTML, like Gecko; compatible; ClaudeBot/1.0; +claudebot@anthropic.com)"
57.141.2.69 - - [10/Mar/2026:18:10:50 +0600] "GET /?i=goods-53966758 HTTP/1.1" 200 141027 "-" "meta-externalagent/1.1 (+https://developers.facebook.com/docs/sharing/webmasters/crawler)"
216.73.216.20 - - [10/Mar/2026:18:10:50 +0600] "GET /64093922.htm HTTP/1.1" 404 35756 "-" "Mozilla/5.0 AppleWebKit/537.36 (KHTML, like Gecko; compatible; ClaudeBot/1.0; +claudebot@anthropic.com)"
57.141.2.27 - - [10/Mar/2026:18:10:51 +0600] "GET /?i=pedro-del-hierro-camisa-basica-regular-fit-con-lino-14134855 HTTP/1.1" 200 142285 "-" "meta-externalagent/1.1 (+https://developers.facebook.com/docs/sharing/webmasters/crawler)"
57.141.2.21 - - [10/Mar/2026:18:10:51 +0600] "GET /?i=geox-macchia-bebe-b164pc03222c8006-zapatillas-con-correa-36828355 HTTP/1.1" 200 141814 "-" "meta-externalagent/1.1 (+https://developers.facebook.com/docs/sharing/webmasters/crawler)"
57.141.2.28 - - [10/Mar/2026:18:10:52 +0600] "GET /?i=goods-59969958 HTTP/1.1" 200 141534 "-" "meta-externalagent/1.1 (+https://developers.facebook.com/docs/sharing/webmasters/crawler)"
216.73.216.20 - - [10/Mar/2026:18:10:51 +0600] "GET /273214280.htm HTTP/1.1" 404 35756 "-" "Mozilla/5.0 AppleWebKit/537.36 (KHTML, like Gecko; compatible; ClaudeBot/1.0; +claudebot@anthropic.com)"
216.73.216.20 - - [10/Mar/2026:18:10:51 +0600] "GET /208639730.htm HTTP/1.1" 404 35756 "-" "Mozilla/5.0 AppleWebKit/537.36 (KHTML, like Gecko; compatible; ClaudeBot/1.0; +claudebot@anthropic.com)"
57.141.2.19 - - [10/Mar/2026:18:10:52 +0600] "GET /?i=system-action-falda-con-detalle-fruncido-lateral-17813955 HTTP/1.1" 200 140235 "-" "meta-externalagent/1.1 (+https://developers.facebook.com/docs/sharing/webmasters/crawler)"
216.73.216.20 - - [10/Mar/2026:18:10:51 +0600] "GET /213613742.htm HTTP/1.1" 404 35756 "-" "Mozilla/5.0 AppleWebKit/537.36 (KHTML, like Gecko; compatible; ClaudeBot/1.0; +claudebot@anthropic.com)"
216.73.216.20 - - [10/Mar/2026:18:10:51 +0600] "GET /333272192.htm HTTP/1.1" 404 35756 "-" "Mozilla/5.0 AppleWebKit/537.36 (KHTML, like Gecko; compatible; ClaudeBot/1.0; +claudebot@anthropic.com)"
57.141.2.34 - - [10/Mar/2026:18:10:52 +0600] "GET /?i=valentino-sandalias-ladycrush-de-charol-con-cristales-y-tacon-de-85-34925555 HTTP/1.1" 200 143920 "-" "meta-externalagent/1.1 (+https://developers.facebook.com/docs/sharing/webmasters/crawler)"
216.73.216.20 - - [10/Mar/2026:18:10:52 +0600] "GET /365400530.htm HTTP/1.1" 404 35756 "-" "Mozilla/5.0 AppleWebKit/537.36 (KHTML, like Gecko; compatible; ClaudeBot/1.0; +claudebot@anthropic.com)"
216.73.216.20 - - [10/Mar/2026:18:10:52 +0600] "GET /75631502.htm HTTP/1.1" 404 35756 "-" "Mozilla/5.0 AppleWebKit/537.36 (KHTML, like Gecko; compatible; ClaudeBot/1.0; +claudebot@anthropic.com)"
57.141.2.34 - - [10/Mar/2026:18:10:53 +0600] "GET /?i=nacnic-conjunto-de-4-marcos-dorados-con-filigrana-para-fotos-y-dibuj-11765055 HTTP/1.1" 200 144224 "-" "meta-externalagent/1.1 (+https://developers.facebook.com/docs/sharing/webmasters/crawler)"
216.73.216.20 - - [10/Mar/2026:18:10:53 +0600] "GET /72860288.htm HTTP/1.1" 404 35756 "-" "Mozilla/5.0 AppleWebKit/537.36 (KHTML, like Gecko; compatible; ClaudeBot/1.0; +claudebot@anthropic.com)"
216.73.216.20 - - [10/Mar/2026:18:10:53 +0600] "GET /389178398.htm HTTP/1.1" 404 35756 "-" "Mozilla/5.0 AppleWebKit/537.36 (KHTML, like Gecko; compatible; ClaudeBot/1.0; +claudebot@anthropic.com)"
57.141.2.15 - - [10/Mar/2026:18:10:54 +0600] "GET /?i=dcasa-aceitera-de-spray-cristal-para-mesa-de-cocina-de-250-ml-4662155 HTTP/1.1" 200 143067 "-" "meta-externalagent/1.1 (+https://developers.facebook.com/docs/sharing/webmasters/crawler)"
216.73.216.20 - - [10/Mar/2026:18:10:54 +0600] "GET /86941232.htm HTTP/1.1" 404 35756 "-" "Mozilla/5.0 AppleWebKit/537.36 (KHTML, like Gecko; compatible; ClaudeBot/1.0; +claudebot@anthropic.com)"
216.73.216.20 - - [10/Mar/2026:18:10:54 +0600] "GET /34113140.htm HTTP/1.1" 404 35756 "-" "Mozilla/5.0 AppleWebKit/537.36 (KHTML, like Gecko; compatible; ClaudeBot/1.0; +claudebot@anthropic.com)"
57.141.2.31 - - [10/Mar/2026:18:10:54 +0600] "GET /?i=wala-camisetas-manga-corta-new-balance-new-balance-relaxed-ad-t-shir-22048255 HTTP/1.1" 200 142401 "-" "meta-externalagent/1.1 (+https://developers.facebook.com/docs/sharing/webmasters/crawler)"
57.141.2.36 - - [10/Mar/2026:18:10:54 +0600] "GET /?i=wala-rinoneras-the-north-face-jester-crossbody-21348955 HTTP/1.1" 200 141933 "-" "meta-externalagent/1.1 (+https://developers.facebook.com/docs/sharing/webmasters/crawler)"
57.141.2.34 - - [10/Mar/2026:18:10:55 +0600] "GET /?i=sport-hg-c-xtrem-camiseta-femenina-de-manga-larga-con-fibra-de-carbo-17475755 HTTP/1.1" 200 142252 "-" "meta-externalagent/1.1 (+https://developers.facebook.com/docs/sharing/webmasters/crawler)"
57.141.2.59 - - [10/Mar/2026:18:10:55 +0600] "GET /?i=eurostil-dousse-n-5-8-castano-claro-marron-6404655 HTTP/1.1" 200 140597 "-" "meta-externalagent/1.1 (+https://developers.facebook.com/docs/sharing/webmasters/crawler)"
57.141.2.59 - - [10/Mar/2026:18:10:56 +0600] "GET /?i=wala-zapatillas-under-armour-ua-bps-surge-4-ac-19913055 HTTP/1.1" 200 141952 "-" "meta-externalagent/1.1 (+https://developers.facebook.com/docs/sharing/webmasters/crawler)"
216.73.216.20 - - [10/Mar/2026:18:10:55 +0600] "GET /435928940.htm HTTP/1.1" 404 35756 "-" "Mozilla/5.0 AppleWebKit/537.36 (KHTML, like Gecko; compatible; ClaudeBot/1.0; +claudebot@anthropic.com)"
216.73.216.20 - - [10/Mar/2026:18:10:55 +0600] "GET /411393308.htm HTTP/1.1" 404 35756 "-" "Mozilla/5.0 AppleWebKit/537.36 (KHTML, like Gecko; compatible; ClaudeBot/1.0; +claudebot@anthropic.com)"
216.73.216.20 - - [10/Mar/2026:18:10:55 +0600] "GET /347696492.htm HTTP/1.1" 404 35756 "-" "Mozilla/5.0 AppleWebKit/537.36 (KHTML, like Gecko; compatible; ClaudeBot/1.0; +claudebot@anthropic.com)"
216.73.216.20 - - [10/Mar/2026:18:10:56 +0600] "GET /315344768.htm HTTP/1.1" 404 35756 "-" "Mozilla/5.0 AppleWebKit/537.36 (KHTML, like Gecko; compatible; ClaudeBot/1.0; +claudebot@anthropic.com)"
57.141.2.12 - - [10/Mar/2026:18:10:56 +0600] "GET /?i=lola-casademunt-cinturon-ribete-dorado-10895955 HTTP/1.1" 200 139865 "-" "meta-externalagent/1.1 (+https://developers.facebook.com/docs/sharing/webmasters/crawler)"
216.73.216.20 - - [10/Mar/2026:18:10:56 +0600] "GET /48696470.htm HTTP/1.1" 404 35756 "-" "Mozilla/5.0 AppleWebKit/537.36 (KHTML, like Gecko; compatible; ClaudeBot/1.0; +claudebot@anthropic.com)"
57.141.2.17 - - [10/Mar/2026:18:10:57 +0600] "GET /?i=conforama-mesa-de-bar-y-bistro-avesta-altura-ajustable-75-115-cm-o-6-28705455 HTTP/1.1" 200 144075 "-" "meta-externalagent/1.1 (+https://developers.facebook.com/docs/sharing/webmasters/crawler)"
216.73.216.20 - - [10/Mar/2026:18:10:56 +0600] "GET /268506248.htm HTTP/1.1" 404 35756 "-" "Mozilla/5.0 AppleWebKit/537.36 (KHTML, like Gecko; compatible; ClaudeBot/1.0; +claudebot@anthropic.com)"
57.141.2.56 - - [10/Mar/2026:18:10:57 +0600] "GET /?i=goods-218137258 HTTP/1.1" 200 140815 "-" "meta-externalagent/1.1 (+https://developers.facebook.com/docs/sharing/webmasters/crawler)"
57.141.2.51 - - [10/Mar/2026:18:10:58 +0600] "GET /?i=loewe-small-squeeze-bag-in-mellow-nappa-lambskin-11-colours-34434155 HTTP/1.1" 200 144081 "-" "meta-externalagent/1.1 (+https://developers.facebook.com/docs/sharing/webmasters/crawler)"
57.141.2.3 - - [10/Mar/2026:18:10:58 +0600] "GET /?i=conforama-hamaca-eden-beige-28524055 HTTP/1.1" 200 141705 "-" "meta-externalagent/1.1 (+https://developers.facebook.com/docs/sharing/webmasters/crawler)"
